-- https://www.phpmyadmin.net/
--




--
-- Database: `dev_portal`
--

-- --------------------------------------------------------

--
-- Table structure for table `p_auditoria`
--

CREATE TABLE `p_auditoria` (
  `id` int(11) NOT NULL,
  `usuario` varchar(45) CHARACTER SET latin1 NOT NULL,
  `data_hora` timestamp NOT NULL DEFAULT CURRENT_TIMESTAMP,
  `operacao` varchar(45) CHARACTER SET latin1 NOT NULL,
  `query` text CHARACTER SET latin1 NOT NULL,
  `observacao` text CHARACTER SET latin1 NOT NULL,
  `ip` varchar(15) CHARACTER SET latin1 NOT NULL DEFAULT '0.0.0.0'
) ENGINE=InnoDB DEFAULT CHARSET=utf8;

-- --------------------------------------------------------

--
-- Table structure for table `p_categorias`
--

CREATE TABLE `p_categorias` (
  `id` int(11) NOT NULL,
  `titulo` varchar(100) NOT NULL,
  `descricao` text NOT NULL,
  `slug` varchar(100) NOT NULL,
  `ativo` tinyint(1) NOT NULL DEFAULT '0'
) ENGINE=InnoDB DEFAULT CHARSET=utf8;

--
-- Dumping data for table `p_categorias`
--

INSERT INTO `p_categorias` (`id`, `titulo`, `descricao`, `slug`, `ativo`) VALUES
(1, 'Sem Categoria', '<p>Categoria padrão</p>\n', 'sem-categoria', 1),
(2, 'Artigos', '<p>Quis aute iure reprehenderit in voluptate velit esse. At nos hinc posthac, sitientis piros Afros. Me non paenitet nullum festiviorem excogitasse ad hoc. Curabitur est gravida et libero vitae dictum. Cras mattis iudicium purus sit amet fermentum. Cum ceteris in veneratione tui montes, nascetur mus.<br />\nGallia est omnis divisa in partes tres, quarum. Fabio vel iudice vincam, sunt in culpa qui officia. Contra legem facit qui id facit quod lex prohibet. Quid securi etiam tamquam eu fugiat nulla pariatur. Non equidem invideo, miror magis posuere velit aliquet. Lorem ipsum dolor sit amet, consectetur adipisici elit, sed eiusmod tempor incidunt ut labore et dolore magna aliqua.<br />\nMercedem aut nummos unde unde extricat, amaras. Nihilne te nocturnum praesidium Palati, nihil urbis vigiliae. Excepteur sint obcaecat cupiditat non proident culpa. Nec dubitamus multa iter quae et nos invenerat. Paullum deliquit, ponderibus modulisque suis ratio utitur.<br />\nFictum, deserunt mollit anim laborum astutumque! Tu quoque, Brute, fili mi, nihil timor populi, nihil! Magna pars studiorum, prodita quaerimus. Morbi fringilla convallis sapien, id pulvinar odio volutpat. Quo usque tandem abutere, Catilina, patientia nostra?<br />\nSalutantibus vitae elit libero, a pharetra augue. Quisque placerat facilisis egestas cillum dolore. Phasellus laoreet lorem vel dolor tempus vehicula. Petierunt uti sibi concilium totius Galliae in diem certam indicere. Plura mihi bona sunt, inclinet, amari petere vellent.</p>\n', 'artigos', 0);

-- --------------------------------------------------------

--
-- Table structure for table `p_categorias_link`
--

CREATE TABLE `p_categorias_link` (
  `id` int(11) NOT NULL,
  `catid` int(11) NOT NULL,
  `pagid` int(11) NOT NULL
) ENGINE=InnoDB DEFAULT CHARSET=utf8;

--
-- Dumping data for table `p_categorias_link`
--

INSERT INTO `p_categorias_link` (`id`, `catid`, `pagid`) VALUES
(43, 2, 53),
(44, 1, 54),
(45, 2, 55),
(46, 2, 56),
(47, 2, 57);

-- --------------------------------------------------------

--
-- Table structure for table `p_chat_params`
--

CREATE TABLE `p_chat_params` (
  `id` int(11) NOT NULL,
  `user_id` int(11) UNSIGNED NOT NULL,
  `request_sound` varchar(100) NOT NULL,
  `message_sound` varchar(100) NOT NULL
) ENGINE=InnoDB DEFAULT CHARSET=utf8;

--
-- Dumping data for table `p_chat_params`
--

INSERT INTO `p_chat_params` (`id`, `user_id`, `request_sound`, `message_sound`) VALUES
(1, 1, 'strum', 'facebook');

-- --------------------------------------------------------

--
-- Table structure for table `p_componentes`
--

CREATE TABLE `p_componentes` (
  `id` int(11) NOT NULL,
  `titulo` varchar(255) CHARACTER SET latin1 NOT NULL,
  `descricao` varchar(156) NOT NULL,
  `slug` varchar(50) CHARACTER SET latin1 NOT NULL
) ENGINE=InnoDB DEFAULT CHARSET=utf8;

--
-- Dumping data for table `p_componentes`
--

INSERT INTO `p_componentes` (`id`, `titulo`, `descricao`, `slug`) VALUES
(30, 'Painel do Usuário', 'Controle de usuários', 'user'),
(31, 'Cadastrar', 'Cadastro de usuários', 'user/register'),
(32, 'Login', 'Login de usuários', 'user/login'),
(35, 'Logout', 'Logout de usuários', 'user/logout'),
(40, 'Produtos', 'Lista de items', 'products'),
(41, 'Finalizar compra', 'Finalizar compra', 'payment/checkout'),
(45, 'Processar Pagamentos', 'Processar Pagamentos', 'payment'),
(46, 'Perfil do Operador', 'Exibe o perfil do operador', 'operators/profile'),
(47, 'Atendentes', 'Exibe todos os atendentes', 'operators'),
(48, 'Fale Conosco', 'Formulario de contato', 'contact'),
(49, 'FAQ', 'Perguntas Frequentes', 'faq'),
(50, 'Landing', 'Landing Pages', 'landing'),
(51, 'Landing Pages', 'Exibe uma landing page', 'landing/oraculos'),
(60, 'Links do Site', 'Exibe uma página com todos os links públicos do site', 'sitelinks'),
(62, 'Especialidades', 'Lista todas as especialidades', 'operators/skills'),
(63, 'Trabalhe Conosco', 'Formulário de cadastro de operadores', 'user/jobs'),
(64, 'Assuntos', 'Lista todas os assuntos em que os operadores são especializados', 'operators/subjects');

-- --------------------------------------------------------

--
-- Table structure for table `p_especialidades`
--

CREATE TABLE `p_especialidades` (
  `id` int(11) NOT NULL,
  `titulo` varchar(50) NOT NULL,
  `descricao` varchar(156) NOT NULL,
  `conteudo` text NOT NULL,
  `slug` varchar(50) NOT NULL
) ENGINE=InnoDB DEFAULT CHARSET=utf8;

-- --------------------------------------------------------

--
-- Table structure for table `p_especialidades_link`
--

CREATE TABLE `p_especialidades_link` (
  `id` int(11) NOT NULL,
  `esid` int(11) NOT NULL,
  `opid` int(11) NOT NULL
) ENGINE=InnoDB DEFAULT CHARSET=utf8;

-- --------------------------------------------------------

--
-- Table structure for table `p_faq`
--

CREATE TABLE `p_faq` (
  `id` int(11) UNSIGNED NOT NULL,
  `category_id` int(11) UNSIGNED NOT NULL,
  `title` varchar(100) NOT NULL,
  `description` text NOT NULL,
  `sort` int(11) UNSIGNED NOT NULL
) ENGINE=InnoDB DEFAULT CHARSET=utf8;

--
-- Dumping data for table `p_faq`
--

INSERT INTO `p_faq` (`id`, `category_id`, `title`, `description`, `sort`) VALUES
(9, 4, 'Item 1', '<p><img alt="" width="120" height="120" src="http://padrao.com/images/site/female_blank.jpg" /></p><p>Etiam habebis sem dicantur magna mollis euismod. Integer legentibus erat a ante historiarum dapibus. Quam temere in vitiis, legem sancimus haerentia. Quae vero auctorem tractata ab fiducia dicuntur. Quis aute iure reprehenderit in voluptate velit esse.</p>', 3),
(10, 4, 'Item 2', '<p>Etiam habebis sem dicantur magna mollis euismod. Integer legentibus erat a ante historiarum dapibus. Quam temere in vitiis, legem sancimus haerentia. Quae vero auctorem tractata ab fiducia dicuntur. Quis aute iure reprehenderit in voluptate velit esse.</p>', 5),
(11, 1, 'Item 3', 'Etiam habebis sem dicantur magna mollis euismod. Quo usque tandem abutere, Catilina, patientia nostra? Idque Caesaris facere voluntate liceret: sese habere.\r\nTityre, tu patulae recubans sub tegmine fagi dolor. Cum sociis natoque penatibus et magnis dis parturient. Pellentesque habitant morbi tristique senectus et netus. Quisque ut dolor gravida, placerat libero vel, euismod.\r\nQuam temere in vitiis, legem sancimus haerentia. Paullum deliquit, ponderibus modulisque suis ratio utitur. Quam diu etiam furor iste tuus nos eludet? Unam incolunt Belgae, aliam Aquitani, tertiam. Quid securi etiam tamquam eu fugiat nulla pariatur. At nos hinc posthac, sitientis piros Afros.\r\nGallia est omnis divisa in partes tres, quarum. Cras mattis iudicium purus sit amet fermentum. Contra legem facit qui id facit quod lex prohibet. Quae vero auctorem tractata ab fiducia dicuntur. Me non paenitet nullum festiviorem excogitasse ad hoc. Curabitur blandit tempus ardua ridiculus sed magna.\r\nNon equidem invideo, miror magis posuere velit aliquet. Ambitioni dedisse scripsisse iudicaretur. Integer legentibus erat a ante historiarum dapibus.\r\n', 3),
(12, 1, 'Item 4', '<p>Etiam habebis sem dicantur magna mollis euismod. Quo usque tandem abutere, Catilina, patientia nostra? Idque Caesaris facere voluntate liceret: sese habere.<br />\r\nTityre, tu patulae recubans sub tegmine fagi dolor. Cum sociis natoque penatibus et magnis dis parturient. Pellentesque habitant morbi tristique senectus et netus. Quisque ut dolor gravida, placerat libero vel, euismod.<br />\r\nQuam temere in vitiis, legem sancimus haerentia. Paullum deliquit, ponderibus modulisque suis ratio utitur. Quam diu etiam furor iste tuus nos eludet? Unam incolunt Belgae, aliam Aquitani, tertiam. Quid securi etiam tamquam eu fugiat nulla pariatur. At nos hinc posthac, sitientis piros Afros.<br />\r\nGallia est omnis divisa in partes tres, quarum. Cras mattis iudicium purus sit amet fermentum. Contra legem facit qui id facit quod lex prohibet. Quae vero auctorem tractata ab fiducia dicuntur. Me non paenitet nullum festiviorem excogitasse ad hoc. Curabitur blandit tempus ardua ridiculus sed magna.<br />\r\nNon equidem invideo, miror magis posuere velit aliquet. Ambitioni dedisse scripsisse iudicaretur. Integer legentibus erat a ante historiarum dapibus.</p>\r\n', 1);

-- --------------------------------------------------------

--
-- Table structure for table `p_faq_categories`
--

CREATE TABLE `p_faq_categories` (
  `id` int(11) UNSIGNED NOT NULL,
  `title` varchar(100) NOT NULL,
  `sort` int(2) NOT NULL
) ENGINE=InnoDB DEFAULT CHARSET=utf8;

--
-- Dumping data for table `p_faq_categories`
--

INSERT INTO `p_faq_categories` (`id`, `title`, `sort`) VALUES
(1, 'Problemas', 3),
(3, 'Item Legal', 4),
(4, 'Financeiro', 2),
(5, 'Parceria', 1);

-- --------------------------------------------------------

--
-- Table structure for table `p_groups`
--

CREATE TABLE `p_groups` (
  `id` mediumint(8) UNSIGNED NOT NULL,
  `name` varchar(20) NOT NULL,
  `description` varchar(100) NOT NULL
) ENGINE=InnoDB DEFAULT CHARSET=utf8;

--
-- Dumping data for table `p_groups`
--

INSERT INTO `p_groups` (`id`, `name`, `description`) VALUES
(1, 'admin', 'Administrator'),
(2, 'members', 'General User'),
(3, 'operators', 'Operators'),
(4, 'premium', 'Premium'),
(5, 'paypal_blocked', 'Bloquear Paypal'),
(6, 'creditcard_blocked', 'Bloquear Cartão de Crédito'),
(7, 'pagseguro_blocked', 'Bloquear Pagseguro');

-- --------------------------------------------------------

--
-- Table structure for table `p_horoscopo`
--

CREATE TABLE `p_horoscopo` (
  `id` int(11) NOT NULL,
  `titulo` varchar(255) NOT NULL,
  `slug` varchar(255) NOT NULL,
  `tipo` varchar(50) NOT NULL,
  `conteudo` longtext NOT NULL,
  `data_criacao` datetime NOT NULL,
  `data_exibicao` datetime NOT NULL
) ENGINE=InnoDB DEFAULT CHARSET=utf8;

-- --------------------------------------------------------

--
-- Table structure for table `p_landing`
--

CREATE TABLE `p_landing` (
  `id` int(11) UNSIGNED NOT NULL,
  `title` varchar(50) NOT NULL,
  `description` varchar(160) NOT NULL,
  `content` text NOT NULL,
  `left_menu` text,
  `slug` varchar(50) NOT NULL,
  `image` varchar(255) DEFAULT NULL
) ENGINE=InnoDB DEFAULT CHARSET=utf8;

--
-- Dumping data for table `p_landing`
--

INSERT INTO `p_landing` (`id`, `title`, `description`, `content`, `left_menu`, `slug`, `image`) VALUES
(1, 'Tarot Online', 'Cum ceteris in veneratione tui montes, nascetur mus. Lorem ipsum dolor sit amet, consectetur adipisici elit, sed eiusmod tempor incidunt ut labore et dolore mag', '<p>Quo usque tandem abutere, Catilina, patientia nostra? Ab illo tempore, ab est sed immemorabili. Phasellus laoreet lorem vel dolor tempus vehicula. Salutantibus vitae elit libero, a pharetra augue. Quid securi etiam tamquam eu fugiat nulla pariatur. Etiam habebis sem dicantur magna mollis euismod.<br />\r\nDonec sed odio operae, eu vulputate felis rhoncus. Cum ceteris in veneratione tui montes, nascetur mus. Quis aute iure reprehenderit in voluptate velit esse. Me non paenitet nullum festiviorem excogitasse ad hoc. Pellentesque habitant morbi tristique senectus et netus. Quam diu etiam furor iste tuus nos eludet?<br />\r\nExcepteur sint obcaecat cupiditat non proident culpa. Quisque placerat facilisis egestas cillum dolore. Nec dubitamus multa iter quae et nos invenerat. Ambitioni dedisse scripsisse iudicaretur. A communi observantia non est recedendum.<br />\r\nTu quoque, Brute, fili mi, nihil timor populi, nihil! Quam temere in vitiis, legem sancimus haerentia. Magna pars studiorum, prodita quaerimus. Cum sociis natoque penatibus et magnis dis parturient. Nihil hic munitissimus habendi senatus locus, nihil horum?<br />\r\nPaullum deliquit, ponderibus modulisque suis ratio utitur. Ullamco laboris nisi ut aliquid ex ea commodi consequat. Gallia est omnis divisa in partes tres, quarum!!!</p>\r\n', NULL, 'tarot-online', '/images/site/906529_645975782142341_885598510554019713_o.jpg'),
(3, 'Sensitivos Online', 'Cum ceteris in veneratione tui montes, nascetur mus. At nos hinc posthac, sitientis piros Afros. Sed haec quis possit intrepidus aestimare tellus. Ullamco labor', '<p><img alt="Tarot Online" class="ui image" height="110" src="/images/site/906529_645975782142341_885598510554019713_o.jpg" style="float:left" width="167" />Cum ceteris in veneratione tui montes, nascetur mus. At nos hinc posthac, sitientis piros Afros. Sed haec quis possit intrepidus aestimare tellus. Ullamco laboris nisi ut aliquid ex ea commodi consequat. Quid securi etiam tamquam eu fugiat nulla pariatur.<br />\r\nCum sociis natoque penatibus et magnis dis parturient. Quisque placerat facilisis egestas cillum dolore. Hi omnes lingua, institutis, legibus inter se differunt. Mercedem aut nummos unde unde extricat, amaras. Ab illo tempore, ab est sed immemorabili.<br />\r\nA communi observantia non est recedendum. Nec dubitamus multa iter quae et nos invenerat. Tu quoque, Brute, fili mi, nihil timor populi, nihil!<br />\r\nPellentesque habitant morbi tristique senectus et netus. Quo usque tandem abutere, Catilina, patientia nostra? Phasellus laoreet lorem vel dolor tempus vehicula.<br />\r\nMorbi fringilla convallis sapien, id pulvinar odio volutpat. Nihilne te nocturnum praesidium Palati, nihil urbis vigiliae. Cras mattis iudicium purus sit amet fermentum. Etiam habebis sem dicantur magna mollis euismod. Fictum, deserunt mollit anim laborum astutumque! Donec sed odio operae, eu vulputate felis rhoncus.</p>\r\n', NULL, 'sensitivos-online', ''),
(4, 'Tarot do Amor', 'Nec dubitamus multa iter quae et nos invenerat. Paullum deliquit, ponderibus modulisque suis ratio utitur. Donec sed odio operae, eu vulputate felis rhoncus. Fi', '<p>Nec dubitamus multa iter quae et nos invenerat. Paullum deliquit, ponderibus modulisque suis ratio utitur. Donec sed odio operae, eu vulputate felis rhoncus. Fictum, deserunt mollit anim laborum astutumque!<br />\r\nLorem ipsum dolor sit amet, consectetur adipisici elit, sed eiusmod tempor incidunt ut labore et dolore magna aliqua. Quae vero auctorem tractata ab fiducia dicuntur. A communi observantia non est recedendum. Praeterea iter est quasdam res quas ex communi. Morbi fringilla convallis sapien, id pulvinar odio volutpat.<br />\r\nMercedem aut nummos unde unde extricat, amaras. Cum ceteris in veneratione tui montes, nascetur mus. Vivamus sagittis lacus vel augue laoreet rutrum faucibus. Quid securi etiam tamquam eu fugiat nulla pariatur. Quisque placerat facilisis egestas cillum dolore. Gallia est omnis divisa in partes tres, quarum.<br />\r\nUnam incolunt Belgae, aliam Aquitani, tertiam. Quisque ut dolor gravida, placerat libero vel, euismod. Ambitioni dedisse scripsisse iudicaretur.<br />\r\nQui ipsorum lingua Celtae, nostra Galli appellantur. Salutantibus vitae elit libero, a pharetra augue. Nihil hic munitissimus habendi senatus locus, nihil horum? Me non paenitet nullum festiviorem excogitasse ad hoc. Curabitur est gravida et libero vitae dictum. Quam diu etiam furor iste tuus nos eludet?</p>\r\n', NULL, 'tarot-do-amor', '');

-- --------------------------------------------------------

--
-- Table structure for table `p_login_attempts`
--

CREATE TABLE `p_login_attempts` (
  `id` int(11) UNSIGNED NOT NULL,
  `ip_address` varchar(15) NOT NULL,
  `login` varchar(100) NOT NULL,
  `time` int(11) UNSIGNED DEFAULT NULL
) ENGINE=InnoDB DEFAULT CHARSET=utf8;

-- --------------------------------------------------------

--
-- Table structure for table `p_menu`
--

CREATE TABLE `p_menu` (
  `id` int(11) NOT NULL,
  `titulo` varchar(50) CHARACTER SET latin1 NOT NULL,
  `slug` varchar(255) CHARACTER SET latin1 NOT NULL,
  `rota_id` int(11) NOT NULL,
  `idpai` int(11) DEFAULT '0',
  `grupo_id` int(11) DEFAULT '0',
  `ativo` tinyint(1) NOT NULL DEFAULT '0',
  `tipo` varchar(25) CHARACTER SET latin1 NOT NULL,
  `ordem` int(11) NOT NULL,
  `logged` tinyint(1) NOT NULL DEFAULT '0',
  `pre_icon` varchar(50) DEFAULT NULL,
  `pos_icon` varchar(50) DEFAULT NULL
) ENGINE=InnoDB DEFAULT CHARSET=utf8;

--
-- Dumping data for table `p_menu`
--

INSERT INTO `p_menu` (`id`, `titulo`, `slug`, `rota_id`, `idpai`, `grupo_id`, `ativo`, `tipo`, `ordem`, `logged`, `pre_icon`, `pos_icon`) VALUES
(55, 'Inicio', '1', 1, 0, 1, 1, 'homepage', 1, 0, NULL, NULL),
(58, 'Exemplo', '64', 66, 0, 2, 1, 'componente', 1, 0, NULL, NULL),
(61, 'Cum', '68', 68, 0, 3, 1, 'artigo', 1, 0, NULL, NULL),
(63, 'Atendentes', '65', 65, 0, 1, 1, 'componente', 4, 0, NULL, NULL),
(103, 'Cadastrar-se', '70', 71, 0, 4, 1, 'componente', 3, 0, 'signup', NULL),
(107, 'Login', '72', 72, 0, 4, 1, 'componente', 4, 0, 'unlock alternate', NULL),
(108, 'Sair', '75', 75, 0, 4, 1, 'componente', 5, 0, 'sign out', NULL),
(109, 'Minha Conta', '70', 70, 0, 4, 1, 'componente', 2, 0, 'user', NULL),
(111, 'Atendentes', '87', 87, 0, 1, 1, 'componente', 2, 0, NULL, NULL),
(112, 'Fale Conosco', '88', 88, 0, 1, 1, 'componente', 3, 0, NULL, NULL),
(113, 'Fale Conosco', '88', 88, 0, 3, 1, 'componente', 3, 0, NULL, NULL),
(117, 'Login', '72', 72, 0, 3, 1, 'componente', 2, 0, NULL, NULL),
(119, 'Runas', '90', 90, 0, 11, 1, 'skill', 1, 0, NULL, NULL),
(121, 'Cartas Ciganas', '92', 92, 0, 11, 1, 'skill', 2, 0, NULL, NULL),
(122, 'Tarô', '91', 91, 0, 11, 1, 'skill', 3, 0, NULL, NULL),
(123, 'Mapa do Site', '103', 103, 0, 3, 1, 'componente', 4, 0, NULL, NULL),
(124, 'Mapa do Site', '111', 111, 0, 3, 1, 'componente', 4, 0, NULL, NULL),
(125, 'Especialidades', '113', 113, 0, 1, 1, 'componente', 7, 0, NULL, NULL),
(126, 'Especialidades', '114', 114, 0, 1, 1, 'componente', 4, 0, NULL, NULL),
(127, 'Blog', '137', 137, 0, 1, 1, 'link_interno', 6, 0, NULL, NULL),
(128, 'Cartas Ciganas', '138', 138, 0, 1, 1, 'link_externo', 7, 0, NULL, NULL),
(131, 'Trabalhe Conosco', '140', 140, 0, 2, 1, 'componente', 2, 0, NULL, NULL),
(132, 'Trabalhe Conosco', '140', 140, 0, 3, 1, 'componente', 5, 0, NULL, NULL),
(133, 'Taro', '91', 91, 126, 1, 1, 'skill', 1, 0, NULL, NULL),
(134, 'Runas', '90', 90, 126, 1, 1, 'skill', 2, 0, NULL, NULL),
(135, 'Numerologia', '94', 94, 126, 1, 1, 'skill', 3, 0, NULL, NULL),
(136, 'Cartas Ciganas', '92', 92, 133, 1, 1, 'skill', 1, 0, NULL, NULL);

-- --------------------------------------------------------

--
-- Table structure for table `p_menu_grupos`
--

CREATE TABLE `p_menu_grupos` (
  `id` int(11) NOT NULL,
  `titulo` varchar(50) NOT NULL,
  `ativo` tinyint(4) NOT NULL
) ENGINE=InnoDB DEFAULT CHARSET=utf8;

--
-- Dumping data for table `p_menu_grupos`
--

INSERT INTO `p_menu_grupos` (`id`, `titulo`, `ativo`) VALUES
(1, 'Menu do Topo', 1),
(2, 'Menu Rodapé', 1),
(3, 'Menu Lateral', 1),
(4, 'Menu Topo a Direita', 1),
(11, 'Especialidades', 1);

-- --------------------------------------------------------

--
-- Table structure for table `p_menu_link`
--

CREATE TABLE `p_menu_link` (
  `id` int(11) NOT NULL,
  `grupo_id` int(11) NOT NULL,
  `pagina_id` int(11) NOT NULL
) ENGINE=InnoDB DEFAULT CHARSET=utf8;

-- --------------------------------------------------------

--
-- Table structure for table `p_messages`
--

CREATE TABLE `p_messages` (
  `id` int(11) NOT NULL,
  `sender_name` varchar(80) NOT NULL,
  `title` mediumtext NOT NULL,
  `body` mediumtext NOT NULL,
  `target` varchar(255) DEFAULT NULL,
  `email` varchar(160) NOT NULL,
  `category` varchar(80) DEFAULT NULL,
  `checked` tinyint(1) NOT NULL,
  `folder` varchar(50) NOT NULL DEFAULT 'inbox',
  `important` tinyint(1) UNSIGNED NOT NULL DEFAULT '0',
  `date` int(11) NOT NULL
) ENGINE=InnoDB DEFAULT CHARSET=utf8;

--
-- Dumping data for table `p_messages`
--

INSERT INTO `p_messages` (`id`, `sender_name`, `title`, `body`, `target`, `email`, `category`, `checked`, `folder`, `important`, `date`) VALUES
(3, 'Luciana', 'Transferencia', 'Ut enim ad minim veniam, quis nostrud exercitation. Fabio vel iudice vincam, sunt in culpa qui officia. Tityre, tu patulae recubans sub tegmine fagi  dolor. Tityre, tu patulae recubans sub tegmine fagi  dolor. Quam diu etiam furor iste tuus nos eludet?\r\nInteger legentibus erat a ante historiarum dapibus. Salutantibus vitae elit libero, a pharetra augue. Tu quoque, Brute, fili mi, nihil timor populi, nihil! Fabio vel iudice vincam, sunt in culpa qui officia.\r\nCurabitur est gravida et libero vitae dictum. Idque Caesaris facere voluntate liceret: sese habere. Nihilne te nocturnum praesidium Palati, nihil urbis vigiliae. Quae vero auctorem tractata ab fiducia dicuntur. Inmensae subtilitatis, obscuris et malesuada fames.\r\nTityre, tu patulae recubans sub tegmine fagi  dolor. Mercedem aut nummos unde unde extricat, amaras. Fabio vel iudice vincam, sunt in culpa qui officia. Idque Caesaris facere voluntate liceret: sese habere.\r\nMe non paenitet nullum festiviorem excogitasse ad hoc. Mercedem aut nummos unde unde extricat, amaras. Inmensae subtilitatis, obscuris et malesuada fames. Quis aute iure reprehenderit in voluptate velit esse. Cras mattis iudicium purus sit amet fermentum.', '', 'caiosantossp@gmail.com', 'financeiro', 1, 'inbox', 0, 1396817269),
(7, 'Josue', 'Quero consultar', 'Quid securi etiam tamquam eu fugiat nulla pariatur. Fictum,  deserunt mollit anim laborum astutumque! Fabio vel iudice vincam, sunt in culpa qui officia. Quam diu etiam furor iste tuus nos eludet? Curabitur blandit tempus ardua ridiculus sed magna.\nGallia est omnis divisa in partes tres, quarum. Curabitur est gravida et libero vitae dictum. Quisque ut dolor gravida, placerat libero vel, euismod. Non equidem invideo, miror magis posuere velit aliquet. Fictum,  deserunt mollit anim laborum astutumque!\nCum ceteris in veneratione tui montes, nascetur mus. Excepteur sint obcaecat cupiditat non proident culpa. Quisque ut dolor gravida, placerat libero vel, euismod. Prima luce, cum quibus mons aliud  consensu ab eo. Curabitur est gravida et libero vitae dictum.', '', 'josue@bol.com.br', 'suporte', 1, 'inbox', 0, 1400500072),
(8, 'Teste', 'teste', 'teste', '', 'teste@site.com', 'financeiro', 1, 'inbox', 0, 1400500085),
(9, 'Josue', 'Quero consultar', 'Quid securi etiam tamquam eu fugiat nulla pariatur. Fictum,  deserunt mollit anim laborum astutumque! Fabio vel iudice vincam, sunt in culpa qui officia. Quam diu etiam furor iste tuus nos eludet? Curabitur blandit tempus ardua ridiculus sed magna.\nGallia est omnis divisa in partes tres, quarum. Curabitur est gravida et libero vitae dictum. Quisque ut dolor gravida, placerat libero vel, euismod. Non equidem invideo, miror magis posuere velit aliquet. Fictum,  deserunt mollit anim laborum astutumque!\nCum ceteris in veneratione tui montes, nascetur mus. Excepteur sint obcaecat cupiditat non proident culpa. Quisque ut dolor gravida, placerat libero vel, euismod. Prima luce, cum quibus mons aliud  consensu ab eo. Curabitur est gravida et libero vitae dictum.', '', 'josue@bol.com.br', 'suporte', 1, 'inbox', 0, 1400500127),
(10, 'Teste', 'teste', 'nfgxndfgmdfmdfmfdgm', '', 'teste@site.com', 'suporte', 1, 'inbox', 0, 1400500197),
(11, 'Teste', 'teste', 'nfgxndfgmdfmdfmfdgm', '', 'teste@site.com', 'suporte', 1, 'inbox', 0, 1400500378),
(12, 'Teste', 'teste', 'tafdhsfdhdshdsfhd', '', 'teste@site.com', 'suporte', 1, 'inbox', 0, 1400500392),
(13, 'Teste', 'teste', 'Ullamco laboris nisi ut aliquid ex ea commodi consequat. Quis aute iure reprehenderit in voluptate velit esse. Ullamco laboris nisi ut aliquid ex ea commodi consequat. Contra legem facit qui id facit quod lex prohibet.\nSalutantibus vitae elit libero, a pharetra augue. Fictum,  deserunt mollit anim laborum astutumque! Petierunt uti sibi concilium totius Galliae in diem certam indicere. Salutantibus vitae elit libero, a pharetra augue. Quid securi etiam tamquam eu fugiat nulla pariatur. Nihilne te nocturnum praesidium Palati, nihil urbis vigiliae.\nPellentesque habitant morbi tristique senectus et netus. Ab illo tempore, ab est sed immemorabili. Quis aute iure reprehenderit in voluptate velit esse. Quisque ut dolor gravida, placerat libero vel, euismod. Curabitur est gravida et libero vitae dictum. Fictum,  deserunt mollit anim laborum astutumque!\nA communi observantia non est recedendum. Hi omnes lingua, institutis, legibus inter se differunt. Mercedem aut nummos unde unde extricat, amaras. Idque Caesaris facere voluntate liceret: sese habere. Ambitioni dedisse scripsisse iudicaretur. Fictum,  deserunt mollit anim laborum astutumque!\nMercedem aut nummos unde unde extricat, amaras. Quisque ut dolor gravida, placerat libero vel, euismod. Cum ceteris in veneratione tui montes, nascetur mus. Excepteur sint obcaecat cupiditat non proident culpa.', '', 'teste@site.com', 'financeiro', 1, 'inbox', 0, 1400500467),
(14, 'Teste', 'teste', 'Ullamco laboris nisi ut aliquid ex ea commodi consequat. Quis aute iure reprehenderit in voluptate velit esse. Ullamco laboris nisi ut aliquid ex ea commodi consequat. Contra legem facit qui id facit quod lex prohibet.\nSalutantibus vitae elit libero, a pharetra augue. Fictum,  deserunt mollit anim laborum astutumque! Petierunt uti sibi concilium totius Galliae in diem certam indicere. Salutantibus vitae elit libero, a pharetra augue. Quid securi etiam tamquam eu fugiat nulla pariatur. Nihilne te nocturnum praesidium Palati, nihil urbis vigiliae.\nPellentesque habitant morbi tristique senectus et netus. Ab illo tempore, ab est sed immemorabili. Quis aute iure reprehenderit in voluptate velit esse. Quisque ut dolor gravida, placerat libero vel, euismod. Curabitur est gravida et libero vitae dictum. Fictum,  deserunt mollit anim laborum astutumque!\nA communi observantia non est recedendum. Hi omnes lingua, institutis, legibus inter se differunt. Mercedem aut nummos unde unde extricat, amaras. Idque Caesaris facere voluntate liceret: sese habere. Ambitioni dedisse scripsisse iudicaretur. Fictum,  deserunt mollit anim laborum astutumque!\nMercedem aut nummos unde unde extricat, amaras. Quisque ut dolor gravida, placerat libero vel, euismod. Cum ceteris in veneratione tui montes, nascetur mus. Excepteur sint obcaecat cupiditat non proident culpa.', '', 'teste@site.com', 'financeiro', 1, 'inbox', 0, 1400500599),
(15, 'Teste', 'teste', 'Cum ceteris in veneratione tui montes, nascetur mus. Quisque ut dolor gravida, placerat libero vel, euismod. Tityre, tu patulae recubans sub tegmine fagi  dolor. Non equidem invideo, miror magis posuere velit aliquet. Integer legentibus erat a ante historiarum dapibus. Ab illo tempore, ab est sed immemorabili.\nMercedem aut nummos unde unde extricat, amaras. Non equidem invideo, miror magis posuere velit aliquet. Lorem ipsum dolor sit amet, consectetur adipisici elit, sed eiusmod tempor incidunt ut labore et dolore magna aliqua. Cum sociis natoque penatibus et magnis dis parturient. Salutantibus vitae elit libero, a pharetra augue. Gallia est omnis divisa in partes tres, quarum.\nLorem ipsum dolor sit amet, consectetur adipisici elit, sed eiusmod tempor incidunt ut labore et dolore magna aliqua. Curabitur blandit tempus ardua ridiculus sed magna. Magna pars studiorum, prodita quaerimus. Ambitioni dedisse scripsisse iudicaretur. Quisque ut dolor gravida, placerat libero vel, euismod. Prima luce, cum quibus mons aliud  consensu ab eo.', '', 'teste@site.com', 'financeiro', 1, 'inbox', 0, 1400500680),
(16, 'Teste', 'Teste', 'Tityre, tu patulae recubans sub tegmine fagi  dolor. Fictum,  deserunt mollit anim laborum astutumque! Tityre, tu patulae recubans sub tegmine fagi  dolor. Sed haec quis possit intrepidus aestimare tellus.\nDonec sed odio operae, eu vulputate felis rhoncus. Magna pars studiorum, prodita quaerimus. Tityre, tu patulae recubans sub tegmine fagi  dolor. Fictum,  deserunt mollit anim laborum astutumque! Me non paenitet nullum festiviorem excogitasse ad hoc. Lorem ipsum dolor sit amet, consectetur adipisici elit, sed eiusmod tempor incidunt ut labore et dolore magna aliqua.\nQui ipsorum lingua Celtae, nostra Galli appellantur. Quisque placerat facilisis egestas cillum dolore. Hi omnes lingua, institutis, legibus inter se differunt. Me non paenitet nullum festiviorem excogitasse ad hoc.\nQui ipsorum lingua Celtae, nostra Galli appellantur. Ut enim ad minim veniam, quis nostrud exercitation. Fictum,  deserunt mollit anim laborum astutumque! Etiam habebis sem dicantur magna mollis euismod.', '', 'teste@site.com', 'suporte', 1, 'trash', 0, 1400601651),
(17, 'Caio', 'Teste', '\r\n            Ta<br><br><br>\r\n            <p>Atenciosamente, <br><strong>Caio</strong></p>\r\n            <p>\r\n                <small>\r\n                    <a href="http://padrao.com/" alt="Cartas Ciganas" target="_blank">Cartas Ciganas</a>\r\n                </small>\r\n            </p>\r\n        ', 'contato@caiosilva.net', 'contato@cartasciganas.com', 'suporte', 1, 'trash', 1, 1450671967),
(18, 'Caio Silva', 'Mensagem de Teste', '  Lorem ipsum dolor sit amet, consectetur adipisicing elit. Quos eligendi explicabo. Iste voluptatibus vero odio quod repellendus. In qui iusto molestias distinctio.\r\n  Illum, harum minima minima laboriosam, eius laboriosam, deleniti odio quas minus maiores velit, et do et eius reprehenderit, a consectetur repellat. Totam repellendus.\r\n  Nam dolore id, quaerat totam rem aut id, qui sequi sed nihil provident, id, dolore qui blanditiis eius eos beatae sint, autem eum totam nostrum expedita totam voluptates omnis Itaque architecto accusamus dolor Itaque molestiae aliquam dolor cumque sunt, voluptate dolor dolore est, sunt dicta atque et facilis molestiae reprehenderit, quibusdam vero voluptates quia excepturi adipiscing Sed harum aut quibusdam cupiditate eius laboriosam, sint nesciunt, modi qui porro aperiam suscipit facilis ipsa, cum maiores cum ut dignissimos culpa, et quam inventore in adipisicing dolor eligendi similique quia quod quaerat esse, sunt doloribus id, natus voluptates Sed minima enim amet ea iusto repellat. Voluptatibus modi quia At alias possimus, consectetur rem amet unde ipsa, unde et ullam repellendus. Molestiae unde mollitia eos tenetur Et Itaque eaque aut exercitationem in aut aut reiciendis delectus, sit quia nihil quisquam aut qui labore dolorem accusamus consequatur? non porro est, sunt, sed harum cupiditate labore veniam, aut amet totam ab ad voluptatem consequatur, adipisicing omnis reprehenderit, doloribus repellat. Nihil aut dicta repellat.\r\n  Corporis et cum fuga. Quod blanditiis Temporibus aperiam adipiscing esse, commodi officia qui harum cum optio, totam omnis quia ab debitis est ipsa, debitis reprehenderit, qui aliquam autem corporis magnam nobis quod repudiandae dolorem consequatur, dolorum eaque et minus quis assumenda eos, omnis quam earum maxime qui dolor quas quo veritatis quam quisquam eos, magnam harum velit fuga. Iste et deserunt delectus, ex quia similique eum dolorem Quis voluptates ut in sapiente voluptas praesentium cum doloremque atque Ut corrupti, quidem autem quibusdam rerum fugit, et laboriosam, voluptates harum amet sapiente molestias sapiente repudiandae perspiciatis, veritatis eos et sint, aut reprehenderit, aut non laboriosam, nihil ratione enim et voluptas quo iure pariatur? ad non in odio officiis aut in dignissimos explicabo. Ipsa, eius voluptatem dolores officiis minus Temporibus Temporibus porro placeat, quam sunt blanditiis quidem placeat, Quis nulla dunt, ut sit fuga.\r\n  Voluptas quia error ullam expedita obcaecati eos sunt, voluptas provident, reprehenderit, omnis aut modi dolor Et voluptatem, totam qui sunt distinctio. Voluptatem. Voluptas ut aut aliquid delectus, dignissimos et esse, dolor mollitia rerum odio non ex quidem et voluptatem quia voluptas earum nihil dolor obcaecati in aperiam vitae non assumenda ratione qui Ut soluta accusamus sequi voluptas qui placeat, impedit, perferendis non reprehenderit, officiis consequuntur nobis adipiscing non necessitatibus aliquam rem iste amet qui error molestiae voluptatem Nemo omnis nulla consequatur sit fugit, dolore elit.\r\n  Sed qui quis aut porro consectetur Quis illo voluptatem sed ullam sunt, laudantium, cum sequi architecto elit. Aut tenetur ut et doloribus dignissimos tempora quia eligendi officia sed eum porro consequatur, cumque sint, esse, amet, sunt recusandae. Necessitatibus et voluptas adipisicing sed sit qui incidi non sit fugiat, porro quae officiis nesciunt, mollitia aut illum, Quis autem maxime delectus, eaque sed est facilis nihil libero ad fuga. Voluptas corporis dolor amet, mollitia nulla dolore consequatur atque debitis ratione dolorum et qui enim et reiciendis placeat, nobis est nobis quibusdam error quam ducimus, repellendus.\r\n  A At quae aut quaerat vel in minima sit, asperiores est Nemo voluptatum voluptatum veniam, adipiscing eius repellendus. Ratione maxime qui aut odio qui dolor sint, Et laboriosam, in rerum magnam ipsum Sed vero Ut pariatur? dolor Nam harum ipsum in officiis deleniti iste neque saepe enim laudantium, At deleniti saepe Lorem qui eum qui nisi doloremque Itaque omnis vero aut quia eos et quidem et ea facilis sunt beatae est inventore asperiores modi voluptatem, sequi sed pariatur? eius distinctio. Distinctio.\r\n  Aut inventore est eveniet, rerum ipsum, libero ipsa, facere cupiditate facere rerum error nulla Ut fugit, est, velit odit dignissimos provident, ex eligendi aspernatur Nam illum, numquam hic neque dolor praesentium sed quasi numquam totam natus dignissimos est, enim minima qui voluptatibus eaque quo consequatur, qui rerum cum tenetur sint modi blanditiis dunt, rem est accusantium voluptatum voluptatem ipsum omnis doloremque voluptatum elit.\r\n  Voluptates illo qui in hic ut Temporibus corporis quis hic Itaque necessitatibus ullam provident, obcaecati labore et sapiente non saepe ut id delectus, sint, tempore, aut reprehenderit, assumenda et quam adipisicing vel atque consectetur molestiae pariatur? fuga. Hic totam et aut reiciendis aperiam illum, deleniti ea iste vero dolore rerum qui adipisicing eveniet, consequuntur optio, Temporibus qui atque ullam explicabo. Libero sint cum amet quos qui dolores est sed doloremque similique velit, qui neque rerum obcaecati impedit, error odio voluptatem.\r\n  Odio aut sed ratione iure laborum minima doloremque nulla veritatis consequatur amet corporis praesentium minus et quia doloribus laborum non amet ipsum, ipsam asperiores et tenetur natus qui quia sunt, et debitis Lorem consequuntur eaque reprehenderit, et ea nulla ex voluptatum dolorem Et perferendis eaque molestiae atque Ut quam consectetur amet est et Quis soluta vel veniam, possimus, sint id ut omnis.\r\n', NULL, 'caiosantossp@gmail.com', 'financeiro', 1, 'trash', 0, 1450741812),
(19, 'Caio Silva', 'Mensagem de Teste', 'Nec dubitamus multa iter quae et nos invenerat. Quid securi etiam tamquam eu fugiat nulla pariatur.', NULL, 'caiosantossp@gmail.com', 'financeiro', 1, 'trash', 0, 1450742366),
(20, 'Caio Silva', 'Mensagem de Teste', 'Tu quoque, Brute, fili mi, nihil timor populi, nihil! Cum sociis natoque penatibus et magnis dis parturient. Qui ipsorum lingua Celtae, nostra Galli appellantur. Ab illo tempore, ab est sed immemorabili. Me non paenitet nullum festiviorem excogitasse ad hoc. Fictum, deserunt mollit anim laborum astutumque!\r\nContra legem facit qui id facit quod lex prohibet. Pellentesque habitant morbi tristique senectus et netus. Ambitioni dedisse scripsisse iudicaretur. Excepteur sint obcaecat cupiditat non proident culpa.\r\nEtiam habebis sem dicantur magna mollis euismod. Vivamus sagittis lacus vel augue laoreet rutrum faucibus. Hi omnes lingua, institutis, legibus inter se differunt. Gallia est omnis divisa in partes tres, quarum.\r\nPetierunt uti sibi concilium totius Galliae in diem certam indicere. Plura mihi bona sunt, inclinet, amari petere vellent. Quis aute iure reprehenderit in voluptate velit esse. Quo usque tandem abutere, Catilina, patientia nostra?\r\nCurabitur est gravida et libero vitae dictum. Quisque placerat facilisis egestas cillum dolore. Prima luce, cum quibus mons aliud consensu ab eo. Non equidem invideo, miror magis posuere velit aliquet. Paullum deliquit, ponderibus modulisque suis ratio utitur. Quam temere in vitiis, legem sancimus haerentia.', NULL, 'caiosantossp@gmail.com', 'financeiro', 1, 'trash', 0, 1450742571),
(21, 'Caio Silva', 'Mensagem de Teste', '  Lorem ipsum dolor sit amet, consectetur adipisicing elit. Quod elit. Ducimus, saepe doloremque quas molestiae facere voluptatem.\r\n  Et provident, qui nesciunt, eum est, veniam, quisquam aut aut et molestias rerum nulla odit earum delectus, enim consectetur rerum Nemo voluptas reiciendis est fuga. Et aut autem fuga. Et dolore Et minus aut pariatur? voluptas ab est elit. Dolore libero Ut nulla deserunt modi est et quisquam repellendus. Magni iusto magni quisquam repudiandae corporis ipsa, quos quibusdam similique sapiente accusamus Quis facere rem dolores non possimus, cupiditate cum enim veniam, veritatis laborum iste consequatur? minima libero est dolores est, et nihil qui sunt, id officiis porro adipiscing quidem ut nesciunt, quia dunt, unde aliquam tenetur aut quia ducimus, quidem incidi ut est, sit ipsum ipsum, exercitationem tempore, sapiente dolores repellat.\r\n  Qui doloribus voluptatem tempora sequi quaerat ut quasi deleniti non iure non culpa, exercitationem atque assumenda voluptatibus do explicabo. Vitae voluptatem, Itaque corporis accusamus mollitia magnam ipsam mollitia aut eos beatae aspernatur quas reprehenderit, nisi maiores molestiae pariatur? odio id, perferendis quia eum veniam, maxime sit dolore inventore ea quia quisquam voluptatum fugit, sunt sunt, debitis repellat.\r\n  Vero aut et mollitia enim ea beatae nihil autem excepturi eius dolor aliquid quia magni debitis id sit sunt, elit. Dignissimos sed minima enim nihil elit.\r\n  Quaerat elit. Dolores voluptates eos, qui ducimus, voluptatum rerum Et Ut ad dunt, animi, veniam, tempore, consequatur deleniti quas culpa, dolores nobis est distinctio.\r\n  Aut inventore quam voluptate dicta quo est, voluptas ullam et exercitationem et non consequatur quo dolor dolore ipsam labore consectetur vero totam Lorem beatae fuga. Libero reprehenderit, magnam velit quo dunt, voluptatum dolor maxime expedita natus obcaecati repudiandae eum voluptatem.\r\n  Numquam qui quia eaque mollitia et est, dolor cupiditate quod eaque non rerum id, quia mollitia est, similique explicabo. Consequatur Nam do impedit, ea Ut ut ad omnis cumque officia quasi Quis rerum eos, illo eos voluptate et aut quia dolores voluptas sed dolor et aut dolorem optio, consectetur non tempore, est et nulla sequi consequatur a quos id, facilis quia recusandae. Vitae dolor cum et exercitationem hic necessitatibus dolores soluta laudantium, quas necessitatibus delectus, necessitatibus similique alias aspernatur ullam distinctio. Voluptatibus optio, aut ducimus, odio voluptatum Temporibus quam cum unde excepturi consectetur quod sequi ut expedita illo consectetur nihil aut non Ut dicta eum sit inventore dolorum laboriosam, autem nihil ut omnis qui quia nostrum voluptas id, sequi non eos sit Itaque odio doloremque ipsam aut placeat, dolor Lorem sed qui non qui corrupti, enim mollitia quidem quibusdam totam iusto labore ut minima atque molestias eligendi ut ut repellat. Sit provident, voluptas magnam maxime qui enim accusantium dolorem iure pariatur? Nemo inventore beatae numquam quo Temporibus ipsam debitis suscipit consequatur, consectetur impedit, eaque sint eos qui modi eos ratione amet voluptas aut placeat, quia mollitia eius incidi tempore, assumenda nihil amet alias ut nisi consectetur animi, qui autem eos qui tenetur omnis autem Sed distinctio.\r\n  Natus pariatur? eligendi ut aliquam cupiditate dicta quo numquam iure autem iste amet sint, dunt, qui fugiat, Nam At fugit, repellat. Libero culpa, recusandae. Ipsa, delectus, numquam rem molestiae Ut excepturi qui dolorum alias et dolor consequatur, sed velit, dolore est, dignissimos alias blanditiis est, molestiae tempora Ut laborum modi dolore commodi consequatur quia Lorem laudantium, eos, do quia quidem mollitia minus maiores ad est officiis consequuntur dolorem sit vel dolores eius accusantium blanditiis voluptates voluptates doloremque eos, dolorem est At dolores aut fugiat, rerum fugit, atque eaque qui est placeat, aut et cumque accusamus eius non est qui fuga.\r\n  Odit amet, dunt, eligendi molestiae ratione Temporibus beatae nihil quos mollitia eaque quod aut maiores doloribus quo sit vel eos debitis id ipsa, provident, sequi ut consectetur asperiores doloribus perferendis qui sit, Lorem praesentium a molestiae possimus, quo unde quia exercitationem rerum ullam odit et Ut aspernatur et ea animi, neque sed quaerat et tenetur deleniti soluta qui voluptatum libero consequuntur Temporibus recusandae.\r\n  Commodi officiis et neque similique quia vero ut eveniet, tenetur ratione id, non suscipit nihil expedita totam et adipisicing Quis accusantium voluptatibus Sed assumenda odit molestias odio ullam in quam quos et magnam et vitae repellat. Id Sed impedit, molestias dolorem ducimus, Itaque qui sit in libero minus id aut aut similique dolores est dolor dolor quisquam voluptatem quia distinctio. Totam iusto dunt, laudantium, reprehenderit, dolor inventore nesciunt, obcaecati minima possimus, accusamus ut rerum consequuntur impedit, officia eveniet, voluptatibus voluptas pariatur? aut magni enim amet, qui corrupti, modi fugit, Quis dolorem amet Lorem repellendus.\r\n  Quibusdam velit dolorum esse, quibusdam qui Sed ut quis neque mollitia omnis architecto non qui qui assumenda quo elit. Porro obcaecati ipsam autem voluptatem deserunt est voluptatem dolorem rem voluptas Ut odio qui autem aliquid expedita saepe numquam inventore et aut voluptatem, quisquam excepturi libero molestiae vel voluptas tenetur adipiscing cumque ducimus, eum eos, non veritatis tenetur Et obcaecati elit.\r\n  Repellat. Deleniti iure Temporibus sit aut et modi quia quibusdam non in ipsa, Itaque consequuntur sit enim distinctio. Culpa, qui quo ab et voluptatem, ratione deserunt aut et dolorum quae et velit, accusamus fuga.\r\n  Nam ea excepturi perspiciatis, sit Itaque illum, minima autem quidem nostrum eos, vel et rerum ut debitis consequatur id elit.\r\n  Magnam voluptates sit omnis Lorem non labore accusamus quas provident, velit, unde ipsum, dunt, tempora odit dolor dolorum ut et rem est, asperiores commodi architecto delectus, sed illo cupiditate incidi eius perferendis ratione minima Sed ratione velit, ad nihil et sit accusantium ut amet suscipit sit ea nesciunt, alias illum, quo error nobis impedit, nihil ut distinctio. Ad illo do quaerat ut laborum exercitationem et aut eligendi labore ut impedit, laboriosam, autem error facere et voluptas omnis eaque Sed dolor Nemo id, quas provident, id aliquam ea id est pariatur? doloribus laudantium, debitis id voluptate ea qui nesciunt, est accusamus amet, voluptas corporis laudantium, consequatur fugiat, quos elit.\r\n  Officiis eligendi consequatur? velit laboriosam, veritatis est, dolor quod accusamus enim minus obcaecati nesciunt, ea quae qui architecto et ex est quaerat deleniti totam consequatur? ducimus, quos perspiciatis, corrupti, eos, id qui perferendis inventore tenetur ullam voluptatem optio, voluptatem adipisicing tempora atque omnis ut omnis consectetur natus consequatur, ut corporis recusandae. Soluta eum aut aut rem quo voluptatem laborum ipsum molestiae Nemo doloribus adipisicing aperiam nostrum qui officiis quas consectetur aut dolores ipsa, vitae omnis veniam, fugit, vero quod deleniti qui voluptates magnam alias laudantium, At sit debitis optio, cum rerum id repudiandae officiis Et asperiores est, reiciendis et debitis porro perspiciatis, laudantium, dolore aspernatur architecto et ad deserunt quo voluptatibus beatae aliquid eius illo vel et voluptas enim excepturi Itaque neque numquam est, ab sit voluptas quaerat alias animi, qui qui rerum non odio et commodi sed quia quae omnis nesciunt, sequi nesciunt, accusamus et Nam laboriosam, eum ab Sed Quis dolore labore ipsum, eum magnam rem placeat, tempora eligendi elit.\r\n  Dunt, inventore veniam, nobis laboriosam, sunt officiis ratione eveniet, eaque in Quis Quis quia autem delectus, numquam necessitatibus exercitationem in eos, culpa, ab odio libero et ut dolorem hic Quis asperiores quia et minima elit. Adipisicing ut aut et perferendis similique magnam ex autem fugit, minima enim doloremque eligendi possimus, velit, ex non aut quia est, tempore, id eligendi aut animi, Sed distinctio. Laborum doloremque delectus, aut perferendis hic fugiat, ut voluptatem.\r\n  Distinctio. Voluptas quos vel labore et Itaque qui cum eaque totam vel cumque autem est eum necessitatibus aliquid vel tenetur ab qui ut consequatur odio est, consequatur, voluptates odit officiis ea recusandae. Sed ex et Itaque magnam aut animi, autem sit aspernatur eos, et officiis officia minus amet quia et nostrum tempore, molestias enim do vel debitis magni obcaecati et non accusamus veritatis deserunt alias Temporibus atque tempora est, sit est ut iure aut maxime eius similique voluptatum atque omnis modi perferendis odio tenetur aliquam rerum quis eos, rem amet, sapiente est dignissimos voluptatem exercitationem eos molestiae perferendis debitis Nam dolorem obcaecati obcaecati rerum et commodi elit.\r\n  Consectetur sint, laudantium, et et provident, amet voluptatibus fugiat, officia odit quos est vitae incidi qui quia facilis maxime veritatis Et officia et voluptatibus quia nihil id molestiae recusandae. Voluptas a et est, consectetur ut et odio recusandae. Sequi illo amet, recusandae.\r\n  Dolore sit, eum sit alias odio optio, provident, ex distinctio. Et aliquid quibusdam est, beatae adipisicing optio, voluptate sit natus ea voluptas excepturi magnam praesentium aut qui corrupti, nihil Et sapiente ut enim dolor earum facilis nihil dignissimos dicta eum dolorem iste rerum Ut necessitatibus voluptatem nostrum sunt At qui harum voluptatibus omnis ut eius aliquid fugit, nihil amet, maiores esse, voluptatibus earum cupiditate alias et quaerat soluta ea consequatur, quia tenetur et quia non ea quia laborum laudantium, facere aliquam minus cumque odit quasi aperiam quos modi debitis excepturi velit, magnam voluptatum eos, perferendis odio accusantium et tempora vel repellendus.\r\n  Nostrum id, Nam omnis sit commodi voluptates aut quo est similique maiores facere distinctio. Architecto quos quia aliquid delectus, id, cupiditate hic quaerat harum sit animi, magni inventore quia similique illum, sit nostrum modi quasi voluptas dolores repellat. Repudiandae provident, qui harum minima enim dolor consequatur quaerat qui rerum explicabo. Debitis qui corrupti, sunt, odit facere dolorem reprehenderit, reprehenderit, est fugiat, Temporibus laudantium, similique qui sed provident, quia fugit, consectetur Temporibus sint qui repellat.\r\n  Quaerat repellat. Ducimus, illum, eveniet, Quis sit nihil praesentium quia sed Temporibus culpa, cum dolores sit, atque laborum voluptas qui aut in quo sit, tempore, enim laudantium, laboriosam, Ut voluptas omnis est omnis molestias ratione Et error neque fugit, provident, autem nihil nihil ipsa, neque eaque sit repellendus. Ipsa, eaque eligendi iusto molestias a do doloribus adipisicing rerum quaerat autem eligendi laudantium, officia quis numquam ad vel eos odio aperiam doloribus natus qui aperiam quia mollitia Ut vitae reprehenderit, in sequi ratione elit. Labore Temporibus fugit, natus sed perspiciatis, voluptas sit Et consequuntur blanditiis doloremque in architecto provident, libero veritatis dolorum tempora consequuntur asperiores repellat. Reprehenderit, perspiciatis, voluptatem. Dolores quibusdam laboriosam, natus unde in est, totam adipiscing nulla minus molestiae illo debitis explicabo.\r\n  Qui ut quaerat quia dolores odio fugit, magni dicta incidi deserunt aspernatur est magnam quisquam repudiandae quia culpa, ut porro et magni dunt, nisi Nam veritatis sint quibusdam aut iste eaque molestiae tenetur eum et enim amet, ut Ut enim dolores Sed ut repudiandae quis praesentium maxime praesentium neque nobis omnis Ut voluptatibus ipsam cumque harum amet animi, iusto ipsum, expedita in soluta mollitia ab vel est, et labore fugit, sit accusamus voluptatem et iure et fugit, qui sed Quis sit elit. Odit blanditiis laborum ea dolorem est, expedita doloribus sint quam qui dolor rerum molestiae beatae dolor est laboriosam, assumenda molestiae consectetur sit voluptas eos, nulla est culpa, eos soluta qui voluptas a unde eos, nisi non ea sunt, sed minima obcaecati aut nostrum iusto eum fugiat, dolor beatae earum culpa, omnis sapiente rerum ducimus, voluptatem, in quia voluptas sit natus consectetur At repellat.\r\n  Nobis nisi obcaecati voluptatem accusamus Itaque quos aut eveniet, doloribus tempore, ut dolorem blanditiis ea Quis nesciunt, fugiat, quis voluptas eaque et non ullam ad sunt eum in aut eum aut sapiente aut et sit, ut At nihil corrupti, ex optio, magnam nobis amet earum voluptatem facilis quia tempore, quae et repellendus. Sequi adipisicing obcaecati id id voluptas architecto qui eligendi doloribus dolor a laboriosam, possimus, est ipsum nesciunt, molestiae quaerat asperiores cumque consectetur qui molestiae iure voluptatibus atque quod placeat, quisquam nihil perspiciatis, sit laboriosam, facilis ut voluptatem quibusdam quas repellat. Tenetur quisquam fuga. Tenetur enim et rerum earum voluptates enim ex aliquam quasi consectetur explicabo. Itaque maiores eos dunt, laborum illum, et vero veritatis et quis dolor consequatur, cupiditate quidem enim et sunt eius illum, praesentium neque suscipit Nam officia soluta officiis est repudiandae id, ut assumenda est illum, enim iure ipsum rerum repellat. Veniam, beatae optio, amet, Temporibus earum et consequatur, neque ut laudantium, quam voluptas voluptas explicabo. Omnis velit velit minus non neque velit, reprehenderit, et sed sit, et aliquid eum doloremque et eos, aperiam ullam sunt, Lorem et quis aliquid maiores debitis nesciunt, id, amet, facere voluptate quibusdam consectetur delectus, non praesentium aut earum unde eveniet, ratione qui qui provident, deserunt sunt fugit, ut libero deleniti Sed tempore, nihil aliquid voluptatem, qui.\r\n', NULL, 'caiosantossp@gmail.com', 'financeiro', 1, 'trash', 0, 1450742655),
(22, 'Caio Silva', 'Mensagem de Teste', '  Lorem ipsum dolor sit amet, consectetur adipisicing elit. Recusandae. Fuga. Soluta vel voluptate consequatur? officia unde Sed incidi ut laudantium, dolores omnis totam doloremque autem vero ut autem mollitia incidi modi dolores laudantium, Ut molestiae odit et qui accusantium pariatur? voluptatem. Aut dolor dolorem similique necessitatibus velit, alias molestiae ad odit libero reprehenderit, ipsum, odit repellat. Obcaecati mollitia velit sapiente consectetur et do fugit, libero Itaque et omnis reprehenderit, eos, provident, Quis iste sint rem earum sed error Temporibus dignissimos porro voluptatum elit. Elit.\r\n  Fuga. Dicta aliquam aut fuga. Sit, autem voluptatum Sed dolorem unde quisquam sint quam non facere ducimus, sequi ipsum obcaecati doloremque qui necessitatibus officia quos nostrum autem obcaecati iste autem dunt, aut quia eius ut debitis nihil ut iure fugiat, atque vel optio, vel perferendis accusantium numquam et non eius odit veniam, ut voluptatem omnis consequatur, iure nihil quasi qui labore reprehenderit, fuga. Deleniti laboriosam, dolorem Itaque officiis impedit, quo voluptatem. Magnam excepturi incidi sint earum provident, eaque do nulla ipsam quaerat adipisicing quas autem Nemo et aut et voluptas est quis ut architecto similique et doloribus commodi officiis aliquam aut saepe fuga. Quos At quibusdam dolorum autem quis et consequuntur laboriosam, voluptate iste iusto deleniti sequi voluptas ut ut et est, totam quia voluptas doloremque cupiditate Sed ea quas molestiae architecto qui quasi distinctio. Commodi dolores voluptatem.\r\n  Possimus, optio, est officiis dunt, aliquam eaque illum, optio, iste sit corrupti, vitae quia optio, magni repudiandae placeat, non eum facilis optio, Nam Temporibus illum, vel assumenda hic illo aut qui recusandae. Aut impedit, consectetur labore necessitatibus minus illo rerum quibusdam quidem voluptatem veritatis quam amet consectetur adipiscing recusandae. Ipsum laborum sit quibusdam aut nihil mollitia quasi eveniet, aut magnam facere possimus, ut deleniti ipsa, mollitia ea ut quo suscipit libero vel ea officiis aut tempore, saepe dolor deserunt aliquid amet quaerat dolorum architecto et voluptate placeat, mollitia voluptatem. Quia esse, quaerat nobis blanditiis Sed ratione ea omnis obcaecati dolores eius ipsa, doloremque quia autem ut dignissimos eum ad autem rerum voluptatem consequatur ex vero quo eaque repudiandae eum et voluptatem rerum esse, assumenda dolorem dolorem iste aut dunt, id fugit, similique impedit, quia a obcaecati ratione dolorem explicabo.\r\n  Consectetur officia et autem magni quasi At illo qui culpa, aspernatur qui vitae ipsum amet, sunt error Lorem consequatur Nam fugit, excepturi quo in dignissimos Nemo laborum totam quia adipiscing autem tempora delectus, impedit, est voluptatem, et non sit quam aut iure doloribus ipsa, reprehenderit, dolor cum eum dolor et qui consequuntur aliquam impedit, deserunt Itaque hic quaerat ipsum nesciunt, provident, eum et atque voluptatem tempora nobis dicta excepturi Sed excepturi blanditiis nihil quas id sapiente excepturi commodi in obcaecati ipsam est dolor eum illum, qui Quis autem officiis autem animi, qui ut nesciunt, ab et et debitis dolorem aspernatur repudiandae saepe est nostrum consequatur, vel labore et rerum maxime soluta ut voluptas deleniti et elit. Voluptate reiciendis commodi explicabo. Nostrum qui autem a autem fuga.\r\n  Praesentium eveniet, distinctio. Totam dunt, accusantium quia consequuntur rerum aut neque corporis et id, ea similique nihil repudiandae et magni iste totam nulla Quis culpa, maiores veniam, quae mollitia illum, vel qui exercitationem aspernatur et facilis est, eos Itaque quasi illum, quia quo iste aut delectus, fuga. Quibusdam do sapiente repudiandae exercitationem velit labore iste eum facilis Nemo et ratione corrupti, veniam, quas impedit, facilis ut ut ipsum, dolorem ipsam eligendi commodi id voluptas nostrum cupiditate fugiat, architecto quam omnis doloremque nostrum qui accusamus et sit Lorem eum ea et mollitia elit. Possimus, qui excepturi autem quam eveniet, dolor est, eius laborum doloremque Et incidi deleniti omnis possimus, ex sint sed similique qui earum recusandae.\r\n  Magnam praesentium iste veniam, rem et aut do reiciendis perspiciatis, id, quibusdam omnis omnis voluptatem, Nam et aut sit rerum fuga. Dicta dolores doloremque minus voluptatem Lorem harum nulla veniam, error veritatis commodi Quis consequuntur optio, obcaecati eum distinctio. Do voluptatum facilis quaerat soluta reprehenderit, esse, excepturi quo fugit, tempora ullam labore earum voluptate quasi asperiores velit dolor voluptas et et provident, adipiscing dunt, quibusdam error reiciendis Ut quod obcaecati mollitia quis aliquam elit. Dolorem nobis ut harum totam expedita unde dolor quia voluptas ipsum animi, ipsum nulla pariatur? voluptates sit, assumenda voluptatem adipisicing saepe aut exercitationem animi, assumenda sit sit sit, eaque quia perferendis quos aut modi eius unde omnis quaerat iste quisquam nulla error earum pariatur? deleniti in commodi optio, adipiscing qui id, voluptas quibusdam odit quibusdam mollitia quisquam molestiae autem et inventore omnis sapiente doloremque explicabo.\r\n  Veritatis sed molestias voluptas eum explicabo.\r\n  Minima est assumenda Temporibus veritatis deleniti architecto nihil nostrum quia sint, ducimus, Nemo non voluptas sit explicabo. Aspernatur aut illo qui architecto ad minima dunt, asperiores eos nihil sunt, nihil enim est, corrupti, repellat. Aut architecto est qui commodi aliquam explicabo. In maiores similique placeat, beatae assumenda quo porro laudantium, non molestias iure porro quas Lorem consectetur nobis impedit, sit, voluptatum veniam, voluptas pariatur? ducimus, quia dolorem Nemo expedita et non do quia dolor ut accusantium laboriosam, impedit, et in aut optio, dolor eius amet, eveniet, modi ut similique ipsa, magni sequi esse, quis optio, iste est elit.\r\n  Ut provident, qui et et nihil id aut odit qui repellendus. Tempora dolores inventore non sint, Lorem aut qui similique natus rerum saepe At dolorem sunt voluptatum sapiente id id, voluptatem.\r\n  Non aperiam sequi totam optio, eos, quia sequi natus illo et officia qui fugit, velit, qui Nemo delectus, aut magni est, cum tempore, rem corporis labore Sed laudantium, beatae ullam suscipit consequatur? quam non eum qui et quo nihil et et omnis ducimus, veritatis neque debitis labore ullam voluptas magni dolores similique aut aliquam expedita voluptatem. Autem voluptas voluptatem, Temporibus qui similique esse, optio, sint labore accusamus ullam quisquam eum autem voluptas odio est laborum sint totam qui inventore laborum Nemo accusantium perspiciatis, eveniet, commodi expedita sunt rerum accusamus omnis rerum facere qui sed blanditiis Ut pariatur? vitae nobis impedit, praesentium quia quos explicabo. Natus voluptatibus maxime quia in delectus, neque dolorum dolor mollitia ea nihil eos aut non dolorem id, eligendi qui ad beatae repellat. Nihil ipsa, eaque quis quisquam aut animi, non delectus, velit ea quos commodi harum non ipsum, veniam, expedita soluta Itaque quidem error odit qui est, similique necessitatibus reiciendis similique exercitationem et ex nihil delectus, facere distinctio.\r\n  Ut eveniet, reiciendis illum, nihil ullam dolores id, qui atque quo ut quo nesciunt, velit harum libero numquam quaerat excepturi quia Lorem sit et ea illum, doloremque nesciunt, nesciunt, dolor est sit et laborum nihil quis totam asperiores sit, tempore, voluptatum fuga. Inventore hic non assumenda id a aut non magni odit modi ut et voluptas nisi quibusdam natus aliquid qui dunt, do quia illo dolorum aliquam ab aut ipsa, dolorum dignissimos dolorem facere qui voluptates obcaecati odit Temporibus omnis nihil natus Lorem facere exercitationem et sint, maxime in est eos, perspiciatis, amet, nulla do quasi ratione qui sequi ipsa, nobis earum deserunt amet, Nam sit, non ad Ut nobis odit quibusdam omnis odit qui consequuntur maxime adipiscing ipsum ipsum, maiores qui numquam perferendis soluta quas inventore consequatur sit magnam doloremque ut sit libero natus amet, recusandae.\r\n  Consectetur expedita ducimus, vitae eos est quod soluta iusto rem nobis est, error aut beatae unde distinctio. Ipsam rerum elit. Id, sit minus At veritatis placeat, reprehenderit, aperiam fugit, Nam assumenda optio, necessitatibus ad nulla mollitia quasi eaque est eveniet, recusandae. Aut natus debitis quos placeat, adipisicing tempora omnis At inventore voluptates incidi sunt amet, architecto illo ab incidi quibusdam rerum eaque et non excepturi suscipit commodi rerum voluptatem, eius non aut aut et autem minus consequatur, rerum inventore dunt, nisi ratione ratione distinctio. Debitis perferendis magnam aut dolor amet consectetur odio praesentium et voluptatibus sit sint, beatae dunt, ipsum, inventore eum aut reiciendis non reprehenderit, dolor aliquid quo quisquam provident, sit aut quo qui quibusdam dolorem quos unde magnam eveniet, incidi molestiae ea nesciunt, saepe quam debitis sit possimus, architecto architecto incidi aperiam aperiam obcaecati eos earum omnis ut sit, et dolore ipsam dolores corrupti, dolor et quia iste doloremque aperiam veniam, doloribus et molestias aut perspiciatis, quam eveniet, et quas sit aspernatur Et quae facere quisquam Sed aut blanditiis consequuntur et earum Ut eligendi voluptas minima molestiae expedita ea dignissimos voluptas facere et veniam, ea ea ex et do sit voluptas incidi reprehenderit, voluptatem commodi quia esse, qui quasi sit officia mollitia doloribus elit.\r\n  Suscipit hic est, omnis illum, doloremque provident, error reprehenderit, voluptatem nihil necessitatibus consequatur quod enim illum, quasi et distinctio. Necessitatibus eos, sit Lorem amet id animi, dolor harum et id, inventore natus unde sapiente et et voluptatum molestias qui in ab iure cupiditate sint et dicta elit.\r\n  Rerum blanditiis quae aperiam atque ab ad sit quo similique perferendis sint Quis quae reiciendis esse, omnis fugiat, corrupti, cupiditate dicta aspernatur velit, porro cupiditate Itaque explicabo.\r\n  Voluptatem aspernatur in a est dignissimos ut voluptatem. Laboriosam, cupiditate reprehenderit, iste molestias Ut nihil facilis incidi maiores optio, autem ducimus, suscipit perferendis cum dolorum sequi quis excepturi quis obcaecati laborum iusto ipsa, obcaecati incidi officia officia est et doloremque modi quod quasi tenetur voluptatem, quas qui nihil voluptatum consequatur? labore voluptatem, dolor tempora non nulla accusamus non Nemo tenetur rerum Temporibus vel elit. Dolorum dicta dolorem ut dolores omnis omnis et optio, repellat.\r\n  Quam et debitis voluptas quidem Et sunt, sint, nesciunt, fuga. Nostrum non officiis sequi dicta ut Et voluptatibus praesentium autem velit molestias error numquam iure suscipit laudantium, iure voluptatem. Hic molestiae veniam, nobis excepturi rem sint quisquam tempora quos aspernatur quidem porro perspiciatis, a quis rerum sunt magnam fugiat, consequatur, est, dicta et vitae atque reiciendis dolores omnis incidi expedita perferendis nesciunt, inventore libero aut sed sunt illo fugiat, est, velit, sequi consequatur, ut aspernatur saepe quia est, sequi quo incidi sit earum eveniet, sed quo quibusdam ut ducimus, sit, sunt, et ut qui non dolor iure delectus, quis alias consequuntur animi, magni fuga.\r\n  Praesentium sit eos, omnis sit eos saepe doloribus commodi laudantium, eum amet molestiae rem reprehenderit, non provident, aut et sapiente sunt, magnam voluptates nulla incidi quae consequuntur At placeat, eos, Itaque exercitationem molestiae sunt, magni et laborum aperiam et veritatis quia sit corporis qui Nemo aut quia quod et fugit, libero rerum eos provident, suscipit aut libero dolores laboriosam, et assumenda ut tenetur modi velit explicabo. Nesciunt, ea consectetur laboriosam, molestiae est voluptatem provident, vero enim Quis dolor iusto aut sunt, ab assumenda eos consequatur odio enim nostrum veritatis aut est natus non sed quia aspernatur Ut autem quos sunt autem eaque labore molestiae Nam saepe amet sit, Nemo Temporibus quaerat quia delectus, aut autem earum cum ipsum modi debitis perferendis perspiciatis, recusandae.\r\n  Neque quasi in dolores odio accusantium dolorem nisi voluptatem, atque tempora sint velit quos laudantium, obcaecati eum Quis earum corporis excepturi nihil dunt, ad impedit, similique nesciunt, eligendi laborum ipsam natus rerum consectetur fugiat, At autem deleniti quod dolorem nobis exercitationem praesentium qui aut aut.\r\n', NULL, 'caiosantossp@gmail.com', 'financeiro', 1, 'trash', 0, 1450742990);
INSERT INTO `p_messages` (`id`, `sender_name`, `title`, `body`, `target`, `email`, `category`, `checked`, `folder`, `important`, `date`) VALUES
(25, 'Caio Silva', 'Mensagem de Teste', '  Lorem ipsum dolor sit amet, consectetur adipisicing elit. Autem omnis et qui impedit, delectus, nostrum et quia rerum quia vero repellendus. Distinctio. Odio libero necessitatibus voluptate quas culpa, rerum molestias aut nisi soluta voluptatem, obcaecati ut repudiandae accusantium est facere sed qui est id corporis reiciendis corporis corrupti, illum, nesciunt, autem neque excepturi dolor aut vel esse, corrupti, enim quaerat eos, dicta optio, maiores non corporis officiis consequuntur voluptate praesentium sit eligendi aperiam cumque vel molestiae Nam Temporibus aperiam porro totam pariatur? quam Et vero ea consequuntur adipisicing voluptatem voluptatem. Illum, explicabo.\r\n  Facere et veritatis sit consectetur Et elit. Quod maxime sequi adipiscing vero laudantium, veniam, quo voluptatem, molestiae quia debitis reprehenderit, Nam accusantium esse, facere consequatur? officiis eaque tenetur sit magnam tempore, iusto ea nobis blanditiis sit, quo enim maiores voluptatum corrupti, qui architecto id cupiditate molestiae Temporibus et aut harum ipsum Itaque impedit, quam expedita eos, magnam assumenda ipsam voluptatem.\r\n  Sint Itaque provident, officia qui omnis eum rerum quo perspiciatis, velit unde quia enim id totam repellat.\r\n  Quia harum sequi aut molestiae facilis recusandae. Voluptatem libero aut commodi recusandae. Quaerat iusto autem officiis veniam, ut Nam quia rerum eos, magni quae ad et aut ad et eum totam quaerat provident, qui doloremque iusto adipiscing sunt, numquam enim qui ratione rerum rerum minus ad id, quia ipsum, pariatur? ut fugit, cum eos sed quasi Quis esse, vel iusto rerum blanditiis non ducimus, enim asperiores vitae vel vitae vel corrupti, quidem mollitia pariatur? similique qui et autem obcaecati voluptas alias voluptatibus enim et eum officia quibusdam ut explicabo.\r\n  Laudantium, hic consequatur? in aperiam ea id, At iusto nesciunt, vitae sit et mollitia Itaque ad blanditiis Ut Lorem soluta et maiores quasi voluptatem quam id, recusandae. Tenetur dolor ut amet, consequuntur nostrum mollitia quia possimus, in dolor minima fuga. In et sunt qui aut sequi tenetur perferendis perferendis amet aut inventore magnam autem sint quia saepe Temporibus vero dolor officiis tempore, ratione pariatur? omnis ut repellat.\r\n  Fuga. Aut voluptatem do qui similique sed Nam praesentium consectetur et debitis neque repellendus.\r\n  Est tempore, quam odio voluptatum adipisicing suscipit eum cumque sint, perferendis voluptas officia perferendis Et laudantium, est iusto sunt, asperiores voluptatem minus velit, placeat, minima ducimus, nulla porro possimus, ad qui consequatur, veritatis sapiente sit harum alias ea ipsam tempore, ipsa, sunt, dignissimos est architecto dolor repellendus. Omnis perferendis facere repudiandae nihil quae harum Nemo mollitia neque corporis nihil et officiis perferendis expedita possimus, iste Quis quo fugiat, corrupti, pariatur? quas libero ab minima rerum minima eos, laborum magni quia vel inventore consequatur corrupti, voluptas beatae sit error pariatur? est mollitia corporis tempore, suscipit magni quod Temporibus repellat.\r\n  Autem pariatur? rerum odit non do error amet, voluptas tempore, voluptatem expedita quisquam et harum autem ipsam Temporibus et qui veniam, eveniet, et nihil cupiditate sed doloribus consequatur? dicta perferendis cum blanditiis fugiat, est eligendi enim asperiores assumenda sit, quo ducimus, suscipit est, assumenda libero reiciendis deserunt sint facere id, quasi odit id amet, reiciendis eius eius delectus, tempore, iure tenetur vel Sed reprehenderit, aut maxime quas sit, sint, id, fuga.\r\n  Fugit, delectus, consectetur hic molestiae et repellendus. Nihil voluptatibus sint quia aut aut quam sed assumenda sequi tempore, est expedita impedit, qui molestiae blanditiis repellendus. Consequuntur obcaecati minus laboriosam, assumenda libero commodi est in quasi quos minima et dignissimos consectetur impedit, et Nemo ipsum, autem consequatur consequatur, atque Nam voluptatem minima reiciendis dicta aut maxime sequi quia commodi adipisicing ducimus, est, optio, Lorem sit ea architecto molestias maxime Nam odit totam fugiat, Nam nesciunt, quo voluptatum dolores consectetur aut ut dolorem iusto non in quo rerum ut laborum explicabo. Suscipit est ipsum, aliquid illo exercitationem ut et beatae qui asperiores in reiciendis sequi autem et eum est distinctio. Sed tempora eveniet, voluptas perspiciatis, cumque qui odit laborum optio, voluptatum ad Sed dolor esse, ea unde exercitationem iusto quia nostrum dolores voluptatem molestias in impedit, voluptatem minima eum voluptate et possimus, id, consequatur, obcaecati dolor dolor vitae adipisicing reiciendis sint quas labore tenetur excepturi voluptas enim officia magni earum rerum atque dicta voluptatem, eos, quod a consectetur sit, reprehenderit, soluta quo dolor et consectetur repudiandae quis accusamus perspiciatis, nisi fugiat, sapiente adipisicing et ut sunt mollitia qui eius eveniet, aut quisquam quam incidi nisi fuga.\r\n  Aut quia omnis Nam totam rem adipiscing Ut perferendis mollitia recusandae. Totam autem alias illo sed officiis nobis maiores veritatis doloremque aut non tempora et obcaecati distinctio. Soluta eaque adipisicing iste et est vitae asperiores iste illum, aut est ea dolor facere debitis aut non voluptatem, Temporibus animi, vitae reiciendis cum asperiores ipsum, doloremque ut voluptates possimus, minima sunt sint corporis fuga. Repellendus. Et minus tenetur eligendi quod tempore, obcaecati nihil officia quod excepturi et rerum praesentium eaque Itaque quibusdam quia dolorem tempore, aut cupiditate ullam eveniet, ut ipsa, fuga.\r\n  Hic qui nisi amet sed magnam unde aperiam ipsa, animi, aut est voluptate molestiae ab suscipit laudantium, sed dunt, rerum enim voluptatum animi, magnam qui doloremque nesciunt, dolorem sit, hic reprehenderit, inventore autem debitis exercitationem Nam eos, consequatur? omnis eius inventore fuga. Praesentium aut aut doloribus dolor veniam, tempora quia tempore, et saepe ipsa, beatae ut ut exercitationem beatae dolor quibusdam porro quidem rerum non iure hic doloremque consectetur quisquam odit aut incidi cumque sit, qui eligendi vel ut rem sunt non repellat. Beatae nihil accusantium voluptas molestias et veniam, debitis natus ipsa, qui qui Sed blanditiis id, consectetur optio, cumque et vero delectus, veritatis do corporis dolor corporis iste similique corporis blanditiis quis pariatur? accusantium iure sit et quod autem et et At voluptatem Ut ducimus, similique enim et aliquid rerum in reiciendis eveniet, praesentium dolor consectetur deleniti mollitia ut neque accusantium non excepturi quos perferendis laudantium, deserunt animi, necessitatibus illo nesciunt, expedita sunt non eaque qui delectus, est, doloremque enim aut At dunt, voluptatem quasi quos aliquam rerum sit laborum ut dolore quos blanditiis delectus, voluptatum culpa, molestias quia pariatur? expedita illum, quia veniam, placeat, voluptatem. Et animi, quasi quod eos, reprehenderit, debitis et error eos, error ut sint sit id qui deleniti obcaecati ipsa, est, est, Ut minus perferendis aut natus enim animi, ut maiores consequatur? elit.\r\n  Est, debitis amet, et consequuntur laudantium, et quia nisi omnis amet eaque incidi rerum et ea architecto aut minus non voluptatibus culpa, maiores ut ut nostrum non optio, aliquid delectus, dunt, porro omnis magnam hic adipisicing ea autem velit, repellendus. Ducimus, rerum doloribus vel culpa, ut qui non consequuntur molestiae dolores debitis in tenetur quia quibusdam porro maiores dolor fugit, quia eum sit similique iure ut doloremque non incidi molestiae voluptatibus repudiandae Temporibus aut magnam illum, minima Itaque sunt, blanditiis ut cum vel necessitatibus et similique expedita hic molestias Lorem beatae non fugiat, sunt, odio maiores aspernatur non sit qui et neque nisi ullam quia nobis repudiandae qui id unde ipsam eaque id, quos alias quam est, harum ex aut quidem accusamus minus voluptatem dolorum quaerat quia necessitatibus asperiores velit nostrum eos facilis quod a recusandae. Vel sequi eveniet, culpa, dunt, id ipsum, numquam voluptatem, fugiat, amet, voluptatum nostrum et dicta aspernatur aut repellendus. Facilis nulla non ab laudantium, quaerat sint consectetur amet qui officiis nihil dolorum cum consequatur? elit. Ut atque dolores aliquam aut quos totam tempora quo perspiciatis, voluptatem, tempora sed saepe quibusdam repellendus. Fugit, et sapiente voluptate aliquam possimus, est, omnis iusto laborum doloremque doloribus quis nisi voluptatum corrupti, eligendi optio, consequuntur autem eaque doloribus eveniet, qui do rem vitae voluptatem, Itaque quasi aperiam veritatis consectetur perspiciatis, deleniti ad quibusdam autem ex ut pariatur? vel suscipit non et asperiores fugiat, mollitia est et fugiat, et rerum suscipit inventore elit. Fugit, nisi veniam, consectetur nulla corporis incidi quasi cumque aspernatur maiores sed deleniti illum, dolorum repellat.\r\n  Doloribus tenetur amet soluta officia maxime dolores quis consequuntur est ut dolorum consequatur dolores illo quaerat et non nobis eos, eligendi pariatur? corporis distinctio. Doloribus nesciunt, ea doloribus qui Sed aut corrupti, eius distinctio.\r\n  Inventore dolore in modi voluptatem accusantium sit omnis animi, quasi suscipit ducimus, est voluptatem, id, voluptas dolorum aut ipsum, commodi aut vel et sit, ipsam ut enim est quia ut Sed eius sequi laborum cupiditate non nobis sunt magnam Quis cumque soluta dolor At recusandae. Voluptatem molestias asperiores dunt, omnis aspernatur omnis sint aliquam asperiores id, qui soluta asperiores corporis minus do cupiditate velit sapiente tenetur nesciunt, atque velit, mollitia ad unde est et voluptatibus nihil alias praesentium esse, non obcaecati culpa, beatae pariatur? dolor quasi dunt, fugiat, saepe incidi non mollitia cupiditate accusamus Nemo praesentium molestiae nostrum aspernatur impedit, sit et est, tempore, qui id, nesciunt, consequatur? minima rerum Nam dolor minima aut vero nostrum repellat. Saepe sed assumenda accusamus omnis minima Et ut aut eaque atque sunt ipsam explicabo. Dolores quia sunt, perspiciatis, similique officiis nihil in nesciunt, sunt sed sint, sunt accusantium pariatur? nulla quia voluptatem. Nam id, fugiat, dolores ut veritatis dolorem omnis ipsum, distinctio. Ipsum ipsa, molestiae in reiciendis et do quia dolore qui est, asperiores blanditiis Ut voluptas quibusdam et quas delectus, in nisi voluptate doloremque quia voluptatum ut dolore et accusantium non et laudantium, corporis non expedita Ut ut unde odio animi, et ullam mollitia architecto nobis quia consequatur quam omnis rerum delectus, ratione laboriosam, elit. Ut aut quibusdam consequatur? voluptas qui eum ducimus, eos, quisquam hic et velit, vel voluptatem Temporibus voluptates sint alias.\r\n', NULL, 'caiosantossp@gmail.com', 'financeiro', 1, 'trash', 0, 1450747675),
(26, 'Caio Silva', 'Mensagem de Teste', '  Lorem ipsum dolor sit amet, consectetur adipisicing elit. Culpa, Sed facilis tempora voluptatum et qui harum sunt nisi omnis Sed qui pariatur? eos, ad qui tempora Sed velit corrupti, sint, ea dolores sequi iusto quia ipsam Sed natus doloremque et aperiam quod sit animi, magnam nesciunt, quis Lorem similique quia Sed do Nam est, id asperiores ducimus, quidem ea sit, labore voluptates nostrum ducimus, reprehenderit, laborum distinctio. Possimus, odit dolor dolores quia eum aut Quis repudiandae aut totam quae asperiores ullam Temporibus porro doloremque dolor voluptas minus numquam asperiores quasi quia quis fuga. Consequatur? enim voluptas porro et culpa, et vero voluptas possimus, consequatur accusantium cumque sit sit, eligendi reprehenderit, amet, sit pariatur? et omnis tempora voluptatem, est, eum Ut dolores explicabo. Praesentium odit illo est, voluptas eligendi est accusantium tenetur vel iste sit dolor inventore odit perspiciatis, ducimus, consequuntur iste ab sit eveniet, ea ratione quidem necessitatibus deleniti earum adipisicing molestias dolores dolores facere incidi Quis labore eaque quasi laboriosam, ut excepturi reprehenderit, omnis voluptates ducimus, nesciunt, hic explicabo. Qui illum, rerum est expedita voluptatum iusto tempora eum praesentium a expedita fugit, cum natus cupiditate rem Nemo nobis molestiae odit quis delectus, sequi consectetur voluptas voluptate qui mollitia non magni rerum ex totam quas Nemo deserunt sit, voluptate odit est ut non aut quia alias deleniti est, quasi aliquam tempore, do Nam fuga. Ratione amet, neque repudiandae rerum eum omnis aliquam pariatur? vel qui quia excepturi consequatur exercitationem quis ullam numquam et iusto consectetur hic possimus, laboriosam, velit, et facilis elit.\r\n  Quia omnis quam adipiscing adipiscing nostrum qui Nam eos, qui dolor officia totam velit velit, error debitis mollitia iure sit, amet, amet, reprehenderit, ut est, debitis porro nostrum voluptatum dolor similique et tempora beatae dicta et fugiat, Ut magnam Nam tenetur excepturi laboriosam, consectetur ipsa, dolorum laudantium, voluptatibus ad pariatur? dicta exercitationem et corrupti, dolore veniam, in deleniti eligendi iste debitis ut et odit eos iste quod voluptatem ut explicabo.\r\n  Optio, dolores ad debitis molestiae iure omnis consectetur perferendis alias animi, At ducimus, adipisicing non ut quas est aperiam quam ipsa, Lorem deserunt similique iste ea rerum in quas quo voluptas quis distinctio.\r\n  Est, sunt provident, rem hic obcaecati error et quia cupiditate cupiditate rem mollitia est, optio, est distinctio. Est laboriosam, fugiat, omnis rerum sequi amet molestiae soluta ipsa, necessitatibus molestiae velit, beatae sunt, rerum eos, laudantium, odio amet laborum distinctio. Tempora voluptas praesentium qui deleniti magnam eius qui inventore facilis aut earum atque dolores magni rem maiores do reiciendis in corrupti, eaque dolores pariatur? eius est quae deleniti ad dolor qui dolorum in eaque sit porro autem voluptatum harum et numquam laborum quam sint sint dolorum doloribus rerum dolor ut labore dolores iste sapiente sunt, Ut obcaecati quisquam aut ipsum totam ea fuga.\r\n  Consequatur aut ipsum odio et iusto rerum veniam, omnis nihil consectetur tempore, eligendi ipsam soluta est vel Ut cumque vel qui dicta laudantium, soluta quae totam repellendus. Quo qui beatae est et vitae dunt, est, dolorum quia obcaecati tempore, consequatur non molestiae tempore, laudantium, porro voluptate qui dolores quisquam adipisicing veritatis exercitationem ab rerum molestiae odit quidem sit alias adipiscing fugit, Nam autem dunt, voluptatem quae elit.\r\n  Expedita cumque est, sunt ipsum, Lorem et dolorem voluptate numquam veritatis facilis ut nesciunt, illo Quis illo quos sint, assumenda officia quos inventore aut et reiciendis aut nisi sit eos, id quod asperiores hic vel qui hic sit, eligendi laboriosam, quam eveniet, architecto omnis et neque qui voluptatem Temporibus saepe natus dolorem quam quia ad est, architecto iusto nesciunt, aut impedit, recusandae. Et consequatur? Sed id, et quod sed eaque est dunt, molestiae placeat, dignissimos quia ut ut iste eaque Itaque At dolorem sed Ut exercitationem aut quos blanditiis non voluptas dignissimos nisi quis ipsum autem sit, quas neque minima quidem Itaque Et excepturi expedita sit id, optio, et Temporibus officiis quas veniam, quasi molestiae tempore, eum optio, magnam ipsa, nisi necessitatibus officia voluptas dolorem mollitia ipsum, consequatur? adipiscing illum, facere Lorem commodi eum excepturi voluptatem, id, ut rerum quam dolorem quod ipsa, non recusandae.\r\n  Consequatur? quo Nam nulla fugit, quas sed sit rerum rerum sit numquam voluptatem, impedit, veritatis voluptatem, magni obcaecati minus ad ex quia numquam sint in quae ipsum quae adipisicing consectetur molestiae qui placeat, voluptatem asperiores repellat. Aut dolor rerum voluptatem adipiscing adipisicing voluptatem voluptatem dicta exercitationem amet cumque aspernatur sunt sed quis ut ab autem error inventore delectus, totam beatae autem vero hic mollitia pariatur? rerum eum et a voluptatem id, sequi qui adipisicing non ullam aliquid blanditiis voluptas atque sequi enim aut aut velit omnis quisquam voluptatum impedit, ut facilis ratione necessitatibus culpa, voluptates ut voluptatum nisi dicta pariatur? provident, hic optio, voluptates reiciendis accusantium sed veniam, sunt in consequatur eveniet, dolor aut doloremque do minus incidi repudiandae ducimus, culpa, molestias quod At sit dolorum delectus, debitis ab eaque suscipit cum Sed voluptas sunt asperiores porro a ad voluptates nisi magnam impedit, quisquam do et et ipsa, aspernatur qui mollitia repellendus.\r\n  Minima quaerat voluptatem, incidi ratione dolor ex obcaecati adipisicing iure maxime mollitia vel omnis molestias voluptas a elit.\r\n  Est sit esse, qui dolor blanditiis nobis sed est, atque minima est maiores distinctio. Quia aut ipsam facilis deleniti odit voluptas ullam aut molestias autem velit Quis quis qui et ab quo aperiam est excepturi mollitia autem recusandae. Ut sed sunt dolor Sed At numquam asperiores dolorum elit. Saepe sed consequatur libero voluptas aliquid qui dolorem placeat, et aut et eum reiciendis atque vitae cupiditate ut natus iusto doloremque aliquam dolores rem quis cum ullam minima eum ex aut ut excepturi tenetur doloremque autem quaerat quia fuga. Ducimus, accusantium vero pariatur? deserunt id voluptas harum Nam distinctio. Sapiente aut velit fuga.\r\n  Et explicabo. Laborum possimus, esse, do soluta et cum inventore et iure dolor eveniet, elit. Ea iusto sit ab distinctio. Autem voluptate illum, hic aliquid minima ut et non quia quia incidi totam cum non dolor do exercitationem sapiente quia Temporibus qui iste aut dignissimos velit consequatur? blanditiis praesentium quia non commodi provident, facere enim error odit impedit, aut est, iste eum Nemo beatae quia id, voluptatibus dolorem aut non animi, adipisicing vitae expedita voluptates Et consequuntur ut adipiscing id, illum, deleniti ratione sunt, suscipit atque consequuntur voluptatum veniam, nostrum ut commodi repellendus.\r\n  Perspiciatis, voluptatem. Nulla accusamus vero vel sequi dignissimos praesentium reiciendis ea velit, voluptas maxime qui reiciendis non voluptas aut vel ducimus, quo sunt voluptatem, voluptatem, ut blanditiis deleniti rerum Nemo enim non dolorem est ea natus beatae fuga. Rerum officia aperiam ipsum dolor et praesentium quod fugit, nobis doloribus provident, dunt, cumque velit, consequatur, tenetur dunt, laudantium, pariatur? consequuntur voluptatem laborum quasi Nam minima deleniti quod dolorem sed aliquid voluptatem aut dolorem nesciunt, id, laboriosam, voluptas deleniti corrupti, qui praesentium neque et voluptatem.\r\n  Quia officiis quam omnis accusantium quidem quo fugit, iure repudiandae minus quisquam ut totam deserunt provident, unde aut necessitatibus repellendus. Fuga. Odit amet amet, commodi aut minima reiciendis atque mollitia est, totam qui voluptates id, Sed aperiam quisquam hic necessitatibus consequatur, magnam reiciendis voluptatem, asperiores ipsum dolore aut autem rerum ducimus, amet et quibusdam sed et perspiciatis, mollitia dolorem non magnam labore facilis aut nesciunt, eum ut incidi est est, consequuntur qui aspernatur quia ex voluptas sit, optio, unde consectetur Et quas quia assumenda ea atque ad qui quia eveniet, explicabo. Aut voluptate qui quis Ut minus explicabo.\r\n  Asperiores laboriosam, ad voluptatem, est, vero labore corrupti, voluptatum voluptatem.\r\n  Quia qui quasi deserunt qui vel aspernatur voluptas quis dunt, sunt, et sed molestias doloremque praesentium aut officiis expedita aspernatur aut vitae et consectetur voluptatibus eaque voluptatem. Id facilis debitis saepe quis doloribus accusamus non molestiae distinctio.\r\n  Necessitatibus sit do nihil ipsum, rerum iusto autem non ea qui eaque consectetur quidem provident, numquam id distinctio. Porro aliquid nostrum inventore quia optio, ab et nisi atque voluptatum qui voluptate in ut reiciendis non assumenda voluptas est Nam delectus, labore omnis nesciunt, iste voluptate vero expedita magni consequuntur consequatur sint, deleniti aperiam earum Ut fugit, impedit, cumque minus ad aliquam ipsum, elit.\r\n  Ratione a voluptatem soluta harum placeat, harum omnis cupiditate a ipsa, illo quam omnis modi et possimus, a adipiscing repudiandae aut sunt ipsa, in ea ut elit. Nemo natus consectetur veniam, Lorem rem beatae harum et Temporibus soluta voluptas quo et cupiditate dolor laborum ut reiciendis vel voluptates est, suscipit optio, repudiandae vel ea incidi nostrum iure ab vero qui quasi recusandae. Natus eos, illo voluptates maiores cupiditate est est, dolor ut eum ratione recusandae. Voluptas aliquid et doloremque recusandae.\r\n  Corporis numquam cumque qui quibusdam consectetur cupiditate optio, id, quibusdam est, dolor aut et aut atque nisi facere debitis enim incidi eaque adipiscing et eos, reprehenderit, nobis inventore nulla id consequatur? rerum perferendis magni Quis repellendus. Accusantium et adipiscing recusandae. Quia saepe quia consectetur velit qui eaque et a aliquid Quis sequi nobis in laborum fugiat, optio, qui quia consequuntur Nemo aut ut deleniti elit.\r\n  Non sed voluptatum doloremque consequatur, ea neque nihil a voluptas rerum adipiscing eligendi velit, est repellat. Minima laborum ducimus, explicabo. Cumque aliquam sit reiciendis eligendi in doloribus animi, modi sint, rerum et Et ad minima sapiente Nemo modi eligendi adipisicing quos pariatur? modi incidi nulla enim Et eos, a quibusdam architecto rerum consequuntur aut id alias autem mollitia sunt quia quia voluptas doloremque ipsum voluptates eum delectus, omnis eligendi facilis doloremque ad est, exercitationem dolorum quo est suscipit ipsum Et qui beatae ex qui tempora quae consequatur? quia cumque totam ut doloremque et laboriosam, totam qui aut ut et excepturi nobis cupiditate asperiores dolor adipisicing et quod quo ipsa, maxime molestiae aliquam rerum molestiae possimus, qui amet, quisquam ea id, ut est aut a voluptas ut eum elit. In tempore, provident, sunt nobis deserunt dolore accusamus reprehenderit, autem quaerat sapiente id, velit, officiis dolores eos saepe et alias mollitia odit distinctio. Et vel blanditiis hic molestiae deleniti deleniti nesciunt, sequi neque repellat.\r\n  Et voluptatem. Adipisicing et do voluptas sed sit, ea tempore, natus consectetur facilis expedita ea reprehenderit, amet corrupti, Ut nihil aspernatur non quia optio, et qui ipsum vitae illum, molestiae facilis natus dolor tempore, voluptatibus praesentium dignissimos voluptatem, nobis repellat. Omnis amet obcaecati et tempore, aperiam est, magnam reprehenderit, dolores voluptas nobis necessitatibus quia in quis numquam minus ut eos, dolorem sapiente molestiae dolorem molestiae doloremque est, doloremque dolor assumenda doloribus in ab excepturi quia et quidem elit.\r\n  Quia cupiditate et earum dolorem elit. Voluptates ut ad quo et eveniet, distinctio. Sunt, similique veritatis alias est ut maxime quidem dolores sint ut facere nobis unde dolor aut dolores voluptate laborum sunt, aut facilis et saepe iste ipsa, officia quos aut corporis similique architecto omnis eligendi quae optio, facilis repudiandae esse, dunt, facere omnis vitae odio officiis alias voluptas laudantium, vel eos, qui commodi hic sapiente do doloribus omnis alias deleniti Sed minima neque ipsam ea ipsum ipsum, fugit, et voluptatem, animi, natus alias consequatur, aut vero quaerat quia accusantium consequatur? et adipiscing culpa, perspiciatis, ratione quos magnam dolores in incidi facere est Et omnis autem architecto natus illo incidi impedit, sit ipsum dolor quisquam vel elit. Fugit, aut velit, placeat, explicabo. Ad accusamus sed voluptatum consequuntur voluptas corporis ut voluptatem vel distinctio.\r\n  Autem laborum consectetur et et et enim aut explicabo. Unde dolore consectetur.\r\n', NULL, 'caiosantossp@gmail.com', 'financeiro', 1, 'trash', 0, 1450751428),
(27, 'Caio', 'Re: Mensagem de Teste', '\r\n\r\n            <br><br>Atenciosamente,<br><strong>Caio</strong><br><br>\r\n\r\n\r\n            <div class="email-reply-text">\r\n                <p>\r\n                    Caio Silva <span class="text-primary"><caiosantossp@gmail.com></span> para Cartas Ciganas em uma hora\r\n                </p>\r\n\r\n                <div>\r\n\r\n                    <p>  Lorem ipsum dolor sit amet, consectetur adipisicing elit. Autem omnis et qui impedit, delectus, nostrum et quia rerum quia vero repellendus. Distinctio. Odio libero necessitatibus voluptate quas culpa, rerum molestias aut nisi soluta voluptatem, obcaecati ut repudiandae accusantium est facere sed qui est id corporis reiciendis corporis corrupti, illum, nesciunt, autem neque excepturi dolor aut vel esse, corrupti, enim quaerat eos, dicta optio, maiores non corporis officiis consequuntur voluptate praesentium sit eligendi aperiam cumque vel molestiae Nam Temporibus aperiam porro totam pariatur? quam Et vero ea consequuntur adipisicing voluptatem voluptatem. Illum, explicabo.\r\n  Facere et veritatis sit consectetur Et elit. Quod maxime sequi adipiscing vero laudantium, veniam, quo voluptatem, molestiae quia debitis reprehenderit, Nam accusantium esse, facere consequatur? officiis eaque tenetur sit magnam tempore, iusto ea nobis blanditiis sit, quo enim maiores voluptatum corrupti, qui architecto id cupiditate molestiae Temporibus et aut harum ipsum Itaque impedit, quam expedita eos, magnam assumenda ipsam voluptatem.\r\n  Sint Itaque provident, officia qui omnis eum rerum quo perspiciatis, velit unde quia enim id totam repellat.\r\n  Quia harum sequi aut molestiae facilis recusandae. Voluptatem libero aut commodi recusandae. Quaerat iusto autem officiis veniam, ut Nam quia rerum eos, magni quae ad et aut ad et eum totam quaerat provident, qui doloremque iusto adipiscing sunt, numquam enim qui ratione rerum rerum minus ad id, quia ipsum, pariatur? ut fugit, cum eos sed quasi Quis esse, vel iusto rerum blanditiis non ducimus, enim asperiores vitae vel vitae vel corrupti, quidem mollitia pariatur? similique qui et autem obcaecati voluptas alias voluptatibus enim et eum officia quibusdam ut explicabo.\r\n  Laudantium, hic consequatur? in aperiam ea id, At iusto nesciunt, vitae sit et mollitia Itaque ad blanditiis Ut Lorem soluta et maiores quasi voluptatem quam id, recusandae. Tenetur dolor ut amet, consequuntur nostrum mollitia quia possimus, in dolor minima fuga. In et sunt qui aut sequi tenetur perferendis perferendis amet aut inventore magnam autem sint quia saepe Temporibus vero dolor officiis tempore, ratione pariatur? omnis ut repellat.\r\n  Fuga. Aut voluptatem do qui similique sed Nam praesentium consectetur et debitis neque repellendus.\r\n  Est tempore, quam odio voluptatum adipisicing suscipit eum cumque sint, perferendis voluptas officia perferendis Et laudantium, est iusto sunt, asperiores voluptatem minus velit, placeat, minima ducimus, nulla porro possimus, ad qui consequatur, veritatis sapiente sit harum alias ea ipsam tempore, ipsa, sunt, dignissimos est architecto dolor repellendus. Omnis perferendis facere repudiandae nihil quae harum Nemo mollitia neque corporis nihil et officiis perferendis expedita possimus, iste Quis quo fugiat, corrupti, pariatur? quas libero ab minima rerum minima eos, laborum magni quia vel inventore consequatur corrupti, voluptas beatae sit error pariatur? est mollitia corporis tempore, suscipit magni quod Temporibus repellat.\r\n  Autem pariatur? rerum odit non do error amet, voluptas tempore, voluptatem expedita quisquam et harum autem ipsam Temporibus et qui veniam, eveniet, et nihil cupiditate sed doloribus consequatur? dicta perferendis cum blanditiis fugiat, est eligendi enim asperiores assumenda sit, quo ducimus, suscipit est, assumenda libero reiciendis deserunt sint facere id, quasi odit id amet, reiciendis eius eius delectus, tempore, iure tenetur vel Sed reprehenderit, aut maxime quas sit, sint, id, fuga.\r\n  Fugit, delectus, consectetur hic molestiae et repellendus. Nihil voluptatibus sint quia aut aut quam sed assumenda sequi tempore, est expedita impedit, qui molestiae blanditiis repellendus. Consequuntur obcaecati minus laboriosam, assumenda libero commodi est in quasi quos minima et dignissimos consectetur impedit, et Nemo ipsum, autem consequatur consequatur, atque Nam voluptatem minima reiciendis dicta aut maxime sequi quia commodi adipisicing ducimus, est, optio, Lorem sit ea architecto molestias maxime Nam odit totam fugiat, Nam nesciunt, quo voluptatum dolores consectetur aut ut dolorem iusto non in quo rerum ut laborum explicabo. Suscipit est ipsum, aliquid illo exercitationem ut et beatae qui asperiores in reiciendis sequi autem et eum est distinctio. Sed tempora eveniet, voluptas perspiciatis, cumque qui odit laborum optio, voluptatum ad Sed dolor esse, ea unde exercitationem iusto quia nostrum dolores voluptatem molestias in impedit, voluptatem minima eum voluptate et possimus, id, consequatur, obcaecati dolor dolor vitae adipisicing reiciendis sint quas labore tenetur excepturi voluptas enim officia magni earum rerum atque dicta voluptatem, eos, quod a consectetur sit, reprehenderit, soluta quo dolor et consectetur repudiandae quis accusamus perspiciatis, nisi fugiat, sapiente adipisicing et ut sunt mollitia qui eius eveniet, aut quisquam quam incidi nisi fuga.\r\n  Aut quia omnis Nam totam rem adipiscing Ut perferendis mollitia recusandae. Totam autem alias illo sed officiis nobis maiores veritatis doloremque aut non tempora et obcaecati distinctio. Soluta eaque adipisicing iste et est vitae asperiores iste illum, aut est ea dolor facere debitis aut non voluptatem, Temporibus animi, vitae reiciendis cum asperiores ipsum, doloremque ut voluptates possimus, minima sunt sint corporis fuga. Repellendus. Et minus tenetur eligendi quod tempore, obcaecati nihil officia quod excepturi et rerum praesentium eaque Itaque quibusdam quia dolorem tempore, aut cupiditate ullam eveniet, ut ipsa, fuga.\r\n  Hic qui nisi amet sed magnam unde aperiam ipsa, animi, aut est voluptate molestiae ab suscipit laudantium, sed dunt, rerum enim voluptatum animi, magnam qui doloremque nesciunt, dolorem sit, hic reprehenderit, inventore autem debitis exercitationem Nam eos, consequatur? omnis eius inventore fuga. Praesentium aut aut doloribus dolor veniam, tempora quia tempore, et saepe ipsa, beatae ut ut exercitationem beatae dolor quibusdam porro quidem rerum non iure hic doloremque consectetur quisquam odit aut incidi cumque sit, qui eligendi vel ut rem sunt non repellat. Beatae nihil accusantium voluptas molestias et veniam, debitis natus ipsa, qui qui Sed blanditiis id, consectetur optio, cumque et vero delectus, veritatis do corporis dolor corporis iste similique corporis blanditiis quis pariatur? accusantium iure sit et quod autem et et At voluptatem Ut ducimus, similique enim et aliquid rerum in reiciendis eveniet, praesentium dolor consectetur deleniti mollitia ut neque accusantium non excepturi quos perferendis laudantium, deserunt animi, necessitatibus illo nesciunt, expedita sunt non eaque qui delectus, est, doloremque enim aut At dunt, voluptatem quasi quos aliquam rerum sit laborum ut dolore quos blanditiis delectus, voluptatum culpa, molestias quia pariatur? expedita illum, quia veniam, placeat, voluptatem. Et animi, quasi quod eos, reprehenderit, debitis et error eos, error ut sint sit id qui deleniti obcaecati ipsa, est, est, Ut minus perferendis aut natus enim animi, ut maiores consequatur? elit.\r\n  Est, debitis amet, et consequuntur laudantium, et quia nisi omnis amet eaque incidi rerum et ea architecto aut minus non voluptatibus culpa, maiores ut ut nostrum non optio, aliquid delectus, dunt, porro omnis magnam hic adipisicing ea autem velit, repellendus. Ducimus, rerum doloribus vel culpa, ut qui non consequuntur molestiae dolores debitis in tenetur quia quibusdam porro maiores dolor fugit, quia eum sit similique iure ut doloremque non incidi molestiae voluptatibus repudiandae Temporibus aut magnam illum, minima Itaque sunt, blanditiis ut cum vel necessitatibus et similique expedita hic molestias Lorem beatae non fugiat, sunt, odio maiores aspernatur non sit qui et neque nisi ullam quia nobis repudiandae qui id unde ipsam eaque id, quos alias quam est, harum ex aut quidem accusamus minus voluptatem dolorum quaerat quia necessitatibus asperiores velit nostrum eos facilis quod a recusandae. Vel sequi eveniet, culpa, dunt, id ipsum, numquam voluptatem, fugiat, amet, voluptatum nostrum et dicta aspernatur aut repellendus. Facilis nulla non ab laudantium, quaerat sint consectetur amet qui officiis nihil dolorum cum consequatur? elit. Ut atque dolores aliquam aut quos totam tempora quo perspiciatis, voluptatem, tempora sed saepe quibusdam repellendus. Fugit, et sapiente voluptate aliquam possimus, est, omnis iusto laborum doloremque doloribus quis nisi voluptatum corrupti, eligendi optio, consequuntur autem eaque doloribus eveniet, qui do rem vitae voluptatem, Itaque quasi aperiam veritatis consectetur perspiciatis, deleniti ad quibusdam autem ex ut pariatur? vel suscipit non et asperiores fugiat, mollitia est et fugiat, et rerum suscipit inventore elit. Fugit, nisi veniam, consectetur nulla corporis incidi quasi cumque aspernatur maiores sed deleniti illum, dolorum repellat.\r\n  Doloribus tenetur amet soluta officia maxime dolores quis consequuntur est ut dolorum consequatur dolores illo quaerat et non nobis eos, eligendi pariatur? corporis distinctio. Doloribus nesciunt, ea doloribus qui Sed aut corrupti, eius distinctio.\r\n  Inventore dolore in modi voluptatem accusantium sit omnis animi, quasi suscipit ducimus, est voluptatem, id, voluptas dolorum aut ipsum, commodi aut vel et sit, ipsam ut enim est quia ut Sed eius sequi laborum cupiditate non nobis sunt magnam Quis cumque soluta dolor At recusandae. Voluptatem molestias asperiores dunt, omnis aspernatur omnis sint aliquam asperiores id, qui soluta asperiores corporis minus do cupiditate velit sapiente tenetur nesciunt, atque velit, mollitia ad unde est et voluptatibus nihil alias praesentium esse, non obcaecati culpa, beatae pariatur? dolor quasi dunt, fugiat, saepe incidi non mollitia cupiditate accusamus Nemo praesentium molestiae nostrum aspernatur impedit, sit et est, tempore, qui id, nesciunt, consequatur? minima rerum Nam dolor minima aut vero nostrum repellat. Saepe sed assumenda accusamus omnis minima Et ut aut eaque atque sunt ipsam explicabo. Dolores quia sunt, perspiciatis, similique officiis nihil in nesciunt, sunt sed sint, sunt accusantium pariatur? nulla quia voluptatem. Nam id, fugiat, dolores ut veritatis dolorem omnis ipsum, distinctio. Ipsum ipsa, molestiae in reiciendis et do quia dolore qui est, asperiores blanditiis Ut voluptas quibusdam et quas delectus, in nisi voluptate doloremque quia voluptatum ut dolore et accusantium non et laudantium, corporis non expedita Ut ut unde odio animi, et ullam mollitia architecto nobis quia consequatur quam omnis rerum delectus, ratione laboriosam, elit. Ut aut quibusdam consequatur? voluptas qui eum ducimus, eos, quisquam hic et velit, vel voluptatem Temporibus voluptates sint alias.\r\n</p>\r\n\r\n                </div>\r\n\r\n\r\n            </div>\r\n\r\n        ', 'caiosantossp@gmail.com,contato@caiosilva.net', 'contato@cartasciganas.com', 'suporte', 1, 'trash', 1, 1450751969),
(28, 'Caio Silva', 'Mensagem de Teste', '  Lorem ipsum dolor sit amet, consectetur adipisicing elit. Est, obcaecati consequatur, quibusdam aliquam doloremque accusantium sint eligendi eveniet, est omnis Quis voluptatem nisi sunt iste unde eaque sequi vitae quo Temporibus eum numquam quod animi, aut numquam nihil id beatae et sit, perferendis voluptate quisquam natus veniam, amet, tenetur sit voluptatem minima architecto esse, elit.\r\n  Voluptas quasi ut qui et dolorem illo eos, error minus rem enim sit optio, illum, ullam a nihil aut fugit, vero quisquam dolores esse, eius consectetur aut autem est ut excepturi adipiscing sit perspiciatis, sapiente Itaque non error dicta voluptatem. Voluptatem expedita quasi repellat.\r\n  Quo a facilis exercitationem dicta dolorem provident, aliquam libero ut non quos corporis corporis molestiae adipisicing laborum qui voluptatem non commodi enim dolorum ducimus, expedita vero maxime qui deserunt maxime et aut libero nisi blanditiis saepe mollitia ratione nesciunt, aliquid aut rerum consectetur blanditiis dolor eum dolores reiciendis consectetur mollitia corrupti, iure perspiciatis, sed adipisicing cumque repellendus. Qui obcaecati earum fuga.\r\n  Amet qui sit qui molestiae consequatur? laborum enim reprehenderit, quia provident, maiores rerum quos asperiores et quia vel voluptatum vel voluptate Ut et non atque quibusdam rerum quo et numquam debitis omnis odio necessitatibus labore natus eius adipisicing ea optio, sed voluptatem libero voluptas deserunt distinctio. Rerum aut do minima in mollitia rerum ut dolor dignissimos ut quod veritatis fugit, qui sapiente est vero adipiscing omnis et do porro sint, dolores do enim impedit, aut quae illum, et consectetur omnis sequi tenetur molestiae delectus, voluptates est fugiat, quo iusto cupiditate aut qui praesentium libero eligendi aut iusto excepturi aut placeat, quisquam id, veritatis quas ducimus, ipsa, facilis laudantium, ut Lorem et odit a quis vitae repellendus.\r\n  Sint, harum velit, et rerum necessitatibus quaerat fuga. Non tempora rerum est dignissimos est repellendus.\r\n  Quia tenetur sint minima voluptates et quia totam quibusdam in qui laborum maxime necessitatibus modi dolorem voluptas earum vel omnis consectetur sunt, quod quia in et earum ut eum optio, qui tempore, harum quasi quasi quos Sed exercitationem laborum eveniet, omnis molestiae ducimus, quibusdam id, et voluptatem. Voluptas facere sit ab delectus, facere numquam aliquid At sequi iure perferendis Lorem mollitia distinctio. Officiis modi omnis qui ipsum rerum non recusandae.\r\n  Nemo quidem aut eum mollitia ipsum incidi laborum illo sit consequatur, aliquid dolorum ut in explicabo. Culpa, assumenda nobis enim excepturi excepturi laborum reprehenderit, necessitatibus et sit, aspernatur quas in ut incidi sunt quibusdam Lorem culpa, sit, laborum optio, iure odit aut explicabo.\r\n  Temporibus quia porro illum, et ipsum aut tempore, sint, iusto consequuntur illum, est, veniam, est aut autem consectetur fugit, vel aut fugit, enim unde eveniet, earum vel accusantium veritatis similique sed reiciendis a At in voluptatem eos labore omnis sit, voluptates consectetur id Nemo corporis Ut consectetur porro nostrum dolores tempore, qui nisi sint non sed omnis maxime Ut delectus, eum culpa, molestiae ullam sed minima in libero rerum amet recusandae. Corrupti, est fuga. Sapiente aliquam repellat.\r\n  Laboriosam, atque molestiae Et commodi rerum voluptatem veniam, quia et sed iusto earum deserunt adipisicing deserunt nostrum numquam deleniti repellat. Aut est numquam enim eos qui qui eos sapiente veritatis ut eos Sed culpa, alias cum et quaerat non iure sunt esse, veniam, tempora illum, iste harum facere provident, harum ut omnis ea est doloribus amet, consequatur consequatur, iusto earum quas fugiat, velit sunt sit, eum corporis repudiandae facere modi quaerat reprehenderit, quod Nam nihil non minus nihil inventore consequatur? fugit, voluptas quia officia est, qui est voluptatem soluta quisquam ipsam ad eligendi cupiditate consectetur tenetur rem ex Temporibus et Nam quia aliquam At tenetur beatae repellendus.\r\n  Delectus, voluptatem, omnis esse, consequatur? quam expedita et quia reiciendis vel ut et omnis aut nobis repellendus. Temporibus dolorem voluptatibus Nam Lorem voluptas aperiam At illo ratione veniam, Temporibus autem dunt, dolor officia facere autem explicabo. Beatae modi illum, blanditiis distinctio. Corporis non nostrum nesciunt, perspiciatis, voluptatem vel dolor maiores vel aspernatur sit perspiciatis, velit, adipiscing aliquid beatae beatae tempore, dicta quod et praesentium sapiente ipsa, rerum ipsum, quos sed repellat.\r\n  Et non molestias rerum ut quibusdam commodi reiciendis voluptas earum sunt, saepe voluptatibus consequatur? voluptas nostrum dignissimos numquam beatae harum ab et velit, iste id, dolor modi ullam numquam modi sint, Lorem sequi quisquam rerum odit ipsa, voluptatem. Non velit, quia maxime dolorem expedita maiores similique non sit impedit, dolor veniam, velit non consequatur? quia eius cum officia molestias accusantium sed excepturi non vero accusamus molestiae non non similique et magni a voluptatem. Dunt, et consequatur dolores sint doloribus doloribus veniam, velit, ea similique dolores sit, do ratione porro quos quibusdam et explicabo. Quo tempora est dolore nulla obcaecati Et ipsum numquam ut quasi consectetur similique elit.\r\n  Non laboriosam, odio sit natus voluptas neque enim corporis nihil alias quisquam ut et in laudantium, et alias eligendi qui qui ullam aut dolorem fuga. Non perferendis similique officia qui consectetur doloremque assumenda dolore beatae asperiores praesentium vel ullam accusantium voluptate provident, illo atque sed odit illum, dolor delectus, est impedit, magnam est velit, omnis facilis earum Sed Ut atque velit, sunt deserunt inventore repellat. Blanditiis non illum, in nihil sunt, est minima autem delectus, necessitatibus rerum sint non consequatur, est, voluptatem. Totam facilis ut eum eius excepturi quae perferendis distinctio. Temporibus animi, eaque magnam ut rerum molestiae ipsa, quisquam hic iste quasi in ut eligendi explicabo.\r\n  Architecto hic qui dolores culpa, repellendus. Maiores in eligendi aut quia officiis cum omnis vero Temporibus ullam rerum rerum ut alias reiciendis est, adipisicing aperiam esse, consequatur aut sint, odit doloribus odio et consequuntur ratione pariatur? aut fugit, Lorem non enim quia vel sint quisquam perspiciatis, cum similique non ea pariatur? et consequatur? Ut recusandae. Repudiandae nostrum voluptate rem veniam, perspiciatis, impedit, praesentium ipsum, modi reprehenderit, qui modi eaque quas quo deleniti quo optio, cupiditate sit aliquid accusamus libero ut eum aspernatur modi enim Et ipsam quia eaque obcaecati quaerat voluptate deserunt vitae natus rerum iure eum ullam cumque dolores dolor sed quia pariatur? voluptatem repellendus.\r\n  Ullam accusamus Quis Temporibus distinctio. Dolores autem non esse, pariatur? et dolor ipsum qui alias sit enim ea qui et quia odit et consequatur, exercitationem eaque iusto voluptatem sint omnis sint, reprehenderit, nihil ea fugit, porro id cupiditate voluptatem, voluptatem, quia quidem repellat.\r\n  Rerum maiores nesciunt, rem corporis omnis cupiditate quos ipsum fugit, ipsa, ullam adipiscing qui excepturi fugit, quidem quisquam in sed facilis autem vel suscipit esse, dolores odio similique modi odio voluptas est, At natus labore hic rerum alias At necessitatibus quia non dolor reprehenderit, non voluptates sunt sit explicabo.\r\n  Magni aut Nemo in dolor obcaecati ipsum, repellendus.\r\n  Blanditiis suscipit ipsa, omnis tenetur enim voluptas necessitatibus elit. Aliquid et do error aut optio, voluptatem. Ex ad voluptatem et praesentium ipsa, necessitatibus neque ad qui illum, magni quo rem quas saepe non et ut aperiam Quis voluptatem sequi et alias eos non enim eius sit nesciunt, Nam sunt ea in sequi odio et velit tenetur autem consequatur Nemo cupiditate sit eligendi eum aut incidi accusamus accusantium est excepturi numquam molestias atque quibusdam pariatur? soluta quia facere asperiores sint qui qui enim dolorum elit. Voluptatibus iusto Nemo et fugit, eos, eveniet, quidem quia dolores ipsum, sit alias eveniet, blanditiis deleniti quam commodi quasi neque atque hic sequi illum, ullam dolorum aut eaque est blanditiis ipsum, et dicta aliquid possimus, labore cupiditate fuga. Molestiae eius inventore eveniet, quia et velit est et quos earum facilis At voluptatem, qui hic aut eaque elit. Sed sit omnis quidem rem Nemo magnam quo quia odit dolorum eum non praesentium rerum asperiores error suscipit veritatis qui dunt, dolor quia consequatur, error vitae aliquam Nemo quia tenetur est, qui dolores provident, sit, non quod voluptas aperiam Lorem rerum quo eum amet, ad sequi dolor consequatur? cupiditate quasi ipsa, voluptatibus reiciendis quia qui consectetur Quis omnis voluptas quos soluta repellat. Provident, porro dolor autem optio, voluptatem.\r\n  Explicabo. Aut illum, fugiat, aut eum delectus, assumenda non omnis minus quos magnam est, excepturi minus voluptatem id, exercitationem assumenda id, qui id, Quis harum sit necessitatibus esse, ea modi voluptatibus ducimus, amet ea eaque ea perferendis omnis velit, excepturi ipsa, totam ratione vel labore quibusdam sequi suscipit similique sint, voluptatem Quis aperiam consectetur rerum quod rem soluta amet dolorem doloremque porro rem aliquam rerum aut voluptas fuga.\r\n  Inventore incidi incidi sed accusamus cumque pariatur? suscipit dolor tenetur iste non quia nihil et aut Ut voluptas sit et placeat, minus fugit, iste necessitatibus eos eligendi error Ut ea velit, esse, id, molestias animi, magnam exercitationem dolores soluta suscipit Nemo placeat, perspiciatis, modi sed optio, dolorem culpa, quia quo nihil ab qui alias enim reprehenderit, fugiat, Itaque eum eveniet, exercitationem facere enim odit ea unde pariatur? voluptas dolorem velit, ratione nisi eaque ipsum, expedita nostrum ut neque omnis labore elit.\r\n  Dolores maxime corrupti, sit modi quo blanditiis consequuntur non nostrum ducimus, ab omnis molestias provident, cupiditate necessitatibus rerum aut velit, adipisicing quasi adipisicing nisi voluptatem, quia reprehenderit, vel sed adipiscing tenetur sint rem At voluptatibus laboriosam, sit eos quas consequatur hic odit totam cum facere est quis laborum culpa, porro consequatur id ad ipsum eaque pariatur? dolor et Sed dignissimos repellendus.\r\n  Itaque eum autem ut qui doloribus sapiente et Itaque vitae provident, mollitia a enim error obcaecati adipisicing numquam et Et animi, molestias quod dolores ut magnam quisquam reprehenderit, odit qui rerum inventore Nam ad vel eius Ut ullam aut adipiscing nulla dolorem reiciendis velit saepe adipisicing ab sint dunt, facilis dolores dolor labore laboriosam, qui voluptatem nobis voluptate laborum a et molestias error consequatur? asperiores illum, tempore, quaerat repudiandae molestias provident, commodi beatae dolores sint sit obcaecati sit non reiciendis distinctio. Accusantium hic fugit, non et officia doloribus non voluptatem. Id, quos quia vero aut quae ipsam quos pariatur? sed dolores Quis numquam Temporibus eum ratione placeat, aut soluta nihil qui laborum maiores et veniam, cupiditate eos consectetur repellat. Minus est recusandae.\r\n  Facilis adipisicing molestiae incidi et quo vero asperiores eaque quis vel modi aut obcaecati accusantium voluptatibus eveniet, est hic vel sunt, ducimus, asperiores voluptatem, dignissimos Nemo saepe voluptatem. Placeat, et cupiditate est, odit reiciendis nostrum maiores illum, veniam, voluptatem eveniet, est, quis laudantium, reprehenderit, reprehenderit, unde dolore qui.\r\n', NULL, 'caiosantossp@gmail.com', 'financeiro', 1, 'trash', 0, 1450756622);
INSERT INTO `p_messages` (`id`, `sender_name`, `title`, `body`, `target`, `email`, `category`, `checked`, `folder`, `important`, `date`) VALUES
(29, 'Caio Silva', 'Mensagem de Teste', '  Lorem ipsum dolor sit amet, consectetur adipisicing elit. Ad Itaque cumque est do vel et et est aut provident, sed illum, ea voluptas atque quia veniam, ab commodi consequatur? obcaecati fugiat, possimus, libero corrupti, sed et minima est laborum cum sunt in dolorem aut voluptatibus enim non et nesciunt, a earum libero ad reprehenderit, labore ducimus, repellendus. Lorem dolor doloremque quo rem omnis et consectetur ipsam vel dolor autem quisquam culpa, eius est quas amet beatae recusandae.\r\n  Officiis hic inventore nesciunt, ullam iure facere sequi voluptates possimus, qui alias ut deleniti minus reprehenderit, necessitatibus sapiente aut eveniet, quod magni vero illo maiores ipsam exercitationem ab laudantium, corporis velit a labore deleniti aspernatur expedita unde doloribus reiciendis a maxime ea non vitae sit Et atque tenetur in accusamus assumenda iure est enim odio distinctio. Repellendus.\r\n  Modi accusamus laborum et distinctio. Delectus, est nostrum et voluptas et facere officia non eum ipsum, aut voluptas omnis id excepturi blanditiis omnis odit modi qui dicta enim odit consequatur, velit libero odit quis velit dolores ut quia asperiores voluptatem expedita quibusdam perspiciatis, corporis optio, accusamus qui sint, est esse, numquam magnam error quaerat At veniam, hic animi, pariatur? et voluptas sit officiis quaerat ullam et voluptatibus expedita eos aut aut sit possimus, repellat.\r\n  Accusamus labore consequuntur amet omnis eum sint, necessitatibus rerum voluptatem, qui facere Temporibus id, rerum amet, placeat, quod minima sed vitae et rerum est non ut aut veritatis ut cupiditate dolorum autem alias sint est minus aliquid aliquam deserunt velit, eum Itaque quae voluptatem. Sed veniam, voluptas est, soluta est voluptatibus ipsa, in sunt suscipit eos dolores fugiat, consequatur? porro dolores necessitatibus eos, et corrupti, dolor At delectus, animi, omnis ea quos rerum omnis incidi reiciendis magni quibusdam minus reiciendis qui nobis sit sequi laboriosam, in nihil amet, perferendis dolores dolorem quia aperiam esse, tempora et molestiae officiis similique quia et inventore cumque excepturi sapiente ipsa, voluptatum enim sapiente veniam, et voluptas vitae aut nobis vero sunt pariatur? iusto non tempore, assumenda repellendus. Voluptatem, pariatur? id, adipisicing aspernatur reiciendis facilis sed Nam et neque repellendus.\r\n  Minus do fugiat, eius eum fuga. Asperiores aliquam quos accusamus asperiores aliquam minima omnis fugit, id repellat. Velit consectetur sint autem Nam quia aspernatur totam autem amet, amet, repellendus. Incidi quaerat veritatis nihil error odit optio, nisi id, incidi suscipit explicabo. Nesciunt, et nostrum sequi accusantium officiis qui consequatur non asperiores aspernatur quam laudantium, molestias illum, eaque reprehenderit, numquam ex possimus, ea sed aut quas maiores consectetur laboriosam, quia laborum et ipsum earum voluptates exercitationem ipsam voluptatibus qui ut a iusto nisi et unde nihil libero eos praesentium quia et ipsum sit amet consequuntur eveniet, voluptates sit, voluptas numquam velit aut officiis esse, quo nobis aut sapiente et quasi Ut mollitia est cumque quod expedita ipsum, At amet autem libero beatae et nobis ut error provident, do nesciunt, possimus, molestias rerum mollitia esse, fugit, qui neque voluptatem nisi voluptatibus fugit, cumque provident, necessitatibus et Quis et omnis consequatur ut officia facilis consectetur fugiat, velit Quis blanditiis et cum omnis hic enim nulla et autem et accusantium rem id, quam natus perferendis qui fuga. Vitae velit excepturi veritatis enim adipiscing repellendus. Modi est, nostrum autem qui consequuntur minima sapiente Nam doloribus quod ea sit eveniet, ipsum, eos tenetur quisquam maxime provident, veritatis dolores nihil atque sequi voluptates reiciendis fugiat, Nam aliquam dunt, error aut facilis vel est Itaque necessitatibus harum officia debitis illum, vitae earum nostrum corporis velit dunt, similique sit maiores eligendi eveniet, cum voluptatem.\r\n  Incidi non nostrum animi, voluptatibus eum officiis est sapiente excepturi et est, dunt, amet et dolor ut excepturi ratione possimus, ipsa, accusamus qui minima voluptas ratione ipsum, amet voluptatum veniam, earum non consectetur modi deleniti perferendis eligendi reprehenderit, mollitia rerum laudantium, adipiscing vero nisi dignissimos nesciunt, porro aut officiis ea quod aut adipisicing qui labore accusamus quam corrupti, omnis doloremque aut est doloribus Lorem laudantium, praesentium doloribus autem perspiciatis, officia iusto veritatis delectus, ab voluptas fugiat, et cumque illum, quia neque quia voluptatem, quia et vel assumenda perspiciatis, quae in veritatis totam ut ab rem consequatur, et doloremque et expedita libero sint quibusdam dolorum dolor minima eos, magnam Nemo facilis accusamus ullam consectetur rerum qui qui eos, quam molestias modi dicta distinctio.\r\n  Temporibus nihil iste pariatur? odio ullam ipsum, numquam quia inventore ipsum numquam molestiae qui culpa, similique a magni perspiciatis, reiciendis earum Et vero sunt, aut ipsam qui dunt, voluptates debitis eveniet, Nam aliquam tenetur dolor non ut At ratione obcaecati in voluptatem tenetur sunt, iure atque id, corporis facere omnis Ut distinctio. Saepe est voluptatem et natus voluptatibus magni tenetur Et iusto necessitatibus consequatur esse, dolores eum harum Temporibus quia tenetur impedit, eius exercitationem veniam, ab minus aut hic enim Itaque voluptate error facere sed architecto Nemo est, eaque voluptatem.\r\n  Maxime recusandae. Accusantium nihil suscipit consectetur velit, illo architecto qui omnis molestiae nihil autem velit, saepe sequi quam voluptas nostrum nisi sed vel eos, molestiae qui enim libero deserunt et hic ea sunt dolor porro iste sed At ipsam.\r\n', NULL, 'caiosantossp@gmail.com', 'financeiro', 1, 'trash', 0, 1450756746),
(30, 'Caio Silva', 'Mensagem de Teste', '  Lorem ipsum dolor sit amet, consectetur adipisicing elit. Repudiandae eius ipsum et repudiandae exercitationem fuga.\r\n  Dolores natus quasi molestiae inventore amet, optio, ut voluptate in ad ut velit, Itaque quia quam magnam nisi quam Lorem dolor unde libero distinctio. Cum sed dolorem sunt, asperiores qui soluta iste praesentium officia voluptatem, corrupti, Quis blanditiis accusantium aperiam ut quam quis saepe quo debitis voluptatem fugit, magnam voluptatem Sed ullam alias optio, soluta et sit amet, rerum error velit sint, illo sit sed sit qui expedita et distinctio. Qui quia et ipsum accusantium Itaque quia ex enim nesciunt, omnis beatae ipsum ducimus, aut voluptatem voluptatum distinctio. Voluptatem.\r\n  Architecto in qui id, quis Ut voluptas consequuntur aspernatur cum laboriosam, aut nobis velit quod aut voluptates delectus, fugit, rerum rem sed adipiscing a quia necessitatibus id exercitationem sapiente perspiciatis, sint, doloremque et vitae debitis laudantium, illum, ullam consectetur id sunt, laborum accusamus repudiandae quia magnam officiis voluptatem non error quo nostrum dolorem accusantium ut voluptas delectus, sit recusandae. Eos alias tempore, id Temporibus assumenda odit nesciunt, illo debitis quis maxime ex adipiscing voluptatibus cumque Nemo ut laudantium, dolores voluptas in voluptate et maxime repellat. Recusandae. In rerum quas explicabo.\r\n  Labore quod et quia aut magnam sint, voluptate modi corporis sint, aliquam velit repellendus.\r\n  A do voluptatem libero do molestiae et voluptatem in ea dolorum ad perspiciatis, autem rerum quam aut expedita Sed nostrum molestiae veniam, sit nostrum dolorum ut sit omnis et et qui repellendus. Velit, blanditiis velit quia dicta harum et dignissimos laboriosam, voluptatem et est, ipsam eaque Quis ut quasi assumenda placeat, illum, repellendus.\r\n  Quia qui consequuntur est, Nemo error velit doloribus ratione eligendi dignissimos Et voluptatibus quidem nisi assumenda amet voluptas iste ut doloremque dolores aut dolorem quae illo labore sint quas aspernatur ipsa, omnis consequatur? numquam voluptatem voluptatum enim eos qui atque do explicabo.\r\n  Amet aut rerum ab dicta pariatur? ipsam Sed dolores ad sit veritatis voluptate quasi reprehenderit, veniam, Nam cupiditate esse, et accusantium minus sint, culpa, ipsam voluptas sequi soluta quam veniam, natus est neque optio, debitis veniam, numquam adipisicing ut molestiae corporis commodi elit. Accusamus nihil est, velit, et distinctio. Aut voluptas voluptate autem est similique totam autem architecto in consequatur, ut Et quia nobis rem ducimus, quo illum, quam aut rerum eum natus quam Lorem do nihil quasi unde sint, eius ducimus, ipsa, voluptatem, qui libero quisquam dolorum aut quidem fugit, est aliquid qui fugiat, qui ut numquam sit quo nihil a perspiciatis, vero ea unde quibusdam quia quia voluptates est, quam ea earum sunt est mollitia repudiandae ex eos quas quas do ut laudantium, omnis eos veritatis vitae et non excepturi vel animi, quia Itaque est amet, architecto ut molestiae aut minima quis ut adipisicing ab odio earum voluptas inventore vero sunt, ex qui ratione est, et et nostrum animi, consequatur sit sit, culpa, aspernatur quae veniam, sed sequi dolor inventore fugit, sunt consequatur, rem animi, quos sunt quos architecto est sunt, sit aut facilis vel Quis Temporibus repellendus.\r\n  Voluptas Temporibus dolorum esse, consectetur quod officiis qui Sed vitae ut ratione quo est, do qui commodi reiciendis sit iusto et consequuntur repellendus. Earum et magnam optio, aspernatur sit, adipiscing Lorem consectetur aut quam unde impedit, dolore ipsum, possimus, quam atque perspiciatis, quia ea aliquam et aut eius id, ex perspiciatis, Lorem dolorem delectus, earum corrupti, non fuga.\r\n  Perferendis quo vel maiores dolor vero soluta molestias placeat, dignissimos quae suscipit dolores enim omnis aut ipsa, et sit ut inventore modi et minima dolor voluptas consequatur ducimus, fugiat, nobis natus qui eos accusamus esse, omnis ipsa, nesciunt, consequatur? repudiandae placeat, pariatur? numquam nisi sint dicta ad ipsum omnis sunt voluptates sapiente maiores minus tempora neque et non omnis architecto sit rerum non dolores ea et ea quo quaerat officiis ea ipsam corporis distinctio. Necessitatibus sapiente do harum atque consequuntur culpa, odio repellat. Dolores consectetur sint, Nam dolore illum, minima ut earum consequatur, veniam, iure et porro saepe sit provident, molestias praesentium a consequatur, nulla qui consequuntur architecto qui officiis dolorum reprehenderit, autem qui voluptatem architecto vitae placeat, velit non aspernatur commodi dignissimos animi, possimus, consectetur nulla natus sint vero dolorum quo architecto provident, consectetur qui repudiandae ratione minus voluptatem.\r\n  Voluptas hic doloribus eveniet, voluptatem architecto laborum eos eligendi aut alias ut eos minus quaerat laudantium, autem dolorem excepturi eos quo cum aut placeat, ut aperiam Sed quia iure quasi laborum sit error id voluptatem, architecto facere et mollitia ducimus, est sunt sint dolor autem dolorem aliquam adipiscing quo alias dolor numquam et elit. Veritatis sunt, dolore ducimus, quia Sed autem dunt, rerum sit qui quo debitis beatae ipsa, deleniti quo Lorem officiis ratione ipsum, eos, eum minus aut magnam eaque recusandae. Error consequatur, aliquam laboriosam, accusantium excepturi Quis recusandae. Rerum ut animi, quod et cumque nostrum ut nihil est, et unde ea accusantium omnis qui ex Itaque blanditiis maxime beatae provident, sed nihil iste Ut inventore nihil adipiscing voluptatem provident, eos, quam tempora amet, Sed eaque laboriosam, Ut rerum culpa, recusandae. Asperiores tempore, id, ut mollitia minima dolores facere consectetur dolorem quia accusantium necessitatibus nisi iusto voluptatem, esse, consequuntur quis reiciendis voluptas corporis asperiores molestias placeat, quaerat consequatur, in amet nisi atque sit ipsam nostrum laborum omnis eligendi sint provident, quo aliquid tenetur aut quia aliquam aliquid in omnis excepturi autem id, explicabo.\r\n  Quo optio, iste sunt, ipsum, eum ea mollitia illo fuga. Vel exercitationem officia ipsum, quia numquam iste facilis quisquam et amet, corrupti, dunt, esse, commodi delectus, dunt, ratione quae qui sit aut sint, enim vitae dicta praesentium possimus, est, consectetur similique soluta animi, do consectetur alias molestias accusantium et aut aut quidem ea do fugit, repudiandae ipsum, quo quasi Ut ipsa, vitae nesciunt, et sed ad aut saepe aut et voluptatem, est, necessitatibus Temporibus dicta voluptates voluptas est voluptatibus dolorem obcaecati delectus, ratione ipsa, dolorem aliquid Lorem quo tenetur quasi ut perspiciatis, ipsum, quasi eligendi iusto consequatur, cupiditate autem animi, nobis dolores qui cupiditate eum similique nulla quia laboriosam, vel impedit, perspiciatis, eum ipsum dicta quidem ex dicta nesciunt, Ut quia quasi suscipit pariatur? quisquam voluptas eaque tempore, facere At ea odio sunt, rerum quia atque blanditiis distinctio. Nesciunt, similique elit.\r\n  Quia corporis laudantium, do cupiditate autem qui est autem illo dolor amet, consequuntur nobis assumenda libero aut exercitationem eveniet, veritatis atque esse, fuga.\r\n  Dolore laborum dignissimos asperiores facilis qui similique ut in est sed velit, quia cumque iste sit eveniet, sit elit. Assumenda et dolor ipsum porro facilis quasi Temporibus quia assumenda sit, et eum tempore, vero sequi Lorem aut quasi culpa, non tempora sapiente totam ipsa, Lorem ipsa, aut voluptatem quasi doloremque ut aut et voluptates voluptatem obcaecati consectetur accusantium omnis autem quisquam quis voluptatem. Atque asperiores et est in ut unde quos et sunt, quos eos, architecto mollitia dolore quia iusto incidi inventore reprehenderit, accusamus tempore, esse, sint, blanditiis dunt, rerum reiciendis laborum debitis ut adipiscing officiis sit sit eum omnis natus veritatis voluptas sed est exercitationem incidi ullam distinctio. Sit similique aliquid molestias exercitationem voluptates porro maiores ratione veritatis rerum non perferendis assumenda consequuntur autem dolor eos, voluptatem. Esse, error velit quia eum placeat, atque odit ut et quisquam aut alias debitis ad rerum inventore et quae voluptatem sit consectetur dolores quae ratione sit hic vel ex assumenda est repudiandae saepe sed ab ut Lorem Et fugiat, labore dolorem eligendi modi sequi cupiditate laborum illo tempore, Sed magni consequatur numquam voluptatem fugit, nisi reprehenderit, qui magnam repudiandae id voluptas excepturi blanditiis natus assumenda est nostrum assumenda nostrum sint ipsam sunt mollitia velit saepe do quia doloribus natus sed quia ut qui commodi voluptatem recusandae.\r\n  Quia minus quia Quis ut cum consequatur, nesciunt, consequatur? saepe error assumenda quo qui voluptate qui fuga. Optio, aut magnam est, accusantium et debitis blanditiis consequatur ipsa, vel debitis praesentium eligendi in cum consequuntur voluptatem illum, fuga.\r\n  Tenetur praesentium Ut est ad voluptatum nesciunt, omnis velit, atque quos ipsam a commodi voluptatem molestiae sed facere voluptate exercitationem numquam labore consequatur doloremque asperiores expedita consectetur error sequi aut Ut voluptas dignissimos expedita hic tenetur modi voluptas optio, et eligendi minima optio, quidem placeat, Lorem consequuntur quae facere animi, consequatur, veritatis amet, voluptate fugit, dolor quia velit accusantium consequatur? qui consequatur? dolores elit.\r\n  Voluptatibus nihil rerum Nam ipsa, quam veritatis aut fugit, recusandae. Corporis adipisicing id laudantium, fugiat, maxime ipsa, doloribus asperiores ab fugit, voluptate aspernatur obcaecati rerum et nesciunt, reiciendis impedit, impedit, earum quia consequatur, deserunt Ut consequatur quo sequi sit, harum quae qui expedita impedit, culpa, est, praesentium soluta porro qui officiis Quis omnis perspiciatis, accusantium aut in do a consequatur? aperiam rerum Et praesentium eos voluptatem odio ut quia libero perspiciatis, suscipit modi cumque odit consequatur elit. Dolor magnam atque quidem corporis non impedit, veniam, sed eaque incidi expedita aut sed consequatur? optio, libero illum, labore laudantium, maxime laudantium, veritatis consequuntur corporis et ullam veniam, recusandae. Fugit, eum quidem sint molestiae magnam laborum sed similique impedit, molestias veniam, voluptatibus voluptas possimus, distinctio. Accusantium provident, veritatis Nemo nobis incidi accusamus in facilis rerum ducimus, eveniet, unde eligendi suscipit soluta mollitia eius ab Ut et cum explicabo.\r\n  Beatae inventore omnis a autem quas dolorem recusandae.\r\n  Veniam, doloremque amet, Et sint, deserunt ex iusto porro do quos sit quidem voluptatem. Elit. Iste non eos, sed aut magnam do recusandae.\r\n  Ipsam pariatur? et totam minus hic ipsam placeat, non quo velit sit magnam facilis minima.\r\n', NULL, 'caiosantossp@gmail.com', 'financeiro', 1, 'trash', 0, 1450763489),
(31, 'Caio Silva', 'Mensagem de Teste', '  Lorem ipsum dolor sit amet, consectetur adipisicing elit. Eaque enim eveniet, iste Sed est, nobis voluptatem doloribus molestiae dolore consequatur et amet optio, vero facere nihil eum ducimus, obcaecati sapiente aut amet, enim inventore aliquam voluptatem quasi dolorum dolor qui quibusdam facilis dolor saepe eos Sed sapiente At sapiente sed fugiat, accusantium ducimus, velit, et veniam, nihil sit ut nisi dolor tenetur ea quia iste impedit, sequi aspernatur velit voluptatem corporis dunt, minus deserunt dolores labore Et ipsam rerum sunt reprehenderit, ullam facilis Sed est ut ut qui ullam enim aut laboriosam, numquam quia ducimus, voluptatem. At et aut hic eveniet, qui dolores ipsa, Lorem do dolorem rerum reiciendis facilis dolor est cum ut amet, voluptatem, ut nisi pariatur? adipiscing voluptas Temporibus praesentium exercitationem quia officia fugit, libero qui voluptatem id ab et adipiscing consequuntur et corrupti, in quos iusto aut rerum porro hic omnis ipsum, ipsa, quisquam animi, cupiditate pariatur? consequatur, velit et eveniet, id quo totam ex ipsum explicabo. Necessitatibus exercitationem modi dolores doloribus impedit, magni accusamus voluptatibus rem maxime repudiandae non sit Lorem voluptatem, libero cupiditate fuga.\r\n  Inventore voluptas quasi id, dolores consequuntur eos, et aliquam modi est voluptatem quidem perspiciatis, repellendus. Assumenda iste qui minus vitae natus et natus et dolorum qui officiis dunt, recusandae. Autem libero ratione nesciunt, magnam commodi iure reiciendis quo cumque est amet, quam et et odit et sint vel et unde vel ut quae excepturi expedita tempora quam error porro voluptatum illum, perferendis possimus, Nam labore porro aut quia Sed voluptatibus perferendis omnis eum rerum sint non quia possimus, totam dolores et praesentium similique ut consequuntur minima amet et Quis quo amet a dolorem aperiam est quibusdam labore necessitatibus Nemo enim Temporibus vitae aliquid velit, et tempora rerum et beatae sit expedita doloribus atque minima sapiente maxime soluta ratione molestiae fugit, cum optio, vitae dolorem officiis voluptas inventore sed dolorum ipsum, dignissimos At corporis perferendis omnis qui numquam est minima autem nihil ab commodi ad quam veniam, sit, nesciunt, quos deserunt commodi quaerat autem dignissimos molestias non exercitationem expedita illum, rem asperiores accusantium sint, ullam natus qui sunt Ut ratione adipisicing facere ipsum beatae neque minima quas molestias accusamus et ratione qui adipiscing blanditiis officia et sed voluptatibus porro earum voluptate ut recusandae. Eius corrupti, ea reiciendis voluptatibus sunt doloribus cumque culpa, et sit Sed distinctio.\r\n  Voluptatum et possimus, rerum Quis velit expedita cupiditate vel consequatur iusto non do quam reprehenderit, sit quod error fuga. Adipisicing aliquam cum maxime dolor aut possimus, unde dolores vel cupiditate sed non vel doloremque Nam Itaque placeat, ad enim quo hic consectetur eaque ex libero ad qui placeat, doloremque aut omnis commodi distinctio.\r\n  Dolores autem nihil dolores ut et ut aut dignissimos nihil earum molestiae sed non officiis laudantium, neque explicabo.\r\n  Qui ut et saepe dolorum sint, debitis voluptas natus corrupti, enim consequatur, magni corrupti, perferendis ea nihil ab repellendus. Animi, dunt, dolores voluptas sint, molestiae Sed harum Nemo aut eveniet, omnis doloremque consequatur? fuga. Error odio sed veritatis quia eum et minima iste corrupti, maxime At Et provident, eos, quis maiores assumenda accusamus corrupti, Nam voluptatum numquam ut optio, aut harum Temporibus sint, laboriosam, et est alias et placeat, dicta voluptatem.\r\n  Nisi amet, modi delectus, facilis aut quia ab rerum asperiores culpa, nulla expedita quisquam dolor excepturi amet, elit.\r\n  Officiis in distinctio. Velit et harum quis sunt, quibusdam tempore, iusto enim enim qui laborum ab quia sunt sit suscipit blanditiis quia error illo repellat.\r\n  Sapiente molestias incidi alias delectus, odit obcaecati est officia maiores ullam omnis inventore quisquam quod animi, quas delectus, est, numquam error et ut ut delectus, pariatur? corrupti, sit similique corrupti, tempora atque qui sunt dignissimos voluptas repellendus.\r\n  Aut illum, voluptas qui accusamus adipiscing illum, magnam reiciendis et quia eos, ea voluptatem. Veniam, et facilis non sed distinctio. Et natus enim inventore harum et adipiscing eos rerum sunt, omnis quae corporis quos exercitationem sint delectus, aliquam adipisicing est, dignissimos eum et labore omnis non error tempore, corrupti, id, do molestiae quibusdam ea dolores et sed voluptates ab architecto perspiciatis, Nemo sequi autem soluta excepturi dolore harum alias ad aut eos voluptas dignissimos eveniet, in rerum a corporis voluptate distinctio. Voluptatum aut qui explicabo.\r\n  Est, dolorem fugiat, suscipit libero aut ipsam Ut numquam debitis et animi, est, ut vel ullam cumque Nemo dolor rerum accusamus tempore, iure ipsum, rerum unde vel sed aut est, optio, autem labore adipiscing autem totam porro ipsum vel accusamus rerum minus voluptatem fuga. Et ipsa, eum saepe enim quia consequatur? veritatis excepturi fuga.\r\n  Explicabo. Quasi et alias voluptates sed eius aut sunt, ullam commodi explicabo. Aut adipisicing obcaecati dolores et do a assumenda est assumenda fugit, rerum dolorem do accusamus aut sunt, eos, ab dolor doloremque totam quia ad corporis magnam eum quod nihil officia non est et dolor alias aliquid praesentium non neque dolore libero consequatur? amet Lorem tempore, omnis reiciendis ut iste voluptatem ipsam architecto Nemo dunt, vel et animi, amet, dolore reprehenderit, id perferendis eos, ad dolorem fugit, id, Temporibus inventore Sed aut et ea ea aut dolores quia voluptas ab aliquam ut ipsum, esse, perspiciatis, deleniti aut deleniti dolor repellat. Id Itaque sapiente natus odit sunt, autem elit.\r\n  Necessitatibus eos, inventore dolore est maiores iusto perferendis minus officia labore animi, rerum voluptas facilis voluptas maxime eius quod quod est, voluptas esse, aspernatur velit pariatur? Ut molestias veniam, exercitationem necessitatibus dolorem et doloribus dolores sed reiciendis quia amet soluta omnis molestias consequatur? est Quis Nemo adipiscing nesciunt, in rem ut facilis quas eum voluptates aperiam omnis dolorem quidem commodi in deleniti laborum ipsum, praesentium quia iusto eos in Temporibus non quia qui distinctio. Eveniet, aliquam vitae aliquam Quis sit, accusantium iste laborum maiores sunt, Nam sequi aut quia ut iure aut Nemo ut enim rerum praesentium molestias et eveniet, recusandae.\r\n  Aut recusandae. Qui ut error officiis cumque nesciunt, hic est, Itaque sint alias officia dicta omnis omnis elit.\r\n  Et aut tempora autem voluptates et ea iure quod exercitationem velit aliquid ad corporis earum harum reprehenderit, minus esse, et est numquam molestias obcaecati consectetur consectetur cumque inventore veritatis maxime suscipit facere aut est culpa, necessitatibus cupiditate architecto ut commodi fugiat, facere autem ut magni nihil corrupti, officia odio laudantium, voluptatem.\r\n  Nostrum aut Itaque deserunt quia dolorum quo quis consequatur, odit fugit, esse, molestiae et quaerat et aut et aut vel illum, omnis exercitationem quidem dolores doloribus veniam, voluptas accusantium libero in qui est nostrum beatae doloribus rem recusandae. Blanditiis illo ducimus, sit consectetur ea aliquid ducimus, laboriosam, inventore accusamus et quas quis non incidi doloribus velit, harum voluptatem, Ut eum sint, assumenda voluptas sit aut voluptatem, ipsa, necessitatibus vero id perferendis inventore libero dolor At voluptatem, blanditiis sapiente sit beatae et et fugiat, enim qui qui eum earum deserunt possimus, veniam, quia non accusamus do corrupti, rerum nisi velit qui eaque in enim repellendus. Ipsum natus et consectetur odit harum aspernatur harum debitis corporis dolores eius dunt, eveniet, architecto harum aut optio, dolorem consequatur, enim consequatur et autem nesciunt, ipsum do quos Temporibus impedit, eum quibusdam dolor enim beatae adipisicing laudantium, eius distinctio. Sapiente dolorem unde dolor nostrum cum consectetur ipsam sit eum voluptas doloribus ea minima ratione commodi est omnis sit ea dolore quasi numquam rerum dolorem ut id, ducimus, voluptatem distinctio.\r\n  Amet, asperiores dunt, quibusdam quis totam rerum vero ipsa, nostrum accusantium rem omnis eum eius porro beatae explicabo. Quos consequatur, sunt et magni molestiae porro Lorem nihil do Nam cumque incidi distinctio. Aspernatur veritatis aut iste qui adipiscing autem distinctio. Qui aut laborum illum, modi repellendus. Itaque ut mollitia omnis vero voluptatum laudantium, eos doloremque nostrum consectetur quibusdam quidem amet, ut et vitae explicabo. Consequatur? quis pariatur? facere provident, facilis vel sunt, perspiciatis, labore voluptas reiciendis mollitia autem quod eos, consequatur? rerum est qui ipsum, unde quaerat consequatur error eius aut sed qui omnis repellat. Pariatur? Et Temporibus qui consequuntur doloribus quia eos ipsam dolorem eos, ipsum error consequatur? autem hic fugit, sapiente sed neque numquam sit, non molestias omnis vel totam officiis consequatur, consequatur sit Sed id sint adipiscing eveniet, et praesentium commodi natus autem sunt sit et rem illum, Temporibus amet iure unde quo nobis qui assumenda veniam, quia tempora qui architecto voluptas Quis aut et et ipsa, sunt, dolor doloribus expedita Quis omnis blanditiis aperiam illo nihil sit, quas ut reprehenderit, voluptatem minima consequatur est, atque maxime consequuntur debitis quasi deserunt asperiores sapiente illo odit placeat, voluptatem consectetur sapiente nesciunt, sit animi, animi, tempora qui eligendi consequatur? tempore, a iste laudantium, corporis veritatis reprehenderit, veniam, sapiente iste aspernatur Nemo recusandae.\r\n  Assumenda molestiae qui rerum ipsa, error ipsam quis ipsum corporis culpa, est doloremque consequatur a Temporibus ut laborum quo in eligendi odit praesentium qui odio nulla sit tempore, est fugit, natus qui illo do Quis magni ad atque deleniti veniam, asperiores quisquam sit accusantium voluptatem ipsum molestiae similique dolorum fuga. Qui eveniet, et est eum ratione aut fugit, et enim quisquam ut ipsum, iusto quibusdam velit rerum eum voluptatem do autem eius minima dolorem eos veniam, ea aut laudantium, quasi non At dolor repellat.\r\n  Qui qui aut in architecto et sint vero dolores in ullam totam corporis Temporibus explicabo. Adipiscing in totam maxime sit in ratione quia eos aliquam illum, totam voluptatem. Numquam assumenda est molestiae esse, quibusdam dolor quis ullam autem quibusdam minus quo est, obcaecati mollitia aut non vitae unde facilis explicabo. A aliquam natus quia aut dicta qui voluptatem.\r\n  Totam a reiciendis rerum nihil magnam incidi eos, sed veritatis libero eum tempore, ut nisi officia et reprehenderit, nostrum fuga. Dunt, iste elit. Et voluptas velit, quia molestias cumque aliquam odio distinctio.\r\n  Et totam et iusto consectetur et non distinctio. Rerum explicabo..\r\n', NULL, 'caiosantossp@gmail.com', 'financeiro', 1, 'trash', 0, 1450799998),
(32, 'Caio Silva', 'Mensagem de Teste', '  Lorem ipsum dolor sit amet, consectetur adipisicing elit. Sed deleniti facilis neque nesciunt, neque id fuga. Cum maiores sequi illum, earum a laboriosam, do facilis qui qui eum sint reiciendis similique iste enim quasi incidi perferendis deleniti eius odit odit ut ea ex amet illo quasi ex officiis ipsa, culpa, Ut adipisicing corrupti, cumque ut tempora consequatur? id, repellendus. Soluta quam exercitationem et et rerum voluptates consequuntur Sed rem exercitationem voluptatem dolorem omnis dolore excepturi tenetur optio, quam perspiciatis, ea autem sit elit.\r\n  Magnam natus odit aut ullam a mollitia quo et adipiscing illum, soluta molestiae pariatur? repellendus. Quos aliquam fuga. Alias provident, facilis reprehenderit, id sunt, numquam libero sit, earum dicta quo perferendis dunt, quidem veniam, dolor nostrum quia architecto mollitia deserunt saepe quia consequuntur facilis iste facere accusantium cum nobis unde ullam esse, illum, laudantium, sint, possimus, assumenda maxime libero reiciendis tempora et velit, ut illo odio ea sit et ipsa, a qui ipsum, explicabo.\r\n  Modi aut enim accusantium facilis ut in sed non vero assumenda expedita Ut excepturi voluptate dunt, sapiente sed molestias perferendis numquam odit nisi praesentium saepe dolorem voluptas reprehenderit, nihil animi, soluta eaque cupiditate et voluptatem, aliquam pariatur? obcaecati accusamus iure sit, veniam, aut At Lorem in debitis delectus, et nihil tenetur voluptatem, mollitia aliquam tempore, accusamus debitis sit dolor provident, delectus, est Nam voluptatum eveniet, sint a aliquid pariatur? consequatur, aut harum rerum natus quisquam necessitatibus quidem veritatis omnis odio quos optio, expedita amet et esse, dolor perferendis soluta autem obcaecati harum et ad sed consequatur, sit nesciunt, molestiae possimus, distinctio.\r\n  Et Temporibus cumque nihil accusamus et tempora veritatis vel aperiam quibusdam nihil dolores dunt, et quia rem qui omnis id, accusantium consequuntur aperiam odio quam dunt, esse, quia sit quia voluptas animi, illo atque quia qui nihil nihil impedit, perferendis blanditiis obcaecati eligendi id, reiciendis minima asperiores omnis dolor est, repellendus. Ut rerum voluptate fugiat, dolorem delectus, omnis incidi qui non Lorem dunt, sequi quia doloribus facilis culpa, optio, harum nesciunt, suscipit voluptate elit. Adipisicing nisi laborum quibusdam est, atque eveniet, aut voluptatem laboriosam, autem consectetur qui optio, neque aut optio, ducimus, aperiam tenetur iusto possimus, atque ut quo omnis distinctio. Ipsa, Temporibus eveniet, qui pariatur? Nam est architecto sint, a sed Sed nostrum qui est, enim in inventore earum ut consequuntur aut corrupti, consectetur in rerum vero quia deserunt pariatur? ipsam eligendi veniam, unde sit molestiae impedit, ut unde laboriosam, aut neque autem ad in dolorum nulla earum facere qui voluptatibus amet, dunt, odio ut quod vel qui eaque quia inventore est, hic molestiae quia dolores laboriosam, totam est, eum nihil sequi et rerum dolores enim sint, vitae rem Quis atque iste iure Itaque molestias nihil facilis et sit omnis velit, sit, voluptatem voluptatem deserunt enim autem doloremque eum et voluptas tenetur earum eos, aut pariatur? minima vel deserunt in hic quia eum nostrum aut vitae necessitatibus molestiae dolorem a et et veritatis quod nihil minus voluptatem, eos, debitis et molestiae exercitationem et repellendus.\r\n  Minima perferendis non omnis eum et eius voluptatibus porro qui ab et aliquid Ut sit explicabo. Aut a et maiores ab molestiae dolor facilis assumenda voluptatem quia officia repellendus. Unde est, dolores aperiam amet qui laboriosam, quisquam Et molestiae aliquam assumenda ut rerum ut esse, obcaecati accusantium ex tempora perspiciatis, nulla sequi necessitatibus quisquam error illo fugiat, et sapiente consequuntur optio, nihil omnis aut natus sit ipsum, numquam aut aspernatur culpa, facere dolorem minima dolorum doloribus dolor eligendi ut ut facere sapiente dignissimos laborum fugit, sint, quod rerum aliquam tempore, Itaque et voluptas Nam aut praesentium amet, porro ut Lorem ex eos facere rerum Itaque qui Itaque rerum sit labore ipsum, totam consectetur omnis cumque esse, qui ducimus, sed possimus, tempora et hic autem officiis non commodi saepe voluptatem, modi saepe praesentium debitis et fugiat, minus sed vel est voluptate quo perferendis et voluptatem voluptas ut et amet sint cum aperiam ratione rerum adipisicing doloremque distinctio.\r\n  Molestias ab est, vel et et fugit, dolores quam exercitationem culpa, consequuntur debitis autem fugit, ea dolorem sit nobis error velit, officia possimus, quis et est nisi voluptatibus aliquid aliquam voluptate ut reprehenderit, non At explicabo. Expedita voluptatem. Quasi consectetur laborum doloribus qui saepe ut maiores voluptates sit, Sed aut repellendus. Ducimus, expedita voluptas aut dolorum sapiente ut voluptas aut id, voluptate quo a ea est, numquam delectus, minima incidi non enim quo quo quo nobis aliquid aut minus dolores quod obcaecati aut voluptas ipsam voluptatem, ratione ab vel corporis aperiam sed rerum et nesciunt, dolore debitis vero sed porro aut hic et in reprehenderit, ullam ut necessitatibus quaerat quia quam Nemo dolor officia id asperiores omnis et quae ut do aut sint, aut maxime officiis nulla officia laboriosam, assumenda et amet nobis quo hic eos, recusandae. Sit et blanditiis ea nostrum quisquam illo quis laudantium, amet, quam nisi incidi mollitia perspiciatis, dolorem velit repudiandae perspiciatis, dicta do officiis iste voluptatum excepturi qui quo Temporibus consequatur, aut hic optio, ex eum sed facere eligendi numquam aut Temporibus incidi animi, qui sunt magnam sed voluptatem, assumenda sed quia voluptatibus dolorem voluptatem consectetur ipsa, laborum atque excepturi nulla eaque consequatur, ea officiis non perferendis sit et cum ad recusandae. Atque et magnam sapiente Nemo dolorem optio, magnam quidem Nam officiis impedit, nobis reiciendis ea quaerat praesentium Lorem eum laudantium, voluptate eius repellat.\r\n  Et magni tempore, sunt facere autem quisquam officia id, fugit, omnis non voluptatibus quia amet, harum elit. Ea doloribus quia assumenda qui dolor sit culpa, libero voluptatum culpa, quia voluptatibus nostrum ut quidem ut ratione enim adipiscing ut sapiente quam Et est, eum rerum dolor ipsam sint voluptatem sint, voluptates labore iure voluptate dolores et architecto aliquam modi minus accusamus consectetur sit, maiores repellat.\r\n  Fugit, enim vel rem ab aut minus quaerat consequatur? officia obcaecati deleniti dignissimos dolorum qui in Sed animi, tenetur provident, suscipit voluptatem asperiores est aut et dolor Sed quo ipsum porro rerum voluptatem, libero maxime quia et deleniti sint, ipsam dolorem qui soluta est, ut consequatur sed doloribus in sequi obcaecati natus non sint, impedit, ipsam sit, minus aut fuga.\r\n  Ut aut aut eos, ratione et possimus, quibusdam accusantium accusantium illo assumenda repudiandae sit maxime fugit, iste iure ea id dolorem et do sed ut quam totam laudantium, aut saepe fugiat, corrupti, repellendus. Voluptas voluptatem et obcaecati non id Et adipisicing illum, quos aperiam numquam quod dicta est ratione assumenda sit ut beatae dignissimos Temporibus molestias in Itaque placeat, pariatur? autem suscipit minima dicta ratione autem cum aut voluptatem.\r\n  Nostrum tenetur quia velit porro voluptatibus quas dolor aut autem consectetur sunt, ducimus, et perferendis aut qui et repellat. Aliquam suscipit aliquid molestiae sint, aut porro quam eos, animi, omnis dolores quas dolores totam officiis aspernatur fuga. Ad dicta enim eum rerum sit illum, et quo ut sint odio eligendi numquam perferendis dolorem rerum autem qui aliquid voluptatem aut ea mollitia maxime id soluta officia officiis iure pariatur? sequi atque et cum do Et qui eos, ratione deserunt et id, consequatur? commodi nihil dolorum Ut excepturi quia impedit, laborum nostrum quisquam voluptatem.\r\n  Rerum veritatis quibusdam quod ducimus, nostrum elit.\r\n  Laudantium, impedit, velit quo ut et sit harum omnis placeat, sunt, porro praesentium repellendus. Consequuntur perspiciatis, exercitationem voluptates ea provident, dolorem quas qui veniam, in ad delectus, et suscipit veritatis hic aut deleniti facilis qui adipiscing distinctio. Ab At accusantium aliquam et et reiciendis dunt, delectus, aliquam voluptatem veniam, repellat. Asperiores ducimus, debitis qui sapiente omnis eius magnam hic quisquam pariatur? nulla maiores soluta voluptas Et est Itaque porro soluta amet Ut officia neque dolorum molestias atque Itaque repellat.\r\n  Asperiores quia consectetur iure inventore quae eligendi in ut amet, repellat. Perferendis soluta nostrum et Quis do hic fugit, deleniti non officiis omnis repellat. Commodi Itaque esse, consectetur labore velit aut excepturi earum numquam est dolorum optio, nobis rerum eligendi incidi fuga. Quidem ullam aut adipisicing dunt, Nemo quas obcaecati amet, eum obcaecati vel necessitatibus accusamus aut repudiandae et reprehenderit, eaque eum quis corporis neque totam quia Lorem quod hic incidi vel iure perspiciatis, et ut voluptatem ratione odio est aut praesentium beatae nihil totam sit unde sit non tenetur fugiat, dolor reprehenderit, sint laboriosam, dolorum doloribus qui dolorum quo dolorem adipisicing adipiscing voluptatibus voluptatem aut veniam, beatae laboriosam, sapiente omnis ipsum, nulla delectus, soluta et voluptatibus maxime animi, saepe Nam sed ut sed ab quia et eaque rerum deleniti saepe quis quas quia magnam est aliquam et omnis nobis animi, cupiditate adipisicing consequuntur voluptatum nihil voluptas accusamus blanditiis vel consequatur? tempora dolorum incidi fugiat, maxime excepturi ut voluptates vel ipsum nihil saepe excepturi sapiente sequi numquam quia reiciendis et natus non nobis totam autem dolore officiis officia voluptates autem voluptatem, ut est officiis qui amet qui consectetur et et impedit, fuga.\r\n  Tempora consectetur voluptates obcaecati blanditiis officiis cum non vel dolorem facilis dolore et blanditiis sit soluta consectetur sit, aperiam quo perspiciatis, cum voluptatem Et ut nobis ipsum, omnis reprehenderit, corrupti, quam impedit, saepe quis nisi qui porro voluptatem, ipsa, libero mollitia voluptas aperiam nulla corporis quae adipiscing ex amet minima consequuntur modi architecto dolor adipisicing voluptatem, Sed adipiscing aut molestiae eveniet, in sit eligendi autem est voluptatem eaque autem dunt, repellendus. Earum natus et Sed dolore maiores eius facilis aspernatur cupiditate autem iure culpa, sit nihil a asperiores aut est, reprehenderit, qui atque numquam tenetur est, corporis minus ipsam neque eius do quia enim aut quia quidem omnis eum consequatur? sit explicabo.\r\n  Ea facere sed ut cum velit, hic blanditiis tempore, aut aspernatur natus beatae dolor reprehenderit, recusandae.\r\n  Dolorum nesciunt, velit debitis dolores labore voluptatem tempora voluptas praesentium nobis aut distinctio. Sunt vero labore dolores sed sint, eos necessitatibus minima Nam natus consequatur? aut voluptatem ut id, sequi voluptatum elit. Iure non iste quo aut qui ab rerum suscipit Temporibus nobis natus quis eaque officia id est dolores et quae delectus, quas At assumenda id ea quas non amet, similique sint, ea consectetur id asperiores neque repudiandae quae aut numquam a rerum Ut dunt, possimus, elit.\r\n  Neque odio non fugit, aut sit, amet, officiis quos obcaecati impedit, molestias amet nisi aperiam iusto aperiam rem placeat, doloribus odit est sed architecto velit qui reprehenderit, adipiscing laborum in assumenda rerum Sed in quasi eos, provident, sunt, totam porro nihil officiis debitis natus dolor aut quas voluptatem. Ex aliquam voluptatem aut sunt voluptatem. Omnis sapiente Lorem consectetur cumque rerum modi nesciunt, error pariatur? saepe consequuntur quas architecto aut velit repellat. Ut in inventore Lorem doloremque in sequi dolorem veritatis atque recusandae.\r\n  Aut commodi dolorum provident, Ut sit saepe ea eos est obcaecati voluptatem, ut et provident, eveniet, sunt exercitationem Temporibus numquam illum, autem quis maiores totam provident, aperiam animi, odio fugiat, rem consequatur? sapiente quo laudantium, do quod aut Nam dolore est enim qui et aut explicabo. Cupiditate vero dolore tenetur omnis aut tempora amet, dolor voluptatibus illo sapiente nulla sint, ut voluptatibus qui voluptas unde eveniet, molestias Lorem sint, reiciendis et asperiores voluptate et consequatur excepturi repellendus. Aut accusamus magni minima necessitatibus voluptatem sunt Temporibus labore corrupti, minima reiciendis cupiditate et At reprehenderit, quis ea laudantium, nostrum iste perspiciatis, veritatis omnis eum reprehenderit, adipisicing vitae sed non quia esse, aut qui aut voluptatem distinctio. Accusantium ab adipiscing ut libero sint, ducimus, quia sit Lorem amet suscipit iste modi fugiat, quae omnis alias quasi maiores dolor est quia soluta ut nihil et consectetur dolorem et rerum praesentium voluptatem eos, molestias maiores autem fugit, voluptas officiis sed eum ipsum, est, optio, quo aliquam quos nobis esse, ducimus, Sed porro repellendus. Quas corporis eos, architecto quo Nemo quidem cum enim ut facilis eos, nulla et laudantium, et dolore et aut inventore architecto ut rerum eveniet, possimus, velit, recusandae. Harum qui tempore, illo voluptate necessitatibus obcaecati sint, deleniti veniam, repellat. Dolores reprehenderit, asperiores velit, odit et cupiditate quia iure eligendi illum, voluptas sunt modi qui ducimus, ad deleniti amet obcaecati et nostrum ab qui consectetur expedita possimus, suscipit et Nam illum, tenetur sed vel sequi nostrum repellendus.\r\n  Sed cupiditate error in adipiscing veniam, earum aut soluta quo dicta quis officiis nulla.\r\n', NULL, 'caiosantossp@gmail.com', 'reclamacoes', 1, 'trash', 0, 1450805565),
(33, 'Caio Silva', 'Mensagem de Teste', 'Mensagem de Teste', NULL, 'caiosantossp@gmail.com', 'financeiro', 1, 'inbox', 0, 1456200331),
(34, 'Caio', 'ola mensagem de teste', '\r\n            Mensagem de teste<br><br><br>\r\n            <p>Atenciosamente, <br><strong>Caio</strong></p>\r\n            <p>\r\n                <small>\r\n                    <a href="http://padrao.com/" alt="Cartas Ciganas" target="_blank">Cartas Ciganas</a>\r\n                </small>\r\n            </p>\r\n        ', 'lucianabritto@hotmail.com.br', 'noreply@cartasciganas.com', 'Cartas Ciganas', 1, 'sent', 0, 1457366123),
(35, 'Caio', 'ola mensagem de teste', '\r\n            Mensagem de teste<br><br><br>\r\n            <p>Atenciosamente, <br><strong>Caio</strong></p>\r\n            <p>\r\n                <small>\r\n                    <a href="http://padrao.com/" alt="Cartas Ciganas" target="_blank">Cartas Ciganas</a>\r\n                </small>\r\n            </p>\r\n        ', 'lucianabritto@hotmail.com.br', 'noreply@cartasciganas.com', 'Cartas Ciganas', 1, 'sent', 0, 1457366230),
(36, 'Caio', 'Mensagem de Teste', '\r\n            <div>Hi omnes lingua, institutis, legibus inter se differunt. Integer legentibus erat a ante historiarum dapibus. Ullamco laboris nisi ut aliquid ex ea commodi consequat. Unam incolunt Belgae, aliam Aquitani, tertiam.</div><div>Curabitur est gravida et libero vitae dictum. Magna pars studiorum, prodita quaerimus. Quis aute iure reprehenderit in voluptate velit esse. Prima luce, cum quibus mons aliud consensu ab eo.</div><div>Quam temere in vitiis, legem sancimus haerentia. Gallia est omnis divisa in partes tres, quarum. Pellentesque habitant morbi tristique senectus et netus. Lorem ipsum dolor sit amet, consectetur adipisici elit, sed eiusmod tempor incidunt ut labore et dolore magna aliqua. Fabio vel iudice vincam, sunt in culpa qui officia.</div><div>Nihil hic munitissimus habendi senatus locus, nihil horum? Phasellus laoreet lorem vel dolor tempus vehicula. Qui ipsorum lingua Celtae, nostra Galli appellantur. Non equidem invideo, miror magis posuere velit aliquet. Ab illo tempore, ab est sed immemorabili. Excepteur sint obcaecat cupiditat non proident culpa.</div><div>Ut enim ad minim veniam, quis nostrud exercitation. Morbi odio eros, volutpat ut pharetra vitae, lobortis sed nibh. Etiam habebis sem dicantur magna mollis euismod. Nihilne te nocturnum praesidium Palati, nihil urbis vigiliae. Praeterea iter est quasdam res quas ex communi. Tityre, tu patulae recubans sub tegmine fagi dolor.</div><br><br>\r\n            <p>Atenciosamente, <br><strong>Caio</strong></p>\r\n            <p>\r\n                <small>\r\n                    <a href="http://padrao.com/" alt="Cartas Ciganas" target="_blank">Cartas Ciganas</a>\r\n                </small>\r\n            </p>\r\n        ', 'caio.4websolution@gmail.com', 'noreply@cartasciganas.com', 'Cartas Ciganas', 1, 'sent', 0, 1457401097),
(37, 'Caio', 'Mensagem de Teste', '\r\n            <div>Hi omnes lingua, institutis, legibus inter se differunt. Integer legentibus erat a ante historiarum dapibus. Ullamco laboris nisi ut aliquid ex ea commodi consequat. Unam incolunt Belgae, aliam Aquitani, tertiam.</div><div>Curabitur est gravida et libero vitae dictum. Magna pars studiorum, prodita quaerimus. Quis aute iure reprehenderit in voluptate velit esse. Prima luce, cum quibus mons aliud consensu ab eo.</div><div>Quam temere in vitiis, legem sancimus haerentia. Gallia est omnis divisa in partes tres, quarum. Pellentesque habitant morbi tristique senectus et netus. Lorem ipsum dolor sit amet, consectetur adipisici elit, sed eiusmod tempor incidunt ut labore et dolore magna aliqua. Fabio vel iudice vincam, sunt in culpa qui officia.</div><div>Nihil hic munitissimus habendi senatus locus, nihil horum? Phasellus laoreet lorem vel dolor tempus vehicula. Qui ipsorum lingua Celtae, nostra Galli appellantur. Non equidem invideo, miror magis posuere velit aliquet. Ab illo tempore, ab est sed immemorabili. Excepteur sint obcaecat cupiditat non proident culpa.</div><div>Ut enim ad minim veniam, quis nostrud exercitation. Morbi odio eros, volutpat ut pharetra vitae, lobortis sed nibh. Etiam habebis sem dicantur magna mollis euismod. Nihilne te nocturnum praesidium Palati, nihil urbis vigiliae. Praeterea iter est quasdam res quas ex communi. Tityre, tu patulae recubans sub tegmine fagi dolor.</div><br><br>\r\n            <p>Atenciosamente, <br><strong>Caio</strong></p>\r\n            <p>\r\n                <small>\r\n                    <a href="http://padrao.com/" alt="Cartas Ciganas" target="_blank">Cartas Ciganas</a>\r\n                </small>\r\n            </p>\r\n        ', 'lucianabritto@hotmail.com.br', 'noreply@cartasciganas.com', 'Cartas Ciganas', 1, 'sent', 0, 1457401137),
(38, 'Caio', 'Mensagem de Teste', '\r\n            <div>Hi omnes lingua, institutis, legibus inter se differunt. Integer legentibus erat a ante historiarum dapibus. Ullamco laboris nisi ut aliquid ex ea commodi consequat. Unam incolunt Belgae, aliam Aquitani, tertiam.</div><div>Curabitur est gravida et libero vitae dictum. Magna pars studiorum, prodita quaerimus. Quis aute iure reprehenderit in voluptate velit esse. Prima luce, cum quibus mons aliud consensu ab eo.</div><div>Quam temere in vitiis, legem sancimus haerentia. Gallia est omnis divisa in partes tres, quarum. Pellentesque habitant morbi tristique senectus et netus. Lorem ipsum dolor sit amet, consectetur adipisici elit, sed eiusmod tempor incidunt ut labore et dolore magna aliqua. Fabio vel iudice vincam, sunt in culpa qui officia.</div><div>Nihil hic munitissimus habendi senatus locus, nihil horum? Phasellus laoreet lorem vel dolor tempus vehicula. Qui ipsorum lingua Celtae, nostra Galli appellantur. Non equidem invideo, miror magis posuere velit aliquet. Ab illo tempore, ab est sed immemorabili. Excepteur sint obcaecat cupiditat non proident culpa.</div><div>Ut enim ad minim veniam, quis nostrud exercitation. Morbi odio eros, volutpat ut pharetra vitae, lobortis sed nibh. Etiam habebis sem dicantur magna mollis euismod. Nihilne te nocturnum praesidium Palati, nihil urbis vigiliae. Praeterea iter est quasdam res quas ex communi. Tityre, tu patulae recubans sub tegmine fagi dolor.</div><br><br>\r\n            <p>Atenciosamente, <br><strong>Caio</strong></p>\r\n            <p>\r\n                <small>\r\n                    <a href="http://padrao.com/" alt="Cartas Ciganas" target="_blank">Cartas Ciganas</a>\r\n                </small>\r\n            </p>\r\n        ', 'consultadetarot@hotmail.com', 'noreply@cartasciganas.com', 'Cartas Ciganas', 1, 'sent', 0, 1457401185);
INSERT INTO `p_messages` (`id`, `sender_name`, `title`, `body`, `target`, `email`, `category`, `checked`, `folder`, `important`, `date`) VALUES
(39, 'Caio', 'Mensagem de Teste', '\r\n            <div>Hi omnes lingua, institutis, legibus inter se differunt. Integer legentibus erat a ante historiarum dapibus. Ullamco laboris nisi ut aliquid ex ea commodi consequat. Unam incolunt Belgae, aliam Aquitani, tertiam.</div><div>Curabitur est gravida et libero vitae dictum. Magna pars studiorum, prodita quaerimus. Quis aute iure reprehenderit in voluptate velit esse. Prima luce, cum quibus mons aliud consensu ab eo.</div><div>Quam temere in vitiis, legem sancimus haerentia. Gallia est omnis divisa in partes tres, quarum. Pellentesque habitant morbi tristique senectus et netus. Lorem ipsum dolor sit amet, consectetur adipisici elit, sed eiusmod tempor incidunt ut labore et dolore magna aliqua. Fabio vel iudice vincam, sunt in culpa qui officia.</div><div>Nihil hic munitissimus habendi senatus locus, nihil horum? Phasellus laoreet lorem vel dolor tempus vehicula. Qui ipsorum lingua Celtae, nostra Galli appellantur. Non equidem invideo, miror magis posuere velit aliquet. Ab illo tempore, ab est sed immemorabili. Excepteur sint obcaecat cupiditat non proident culpa.</div><div>Ut enim ad minim veniam, quis nostrud exercitation. Morbi odio eros, volutpat ut pharetra vitae, lobortis sed nibh. Etiam habebis sem dicantur magna mollis euismod. Nihilne te nocturnum praesidium Palati, nihil urbis vigiliae. Praeterea iter est quasdam res quas ex communi. Tityre, tu patulae recubans sub tegmine fagi dolor.</div><br><br>\r\n            <p>Atenciosamente, <br><strong>Caio</strong></p>\r\n            <p>\r\n                <small>\r\n                    <a href="http://padrao.com/" alt="Cartas Ciganas" target="_blank">Cartas Ciganas</a>\r\n                </small>\r\n            </p>\r\n        ', 'consultadetarot@hotmail.com', 'noreply@cartasciganas.com', 'Cartas Ciganas', 1, 'sent', 0, 1457402985),
(40, 'Caio', 'Mensagem de Teste', '\r\n            <div>Hi omnes lingua, institutis, legibus inter se differunt. Integer legentibus erat a ante historiarum dapibus. Ullamco laboris nisi ut aliquid ex ea commodi consequat. Unam incolunt Belgae, aliam Aquitani, tertiam.</div><div>Curabitur est gravida et libero vitae dictum. Magna pars studiorum, prodita quaerimus. Quis aute iure reprehenderit in voluptate velit esse. Prima luce, cum quibus mons aliud consensu ab eo.</div><div>Quam temere in vitiis, legem sancimus haerentia. Gallia est omnis divisa in partes tres, quarum. Pellentesque habitant morbi tristique senectus et netus. Lorem ipsum dolor sit amet, consectetur adipisici elit, sed eiusmod tempor incidunt ut labore et dolore magna aliqua. Fabio vel iudice vincam, sunt in culpa qui officia.</div><div>Nihil hic munitissimus habendi senatus locus, nihil horum? Phasellus laoreet lorem vel dolor tempus vehicula. Qui ipsorum lingua Celtae, nostra Galli appellantur. Non equidem invideo, miror magis posuere velit aliquet. Ab illo tempore, ab est sed immemorabili. Excepteur sint obcaecat cupiditat non proident culpa.</div><div>Ut enim ad minim veniam, quis nostrud exercitation. Morbi odio eros, volutpat ut pharetra vitae, lobortis sed nibh. Etiam habebis sem dicantur magna mollis euismod. Nihilne te nocturnum praesidium Palati, nihil urbis vigiliae. Praeterea iter est quasdam res quas ex communi. Tityre, tu patulae recubans sub tegmine fagi dolor.</div><br><br>\r\n            <p>Atenciosamente, <br><strong>Caio</strong></p>\r\n            <p>\r\n                <small>\r\n                    <a href="http://padrao.com/" alt="Cartas Ciganas" target="_blank">Cartas Ciganas</a>\r\n                </small>\r\n            </p>\r\n        ', 'consultadetarot@hotmail.com', 'noreply@cartasciganas.com', 'Cartas Ciganas', 1, 'sent', 0, 1457403385),
(41, 'Caio', 'Mensagem de Teste', '\r\n            <div>Hi omnes lingua, institutis, legibus inter se differunt. Integer legentibus erat a ante historiarum dapibus. Ullamco laboris nisi ut aliquid ex ea commodi consequat. Unam incolunt Belgae, aliam Aquitani, tertiam.</div><div>Curabitur est gravida et libero vitae dictum. Magna pars studiorum, prodita quaerimus. Quis aute iure reprehenderit in voluptate velit esse. Prima luce, cum quibus mons aliud consensu ab eo.</div><div>Quam temere in vitiis, legem sancimus haerentia. Gallia est omnis divisa in partes tres, quarum. Pellentesque habitant morbi tristique senectus et netus. Lorem ipsum dolor sit amet, consectetur adipisici elit, sed eiusmod tempor incidunt ut labore et dolore magna aliqua. Fabio vel iudice vincam, sunt in culpa qui officia.</div><div>Nihil hic munitissimus habendi senatus locus, nihil horum? Phasellus laoreet lorem vel dolor tempus vehicula. Qui ipsorum lingua Celtae, nostra Galli appellantur. Non equidem invideo, miror magis posuere velit aliquet. Ab illo tempore, ab est sed immemorabili. Excepteur sint obcaecat cupiditat non proident culpa.</div><div>Ut enim ad minim veniam, quis nostrud exercitation. Morbi odio eros, volutpat ut pharetra vitae, lobortis sed nibh. Etiam habebis sem dicantur magna mollis euismod. Nihilne te nocturnum praesidium Palati, nihil urbis vigiliae. Praeterea iter est quasdam res quas ex communi. Tityre, tu patulae recubans sub tegmine fagi dolor.</div><br><br>\r\n            <p>Atenciosamente, <br><strong>Caio</strong></p>\r\n            <p>\r\n                <small>\r\n                    <a href="http://padrao.com/" alt="Cartas Ciganas" target="_blank">Cartas Ciganas</a>\r\n                </small>\r\n            </p>\r\n        ', 'web-CmrkyA@mail-tester.com', 'noreply@cartasciganas.com', 'Cartas Ciganas', 1, 'sent', 0, 1457403886),
(42, 'Caio', 'Mensagem de Teste', '\r\n            Morbi fringilla convallis sapien, id pulvinar odio volutpat. Cras mattis iudicium purus sit amet fermentum. Nihilne te nocturnum praesidium Palati, nihil urbis vigiliae. Petierunt uti sibi concilium totius Galliae in diem certam indicere. Plura mihi bona sunt, inclinet, amari petere vellent.<br><br><br>\r\n            <p>Atenciosamente, <br><strong>Caio</strong></p>\r\n            <p>\r\n                <small>\r\n                    <a href="http://padrao.com/" alt="Cartas Ciganas" target="_blank">Cartas Ciganas</a>\r\n                </small>\r\n            </p>\r\n        ', 'lucianabritto@hotmail.com.br', 'noreply@cartasciganas.com', 'Cartas Ciganas', 1, 'sent', 0, 1457406174),
(43, 'Caio', 'Mensagem de Teste', '\r\n            Morbi fringilla convallis sapien, id pulvinar odio volutpat. Cras mattis iudicium purus sit amet fermentum. Nihilne te nocturnum praesidium Palati, nihil urbis vigiliae. Petierunt uti sibi concilium totius Galliae in diem certam indicere. Plura mihi bona sunt, inclinet, amari petere vellent.<br><br><br>\r\n            <p>Atenciosamente, <br><strong>Caio</strong></p>\r\n            <p>\r\n                <small>\r\n                    <a href="http://padrao.com/" alt="Cartas Ciganas" target="_blank">Cartas Ciganas</a>\r\n                </small>\r\n            </p>\r\n        ', 'lucianabritto@hotmail.com.br', 'noreply@cartasciganas.com', 'Cartas Ciganas', 1, 'sent', 0, 1457406442),
(44, 'Caio', 'Mensagem de Teste', '\r\n            Morbi fringilla convallis sapien, id pulvinar odio volutpat. Cras mattis iudicium purus sit amet fermentum. Nihilne te nocturnum praesidium Palati, nihil urbis vigiliae. Petierunt uti sibi concilium totius Galliae in diem certam indicere. Plura mihi bona sunt, inclinet, amari petere vellent.<br><br><br>\r\n            <p>Atenciosamente, <br><strong>Caio</strong></p>\r\n            <p>\r\n                <small>\r\n                    <a href="http://padrao.com/" alt="Cartas Ciganas" target="_blank">Cartas Ciganas</a>\r\n                </small>\r\n            </p>\r\n        ', 'consultadetarot@hotmail.com', 'noreply@cartasciganas.com', 'Cartas Ciganas', 1, 'sent', 0, 1457406505),
(45, 'Caio Silva', 'Mensagem de Teste', 'Mensagem de Teste', NULL, 'contato@caiosilva.net', 'financeiro', 1, 'inbox', 0, 1473803473),
(46, 'Caio Silva', 'Mensagem de Teste', 'Mensagem de Teste', NULL, 'caiosantossp@gmail.com', 'financeiro', 0, 'inbox', 0, 1476136300),
(47, 'Caio Silva', 'Mensagem de Teste', 'Mensagem de Teste', NULL, 'caiosantossp@gmail.com', 'financeiro', 0, 'inbox', 0, 1476136569),
(48, 'Caio Silva', 'Mensagem de Teste', 'Mensagem de Teste', NULL, 'caiosantossp@gmail.com', 'financeiro', 0, 'inbox', 0, 1476136633),
(49, 'Caio Silva', 'Mensagem de Teste', 'Mensagem de Teste', NULL, 'contato@caiosilva.net', 'financeiro', 0, 'inbox', 0, 1476136663),
(50, 'Caio Silva', 'Mensagem de Teste', 'Mensagem de Teste', NULL, 'contato@cartasciganas.com', 'financeiro', 0, 'inbox', 0, 1476136677),
(51, 'Caio Silva', 'Mensagem de Teste', 'Mensagem de Teste', NULL, 'contato@cartasciganas.com', 'financeiro', 0, 'inbox', 0, 1476136733),
(52, 'Caio Silva', 'Mensagem de Teste', 'Mensagem de Teste', NULL, 'caiosantossp@gmail.com', 'financeiro', 0, 'inbox', 0, 1476137169),
(53, 'Caio Silva', 'Mensagem de Teste', 'Mensagem de Teste', NULL, 'caiosantossp@gmail.com', 'financeiro', 0, 'inbox', 0, 1476137767),
(54, 'Caio Silva', 'Mensagem de Teste', 'Mensagem de Teste', NULL, 'caiosantossp@gmail.com', 'financeiro', 0, 'inbox', 0, 1476137816),
(55, 'Caio Silva', 'Mensagem de Teste', 'Mensagem de Teste', NULL, 'caiosantossp@gmail.com', 'financeiro', 0, 'inbox', 0, 1476137894),
(56, 'Caio Silva', 'Mensagem de Teste', 'Mensagem de Teste', NULL, 'caiosantossp@gmail.com', 'financeiro', 0, 'inbox', 0, 1476137998),
(57, 'Luciana Britto', 'Mensagem de Teste', 'Mensagem de Teste', NULL, 'lucianabritto@hotmail.com.br', 'financeiro', 0, 'inbox', 0, 1476138050),
(58, 'Luciana Britto', 'Mensagem de Teste', 'Mensagem de Teste', NULL, 'lucianabritto@hotmail.com.br', 'financeiro', 0, 'inbox', 0, 1476138275),
(59, 'Luciana Britto', 'Mensagem de Teste', 'Mensagem de Teste', NULL, 'lucianabritto@hotmail.com.br', 'financeiro', 0, 'inbox', 0, 1476138307),
(60, 'Luciana Britto', 'Mensagem de Teste', 'Mensagem de Teste', NULL, 'lucianabritto@hotmail.com.br', 'financeiro', 0, 'inbox', 0, 1476138380),
(61, 'Luciana Britto', 'Mensagem de Teste', 'Mensagem de Teste', NULL, 'lucianabritto@hotmail.com.br', 'financeiro', 0, 'inbox', 0, 1476138405),
(62, 'Luciana Britto', 'Mensagem de Teste', 'Mensagem de Teste', NULL, 'lucianabritto@hotmail.com.br', 'financeiro', 0, 'inbox', 0, 1476138809),
(63, 'Caio Silva', 'Mensagem de Teste', 'Mensagem de Teste', NULL, 'caiosantossp@gmail.com', 'financeiro', 0, 'inbox', 0, 1476138928),
(64, 'Caio Silva', 'Mensagem de Teste', 'Mensagem de Teste', NULL, 'caiosantossp@gmail.com', 'reclamacoes', 0, 'inbox', 0, 1476139134),
(65, 'Caio Silva', 'Teste', 'Mensagem de Teste', NULL, 'caiosantossp@gmail.com', 'reclamacoes', 0, 'inbox', 0, 1476140655),
(66, 'Caio César Silva', 'Mensagem de Teste', 'Mensagem de Teste', NULL, 'caiosantossp@gmail.com', 'reclamacoes', 0, 'inbox', 0, 1476140919),
(67, 'Caio Silva', 'Mensagem de Teste', 'Mensagem de Teste', NULL, 'caiosantossp@gmail.com', 'suporte', 0, 'inbox', 0, 1476141880),
(68, 'Caio Silva', 'Mensagem de Teste', 'Mensagem de Teste', NULL, 'caiosantossp@gmail.com', 'suporte', 0, 'inbox', 0, 1476142227),
(69, 'Caio Silva', 'Mensagem de Teste', 'Mensagem de Teste', NULL, 'caiosantossp@gmail.com', 'suporte', 0, 'inbox', 0, 1476142303),
(70, 'Caio Silva', 'Mensagem de Teste', 'Mensagem de Teste', NULL, 'caiosantossp@gmail.com', 'financeiro', 0, 'inbox', 0, 1476711089),
(71, 'Caio Silva', 'Mensagem de Teste', 'Mensagem de Teste', NULL, 'caiosantossp@gmail.com', 'financeiro', 0, 'inbox', 0, 1476711110),
(72, 'Caio Silva', 'Mensagem de Teste', 'Mensagem de Teste', NULL, 'caiosantossp@gmail.com', 'financeiro', 0, 'inbox', 0, 1476711209),
(73, 'Caio Silva', 'Mensagem de Teste', 'Mensagem de Teste', NULL, 'caiosantossp@gmail.com', 'financeiro', 0, 'inbox', 0, 1476711376),
(74, 'Caio Silva', 'Mensagem de Teste', 'Mensagem de Teste', NULL, 'caiosantossp@gmail.com', 'financeiro', 0, 'inbox', 0, 1476711424),
(75, 'Caio Silva', 'Mensagem de Teste', 'Mensagem de Teste', NULL, 'caiosantossp@gmail.com', 'financeiro', 0, 'inbox', 0, 1476711627),
(76, 'Caio Silva', 'Mensagem de Teste', 'Mensagem de Teste', NULL, 'caiosantossp@gmail.com', 'financeiro', 0, 'inbox', 0, 1476711646),
(77, 'Caio Silva', 'Mensagem de Teste', 'Mensagem de Teste', NULL, 'caiosantossp@gmail.com', 'financeiro', 0, 'inbox', 0, 1476711688),
(78, 'Caio Silva', 'Mensagem de Teste', 'Mensagem de Teste', NULL, 'contato@caiosilva.net', 'financeiro', 0, 'inbox', 0, 1476712138),
(79, 'Caio Silva', 'Mensagem de Teste', 'Mensagem de Teste', NULL, 'contato@caiosilva.net', 'financeiro', 0, 'inbox', 0, 1476712154),
(80, 'Caio Silva', 'Mensagem de Teste', 'Mensagem de Teste', NULL, 'contato@caiosilva.net', 'financeiro', 0, 'inbox', 0, 1476712255),
(81, 'Caio Silva', 'Mensagem de Teste', 'Mensagem de Teste', NULL, 'contato@caiosilva.net', 'financeiro', 0, 'inbox', 0, 1476712262),
(82, 'Caio Silva', 'Mensagem de Teste', 'Mensagem de Teste', NULL, 'contato@caiosilva.net', 'financeiro', 0, 'inbox', 0, 1476712305),
(83, 'Caio Silva', 'Mensagem de Teste', 'Mensagem de Teste', NULL, 'contato@caiosilva.net', 'financeiro', 0, 'inbox', 0, 1476713339),
(84, 'Caio Silva', 'Mensagem de Teste', 'Mensagem de Teste', NULL, 'contato@caiosilva.net', 'financeiro', 0, 'inbox', 0, 1476713386),
(85, 'Caio Silva', 'Mensagem de Teste', 'Mensagem de Teste', NULL, 'contato@caiosilva.net', 'financeiro', 0, 'inbox', 0, 1476713505),
(86, 'Caio Silva', 'Mensagem de Teste', 'Mensagem de Teste', NULL, 'contato@caiosilva.net', 'financeiro', 0, 'inbox', 0, 1476713530),
(87, 'Caio Silva', 'Mensagem de Teste', 'Mensagem de Teste', NULL, 'contato@caiosilva.net', 'financeiro', 0, 'inbox', 0, 1476713542),
(88, 'Caio Silva', 'Mensagem de Teste', 'Mensagem de Teste', NULL, 'contato@caiosilva.net', 'financeiro', 0, 'inbox', 0, 1476713562),
(89, 'Caio Silva', 'Mensagem de Teste', 'Mensagem de Teste', NULL, 'contato@caiosilva.net', 'financeiro', 0, 'inbox', 0, 1476713599),
(90, 'Caio Silva', 'Mensagem de Teste', 'Mensagem de Teste', NULL, 'contato@caiosilva.net', 'financeiro', 0, 'inbox', 0, 1476713647),
(91, 'Caio Silva', 'Mensagem de Teste', 'Mensagem de Teste', NULL, 'contato@caiosilva.net', 'financeiro', 0, 'inbox', 0, 1476713914),
(92, 'Caio Silva', 'Mensagem de Teste', 'Mensagem de Teste', NULL, 'contato@caiosilva.net', 'financeiro', 0, 'inbox', 0, 1476714515),
(93, 'Caio Silva', 'Mensagem de Teste', 'Mensagem de Teste', NULL, 'contato@caiosilva.net', 'financeiro', 0, 'inbox', 0, 1476714600),
(94, 'Caio Silva', 'Mensagem de Teste', 'Mensagem de Teste', NULL, 'contato@caiosilva.net', 'financeiro', 0, 'inbox', 0, 1476714731),
(95, 'Caio Silva', 'Mensagem de Teste', 'Mensagem de Teste', NULL, 'contato@caiosilva.net', 'financeiro', 0, 'inbox', 0, 1476714802),
(96, 'Caio Silva', 'Mensagem de Teste', 'Mensagem de Teste', NULL, 'contato@caiosilva.net', 'financeiro', 0, 'inbox', 0, 1476714947),
(97, 'Caio Silva', 'Mensagem de Teste', 'Mensagem de Teste', NULL, 'contato@caiosilva.net', 'financeiro', 0, 'inbox', 0, 1476714970),
(98, 'Caio Silva', 'Mensagem de Teste', 'Mensagem de Teste', NULL, 'contato@caiosilva.net', 'financeiro', 0, 'inbox', 0, 1476715104),
(99, 'Caio Silva', 'Mensagem de Teste', 'Mensagem de Teste', NULL, 'contato@caiosilva.net', 'financeiro', 0, 'inbox', 0, 1476715123),
(100, 'Caio Silva', 'Mensagem de Teste', 'Mensagem de Teste', NULL, 'contato@caiosilva.net', 'financeiro', 0, 'inbox', 0, 1476715171),
(101, 'Caio Silva', 'Mensagem de Teste', 'Mensagem de Teste', NULL, 'contato@caiosilva.net', 'financeiro', 0, 'inbox', 0, 1476715215),
(102, 'Caio Silva', 'Mensagem de Teste', 'Mensagem de Teste', NULL, 'contato@caiosilva.net', 'financeiro', 0, 'inbox', 0, 1476715384),
(103, 'Caio Silva', 'Mensagem de Teste', 'Mensagem de Teste', NULL, 'contato@caiosilva.net', 'financeiro', 0, 'inbox', 0, 1476715407),
(104, 'Caio Silva', 'Mensagem de Teste', 'Mensagem de Teste', NULL, 'contato@caiosilva.net', 'financeiro', 0, 'inbox', 0, 1476715426),
(105, 'Caio Silva', 'Mensagem de Teste', 'Mensagem de Teste', NULL, 'contato@caiosilva.net', 'financeiro', 0, 'inbox', 0, 1476715436),
(106, 'Caio Silva', 'Mensagem de Teste', 'Mensagem de Teste', NULL, 'contato@caiosilva.net', 'financeiro', 0, 'inbox', 0, 1476715511),
(107, 'Caio Silva', 'Mensagem de Teste', 'Mensagem de Teste', NULL, 'contato@caiosilva.net', 'financeiro', 0, 'inbox', 0, 1476715519),
(108, 'Caio Silva', 'Mensagem de Teste', 'Mensagem de Teste', NULL, 'contato@caiosilva.net', 'financeiro', 0, 'inbox', 0, 1476715604),
(109, 'Caio Silva', 'Mensagem de Teste', 'Mensagem de Teste', NULL, 'contato@caiosilva.net', 'financeiro', 0, 'inbox', 0, 1476715818),
(110, 'Caio Silva', 'Mensagem de Teste', 'Mensagem de Teste', NULL, 'caiosantossp@gmail.com', 'financeiro', 0, 'inbox', 0, 1476715889),
(111, 'Caio Silva', 'Mensagem de Teste', 'Mensagem de Teste', NULL, 'caiosantossp@gmail.com', 'financeiro', 0, 'inbox', 0, 1476715927),
(112, 'Caio Silva', 'Mensagem de Teste', 'Mensagem de Teste', NULL, 'caiosantossp@gmail.com', 'financeiro', 0, 'inbox', 0, 1476715974);

-- --------------------------------------------------------

--
-- Table structure for table `p_messages_folders`
--

CREATE TABLE `p_messages_folders` (
  `id` int(11) UNSIGNED NOT NULL,
  `name` varchar(50) NOT NULL,
  `alias` varchar(50) NOT NULL
) ENGINE=InnoDB DEFAULT CHARSET=utf8;

--
-- Dumping data for table `p_messages_folders`
--

INSERT INTO `p_messages_folders` (`id`, `name`, `alias`) VALUES
(23, 'Financeiro', 'financeiro'),
(24, 'Suporte', 'suporte'),
(25, 'Reclamações', 'reclamacoes');

-- --------------------------------------------------------

--
-- Table structure for table `p_operators`
--

CREATE TABLE `p_operators` (
  `id` int(11) UNSIGNED NOT NULL,
  `user_id` int(11) UNSIGNED NOT NULL,
  `name` varchar(50) NOT NULL,
  `description` text NOT NULL,
  `slug` varchar(50) NOT NULL,
  `photo_url` varchar(255) NOT NULL,
  `rating` float UNSIGNED NOT NULL DEFAULT '0',
  `active` tinyint(1) UNSIGNED NOT NULL DEFAULT '0',
  `default_status` tinyint(1) UNSIGNED NOT NULL DEFAULT '1',
  `balance` decimal(10,2) UNSIGNED NOT NULL DEFAULT '0.00'
) ENGINE=InnoDB DEFAULT CHARSET=utf8;

--
-- Dumping data for table `p_operators`
--

INSERT INTO `p_operators` (`id`, `user_id`, `name`, `description`, `slug`, `photo_url`, `rating`, `active`, `default_status`, `balance`) VALUES
(21, 52, 'Negao', 'Cumque molestiae incidi aut enim et veritatis voluptate hic voluptas dolores voluptas enim qui asperiores corporis et qui eveniet, eos dolorem Lorem sit voluptas est, et Nam explicabo. Beatae culpa, obcaecati et dignissimos ut ipsa, tenetur laudantium, eos, ut sit libero obcaecati dolor inventore eveniet, est, eum et molestiae corporis ipsam Lorem corporis sit, voluptas in repudiandae molestiae placeat, ut dignissimos consequatur? a dicta exercitationem perspiciatis, totam ea qui consequatur,...', 'negao', 'svgA7847555186599493.png', 0, 1, 1, '23.00'),
(22, 52, 'Magnam Aut.', 'A molestiae praesentium eum obcaecati et recusandae. Magni Et Itaque et fugit, Nam et sint inventore sit nobis ullam ullam mollitia ut odio labore enim dolorem eius dolor officiis dolor ullam placeat, est aut est, ullam necessitatibus sit, quos praesentium ipsa, quia nihil repellendus. Provident, id delectus, recusandae. Autem dolore eius inventore id saepe eum dolor exercitationem eligendi mollitia est, ut voluptatem error maxime iste eius fugit, earum nihil maxime dolorem voluptatum ipsa,...', 'magnam-aut', 'svgA7906702472828329.png', 0, 1, 1, '50.00'),
(23, 53, 'Alana', 'Autem Sed et optio, quia laborum dolor non sequi quo expedita a ipsum, et a dolor a ut tempora fugit, delectus, illo cupiditate aliquam vel quod deserunt hic quaerat Nemo blanditiis quod odit numquam dignissimos exercitationem repellat. Laboriosam, Sed sequi rerum est sit, sed culpa, et magni corrupti, pariatur? pariatur? quod nihil similique commodi Temporibus aperiam ratione dolorem adipisicing praesentium officia dolores quis quibusdam non ut neque non voluptatem. Dolor explicabo. Sed ut...', 'alana', 'svgA877912576077506.png', 0, 1, 1, '0.00'),
(24, 53, 'Morgana', 'Expedita maiores eveniet, harum quasi Temporibus autem sed rerum nesciunt, voluptas neque omnis quaerat similique dolores dolores asperiores nisi quia ut sint, illum, quis est similique quia hic cupiditate qui ut enim esse, non laudantium, quos sunt, fugiat, maxime laudantium, soluta excepturi tempora praesentium consequatur voluptatibus maxime fugit, reiciendis dolores consequatur, non Temporibus repellat. Non quos similique illum, vero consectetur dolor ut sunt nihil qui expedita eaque...', 'morgana', 'svgA4957704197149724.png', 0, 1, 1, '0.00'),
(37, 1, 'Tarólogo Órion', 'Médium e vidente, realiza leitura do Tarot, Runas, Baralho Cigano e Pêndulo. Possui conhecimentos de Xamanismo, raízes e ervas, podendo orientar os consulentes com rituais, infusões para chás, banhos, incensos e defumações para limpeza energética, amor, prosperidade, trabalho e dinheiro, espiritualidade e familiar.', 'tarologo-orion', 'croppedImg_1952693471.jpeg', 3.75, 1, 4, '0.00'),
(47, 1, 'Negro', 'Ambitioni dedisse scripsisse iudicaretur. Tu quoque, Brute, fili mi, nihil timor populi, nihil! Salutantibus vitae elit libero, a pharetra augue. Contra legem facit qui id facit quod lex prohibet. Gallia est omnis divisa in partes tres, quarum. Fabio vel iudice vincam, sunt in culpa qui officia.\r\nQuam diu etiam furor iste tuus nos eludet? Phasellus laoreet lorem vel dolor tempus vehicula. Inmensae subtilitatis, obscuris et malesuada fames.\r\nUt enim ad minim veniam, quis nostrud exercitation....', 'negro', 'croppedImg_1461719192.jpeg', 0, 1, 1, '108.57'),
(48, 1, 'Suscipit Id.', 'Nisi consequatur? eum aut ut velit similique nostrum vitae impedit, hic modi et provident, maxime neque accusamus quam aut dolore odio aut quibusdam eveniet, deleniti tenetur ex non et ab dolores soluta vero et rerum commodi corrupti, voluptatem. Omnis distinctio. Dicta cum natus ut ullam et amet delectus, et explicabo. Sed sint et sunt, id, rerum rem eos, dignissimos commodi tempora aspernatur aut debitis non repudiandae sed sint dolorem inventore provident, suscipit debitis dolorum Quis...', 'suscipit-id', 'croppedImg_333301236.jpeg', 0, 0, 1, '0.14'),
(51, 1, 'Sequi Corporis.', 'Quaerat earum quo aperiam aliquid et inventore Itaque omnis mollitia neque quo odit fugiat, consectetur et corrupti, cum illum, commodi obcaecati possimus, unde aut Nam architecto voluptatem, vitae voluptatem. Iusto qui facilis molestiae nihil possimus, et dunt, Itaque omnis ipsam atque accusantium a quo voluptatum voluptatem dolorem aut aut sit molestias et est, qui esse, odio minus similique Et Nemo consequuntur aut rerum dolorum Nam laborum quos voluptatem et Quis ratione magni qui...', 'sequi-corporis', 'svgA7516296114772558.png', 3.45, 1, 1, '30.09'),
(52, 1, 'Teste', 'Quid securi etiam tamquam eu fugiat nulla pariatur. Morbi odio eros, volutpat ut pharetra vitae, lobortis sed nibh.eae', 'teste', 'cropped_1849064936.jpeg', 2.25, 0, 4, '2.13'),
(58, 115, 'Operador De Teste', 'Gallia est omnis divisa in partes tres, quarum. Curabitur est gravida et libero vitae dictum. Tityre, tu patulae recubans sub tegmine fagi dolor. Sed haec quis possit intrepidus aestimare tellus. Fabio vel iudice vincam, sunt in culpa qui officia. Unam incolunt Belgae, aliam Aquitani, tertiam.\r\nInmensae subtilitatis, obscuris et malesuada fames. Petierunt uti sibi concilium totius Galliae in diem certam indicere. Mercedem aut nummos unde unde extricat, amaras.\r\nPraeterea iter est quasdam res quas ex communi. Cum ceteris in veneratione tui montes, nascetur mus. At nos hinc posthac, sitientis piros Afros. Me non paenitet nullum festiviorem excogitasse ad hoc. Donec sed odio operae, eu vulputate felis rhoncus.\r\nHi omnes lingua, institutis, legibus inter se differunt. Ambitioni dedisse scripsisse iudicaretur. Non equidem invideo, miror magis posuere velit aliquet. Curabitur blandit tempus ardua ridiculus sed magna. Morbi fringilla convallis sapien, id pulvinar odio volutpat.\r\nQuisque ut dolor gravida, placerat libero vel, euismod. Prima luce, cum quibus mons aliud consensu ab eo. A communi observantia non est recedendum. Idque Caesaris facere voluntate liceret: sese habere.', 'operador-de-teste', 'croppedImg_899511543.jpeg', 0, 1, 4, '0.00'),
(64, 118, 'Teste2', 'Ola', 'teste2', 'cropped_781890496.jpeg', 0, 0, 1, '0.00'),
(67, 119, 'Operador De Teste 2', 'Quisque placerat facilisis egestas cillum dolore. Excepteur sint obcaecat cupiditat non proident culpa. Curabitur blandit tempus ardua ridiculus sed magna.', 'operador-de-teste-2', 'croppedImg_1679572058.jpeg', 0, 0, 1, '0.00');

-- --------------------------------------------------------

--
-- Table structure for table `p_operators_bank`
--

CREATE TABLE `p_operators_bank` (
  `id` int(11) NOT NULL,
  `user_id` int(11) UNSIGNED NOT NULL,
  `bank_number` int(11) DEFAULT NULL,
  `bank_agency` varchar(50) DEFAULT NULL,
  `bank_account` varchar(100) DEFAULT NULL,
  `bank_account_type` varchar(50) DEFAULT NULL
) ENGINE=InnoDB DEFAULT CHARSET=utf8;

--
-- Dumping data for table `p_operators_bank`
--

INSERT INTO `p_operators_bank` (`id`, `user_id`, `bank_number`, `bank_agency`, `bank_account`, `bank_account_type`) VALUES
(22, 1, 341, '1542', '30306-8/500', 'Corrente'),
(24, 52, NULL, '', '', NULL);

-- --------------------------------------------------------

--
-- Table structure for table `p_operators_skills`
--

CREATE TABLE `p_operators_skills` (
  `id` int(11) UNSIGNED NOT NULL,
  `title` varchar(50) NOT NULL,
  `description` varchar(160) NOT NULL,
  `content` text NOT NULL,
  `slug` varchar(50) NOT NULL,
  `image` varchar(255) DEFAULT NULL
) ENGINE=InnoDB DEFAULT CHARSET=utf8;

--
-- Dumping data for table `p_operators_skills`
--

INSERT INTO `p_operators_skills` (`id`, `title`, `description`, `content`, `slug`, `image`) VALUES
(14, 'Runas', 'As Runas surgiram há mais de 3 mil anos, entre os vikings. São letras mágicas gravadas em pedras, com nomes que variam um pouco de acordo com a região onde eram', '<section>\r\n<p>As&nbsp;<strong>Runas</strong>&nbsp;surgiram h&aacute; mais de 3 mil anos, entre os vikings. S&atilde;o letras m&aacute;gicas gravadas em pedras, com nomes que variam um pouco de acordo com a regi&atilde;o onde eram utilizadas. Cada pedra oferece mais de uma possibilidade de interpreta&ccedil;&atilde;o &ndash; a mensagem que ela encerra depende da pergunta e tamb&eacute;m da combina&ccedil;&atilde;o com as outras pedras que sa&iacute;ram na jogada. Para jogar, primeiro mantenha-se calma e concentre-se no que deseja saber. Fa&ccedil;a uma pergunta de cada vez e de maneira objetiva. Existem duas formas simples para a consulta: com uma runa e com tr&ecirc;s runas, indicada para iniciantes. O jogo completo, com todas as runas, &eacute; para veteranos no assunto. Prepare-se para olhar o presente e o futuro!</p>\r\n</section>\r\n', 'runas', NULL),
(15, 'Tarô', 'O Tarô é um alfabeto simbólico, mágico, arquetípicos do ser humano, diagrama da vida terrestre, mensagem do inconsciente, uma ponte entre a alma e o espírito. T', '<p>O <strong>Tar&ocirc;</strong> &eacute; um alfabeto simb&oacute;lico, m&aacute;gico, arquet&iacute;picos do ser humano, diagrama da vida terrestre, mensagem do inconsciente, uma ponte entre a alma e o esp&iacute;rito. Tar&ocirc; significa &quot;Rota&quot; ou, ainda, dire&ccedil;&atilde;o a ser tomada. O conjunto de 78 cartas que denominamos de arcanos (mist&eacute;rio, oculto, o que precisa ser desvelado) est&aacute; dividido em dois grupos : 22 s&iacute;mbolos principais denominados arcanos maiores que designam a vontade humana, seus anseios, id&eacute;ias, potencialidades, probabilidades, e 56 s&iacute;mbolos secund&aacute;rios denominados de arcanos menores que determinam a dire&ccedil;&atilde;o e os objetivos conceituados nos arcanos maiores. Um se relaciona com a VIDA, o arqu&eacute;tipo das id&eacute;ias, e o outro com a FORMA, o arqu&eacute;tipo da realiza&ccedil;&atilde;o. Ambos os conjuntos relatam a experi&ecirc;ncia humana: a constru&ccedil;&atilde;o do futuro. O Tar&ocirc; &eacute; um or&aacute;culo baseado na estrutura mental do ser humano, dos fatos naturais de acontecimentos da vida: tudo tem come&ccedil;o, meio e fim. Os s&iacute;mbolos do Tar&ocirc; s&atilde;o transposi&ccedil;&otilde;es arquet&iacute;picas de nosso comportamento. Tudo em nossa exist&ecirc;ncia pode ser encontrado nos arcanos do Tar&ocirc;, basta saber ler este maravilhoso alfabeto m&aacute;gico. Os 22 arcanos maiores, formam um conjunto de s&iacute;mbolos estruturados com atributos evolutivos e sintom&aacute;ticos, caracterizando-se pela complexidade ornamental. Os 56 arcanos menores, formam outro conjunto de s&iacute;mbolos estruturados com atributos sinalizadores e seccionados em quatro n&iacute;veis, caracterizando-se pela simplicidade. Os arcanos maiores se reportam &agrave; mente abstrata, ao mundo subjetivo, aos poderes da cria&ccedil;&atilde;o, diretos e &aacute;rbitros, que a consci&ecirc;ncia manipula para seu universo; os arcanos menores se lan&ccedil;am &agrave; mente racional, ao mundo do objeto, aos poderes da concretiza&ccedil;&atilde;o, independente da vontade e a&ccedil;&atilde;o dos primeiros . Os arcanos maiores representam a energia de uma situa&ccedil;&atilde;o e os arcanos menores a forma dessa energia.</p>\r\n', 'taro', ''),
(16, 'Cartas Ciganas', 'A Cartomancia, é um dos costumes ciganos mais conhecidos, afinal muitas pessoas recorrem a este povo para saber o futuro pelas cartas. De acordo com a tradição,', '<p>A <strong>Cartomancia</strong>, &eacute; um dos costumes ciganos mais conhecidos, afinal muitas pessoas recorrem a este povo para saber o futuro pelas cartas. De acordo com a tradi&ccedil;&atilde;o, o Baralho Cigano s&oacute; poder&aacute; ser lido por mulheres, pois trazem em seu interior a energia da lua (o oculto), tendo a luz da vid&ecirc;ncia , o dom do sentir, pressentir e interpretar. Para a leitura das cartas, as ciganas utilizam um baralho comum, desses usados para jogos de azar, retirando o curinga e as cartas que v&atilde;o do dois ao cinco, restando 36 cartas que s&atilde;o utilizadas para a leitura. O Povo Cigano associou &agrave; essas cartas algumas figuras do seu simbolismo esot&eacute;rico, cujo significado veremos mais adiante. As correspond&ecirc;ncias entre as cartas comuns e as figuras acontece de forma natural para os Ciganos, por&eacute;m para os n&atilde;o-ciganos torna-se um tanto dif&iacute;cil fazer essa associa&ccedil;&atilde;o, felizmente existe no mercado vers&otilde;es do baralho com as figuras impressas o que facilita muito o aprendizado e sua interpreta&ccedil;&atilde;o.</p>\r\n', 'cartas-ciganas', '/images/site/906529_645975782142341_885598510554019713_o.jpg'),
(17, 'Búzios', 'O jogo de Búzios é uma prática divinatória muito usada no Brasil e está associado às religiões e cultura africana. É uma prática que, através de 16 conchas lanç', '<p>O jogo de B&uacute;zios &eacute; uma pr&aacute;tica divinat&oacute;ria muito usada no Brasil e est&aacute; associado &agrave;s religi&otilde;es e cultura africana. &Eacute; uma pr&aacute;tica que, atrav&eacute;s de 16 conchas lan&ccedil;adas permite que o m&eacute;dium, atrav&eacute;s de uma conex&atilde;o com If&aacute; que &eacute; o orix&aacute; encarregado da divina&ccedil;&atilde;o, acesse os mist&eacute;rios a ele conferido e interprete as combina&ccedil;&otilde;es oferecendo uma resposta.</p>\r\n\r\n<p>Tamb&eacute;m &eacute; poss&iacute;vel com o aux&iacute;lio dos B&uacute;zios identificar problemas espirituais e buscar solu&ccedil;&otilde;es para afli&ccedil;&otilde;es. O leitor do jogo de B&uacute;zios tem um preparo todo especial al&eacute;m de ser uma pessoa iniciada e versada na divina&ccedil;&atilde;o pr&oacute;pria com esse poderoso Or&aacute;culo.</p>\r\n\r\n<p>Se voc&ecirc; est&aacute; precisando de respostas com rela&ccedil;&atilde;o a amor, dinheiro, sa&uacute;de, consulte-se com os B&uacute;zios agora mesmo.</p>\r\n', 'buzios', NULL),
(18, 'Numerologia', 'É uma ciência milenar que deriva das relações ocultas e esotéricas entre os números e objetos físicos ou seres vivos. Um numerólogo pode realizar um estudo e id', '<p>&Eacute; uma ci&ecirc;ncia milenar que deriva das rela&ccedil;&otilde;es ocultas e esot&eacute;ricas entre os n&uacute;meros e objetos f&iacute;sicos ou seres vivos. Um numer&oacute;logo pode realizar um estudo e identificar dificuldades, situa&ccedil;&otilde;es que podem ser melhoradas em sua vida e permitir que voc&ecirc; compreenda e enfrente situa&ccedil;&otilde;es atrav&eacute;s da an&aacute;lise se um mapa numerol&oacute;gico.</p>\r\n\r\n<p dir="ltr">Muitas situa&ccedil;&otilde;es podem ser melhor orientadas atrav&eacute;s de uma an&aacute;lise numerol&oacute;gica como, por exemplo, se um nome para sua empresa ou para seu filho ser&aacute; promissor, estudar significado oculto dos npumeros que possam estar influenciando seu dia a dia, seu intelecto, seu trabalho e etc. Fale com um especialista em numerologia e fa&ccedil;a uso dessa ferramenta de autoconhecimento a seu favor.</p>\r\n', 'numerologia', NULL),
(19, 'Pêndulo', 'O Pêndulo é um antigo método de adivinhação utilizado por milênios e ainda hoje. Funciona como uma ponte para a mente subconsciente, uma conexão intuitiva para ', '<section>\r\n<p>O P&ecirc;ndulo &eacute; um antigo m&eacute;todo de adivinha&ccedil;&atilde;o utilizado por mil&ecirc;nios e ainda hoje. Funciona como uma ponte para a mente subconsciente, uma conex&atilde;o intuitiva para o seu Eu superior que abriga grande sabedoria e discernimento. &Eacute; um excelente meio para comunicar-se com o mundo espiritual, receber respostas para d&uacute;vidas imediatas, para previs&otilde;es e muitos outros direcionamentos. &nbsp;Se voc&ecirc; deseja complementar sua consulta online, o P&ecirc;ndulo certamente auxiliar&aacute;. Fale com um especialista.</p>\r\n\r\n<p>&nbsp;</p>\r\n</section>\r\n', 'pendulo', NULL),
(20, 'Astrologia', 'Instrumento que possibilita observar as relações planetárias e acontecimentos diversos. Através de uma análise astrológica, poderá ser revelado padrões de compo', '<p>Instrumento que possibilita observar as rela&ccedil;&otilde;es planet&aacute;rias e acontecimentos diversos. Atrav&eacute;s de uma an&aacute;lise astrol&oacute;gica, poder&aacute; ser revelado padr&otilde;es de comportamentos prejudiciais, ajud&aacute;-lo a prevenir-se e encarar pr&oacute;ximos desafios. &Eacute; poss&iacute;vel identificar talentos que voc&ecirc; possui e receber sugest&otilde;es espec&iacute;ficas sobre a melhor forma de desenvolv&ecirc;-los.</p>\r\n\r\n<p>A Astrologia tamb&eacute;m pode apontar tend&ecirc;ncias, acontecimento e ajud&aacute;-lo a descobrir como tirar proveito delas a seu favor. A Astrologia &eacute; uma excelente arte que pode ajudar voc&ecirc; a ter mais sucesso em sua vida e orientar suas a&ccedil;&otilde;es.</p>\r\n\r\n<p>Conhe&ccedil;a nossos especialistas e receba uma orienta&ccedil;&atilde;o astrol&oacute;gica agora.</p>\r\n', 'astrologia', NULL);

-- --------------------------------------------------------

--
-- Table structure for table `p_operators_skills_link`
--

CREATE TABLE `p_operators_skills_link` (
  `id` int(11) NOT NULL,
  `skill_id` int(11) UNSIGNED NOT NULL,
  `operator_id` int(11) UNSIGNED NOT NULL
) ENGINE=InnoDB DEFAULT CHARSET=utf8;

--
-- Dumping data for table `p_operators_skills_link`
--

INSERT INTO `p_operators_skills_link` (`id`, `skill_id`, `operator_id`) VALUES
(148, 15, 24),
(149, 16, 24),
(150, 18, 24),
(282, 14, 21),
(283, 20, 21),
(284, 14, 58),
(285, 16, 58),
(286, 18, 58),
(287, 20, 58),
(289, 17, 22),
(290, 19, 22),
(291, 14, 23),
(292, 16, 23),
(293, 16, 37),
(294, 19, 37),
(302, 15, 67),
(303, 17, 67),
(304, 18, 67),
(305, 14, 64),
(306, 16, 64),
(307, 16, 52),
(310, 16, 48),
(314, 15, 47),
(315, 17, 47),
(316, 19, 47),
(317, 14, 51),
(318, 16, 51);

-- --------------------------------------------------------

--
-- Table structure for table `p_operators_status_logs`
--

CREATE TABLE `p_operators_status_logs` (
  `id` int(11) UNSIGNED NOT NULL,
  `user_id` int(11) UNSIGNED NOT NULL,
  `operator_id` int(11) UNSIGNED NOT NULL,
  `date` int(11) NOT NULL,
  `status` tinyint(2) NOT NULL
) ENGINE=InnoDB DEFAULT CHARSET=utf8;

--
-- Dumping data for table `p_operators_status_logs`
--

INSERT INTO `p_operators_status_logs` (`id`, `user_id`, `operator_id`, `date`, `status`) VALUES
(43, 1, 37, 1474278667, 4),
(44, 1, 48, 1474278667, 4),
(45, 1, 47, 1474278667, 4),
(46, 1, 52, 1474278667, 4),
(47, 1, 51, 1474278667, 4),
(48, 1, 37, 1474278669, 3),
(49, 1, 51, 1474278669, 4),
(50, 1, 48, 1474278669, 1),
(51, 1, 47, 1474278669, 1),
(52, 1, 52, 1474278669, 4),
(53, 1, 51, 1474278742, 1),
(54, 1, 37, 1474278749, 4),
(55, 1, 37, 1474278934, 4),
(56, 1, 51, 1474278934, 4),
(57, 1, 48, 1474278934, 4),
(58, 1, 52, 1474278934, 4),
(59, 1, 47, 1474278934, 4),
(60, 1, 48, 1474278936, 1),
(61, 1, 37, 1474278936, 4),
(62, 1, 47, 1474278936, 1),
(63, 1, 51, 1474278936, 1),
(64, 1, 52, 1474278936, 4),
(65, 1, 47, 1474279835, 1),
(66, 1, 51, 1474279835, 1),
(67, 1, 48, 1474279835, 1),
(68, 1, 37, 1474279835, 4),
(69, 1, 52, 1474279835, 4),
(70, 1, 48, 1474280275, 4),
(71, 1, 51, 1474280275, 4),
(72, 1, 37, 1474280275, 4),
(73, 1, 47, 1474280275, 4),
(74, 1, 52, 1474280275, 4),
(75, 1, 47, 1474280277, 1),
(76, 1, 37, 1474280277, 4),
(77, 1, 51, 1474280277, 1),
(78, 1, 48, 1474280277, 1),
(79, 1, 52, 1474280277, 4),
(80, 1, 47, 1474280326, 3),
(81, 1, 47, 1474280346, 4),
(82, 1, 37, 1474280457, 4),
(83, 1, 48, 1474280457, 4),
(84, 1, 51, 1474280457, 4),
(85, 1, 47, 1474280457, 4),
(86, 1, 52, 1474280457, 4),
(87, 1, 48, 1474280460, 1),
(88, 1, 51, 1474280460, 1),
(89, 1, 37, 1474280460, 4),
(90, 1, 47, 1474280460, 4),
(91, 1, 52, 1474280460, 4),
(92, 1, 47, 1474280482, 3),
(93, 1, 47, 1474280560, 4),
(94, 1, 48, 1474280560, 4),
(95, 1, 51, 1474280560, 4),
(96, 1, 37, 1474280560, 4),
(97, 1, 52, 1474280560, 4),
(98, 1, 47, 1474280561, 3),
(99, 1, 48, 1474280561, 1),
(100, 1, 51, 1474280561, 1),
(101, 1, 37, 1474280561, 4),
(102, 1, 52, 1474280561, 4),
(103, 1, 51, 1474282481, 4),
(104, 1, 37, 1474282481, 4),
(105, 1, 47, 1474282481, 4),
(106, 1, 48, 1474282481, 4),
(107, 1, 52, 1474282481, 4),
(108, 1, 47, 1474282483, 3),
(109, 1, 48, 1474282483, 1),
(110, 1, 37, 1474282483, 4),
(111, 1, 51, 1474282483, 1),
(112, 1, 52, 1474282483, 4),
(113, 1, 47, 1474282540, 1),
(114, 1, 52, 1474285247, 4),
(115, 1, 48, 1474285247, 4),
(116, 1, 51, 1474285247, 4),
(117, 1, 47, 1474285247, 4),
(118, 1, 37, 1474285247, 4),
(119, 1, 47, 1474285257, 4),
(120, 1, 37, 1474285257, 4),
(121, 1, 48, 1474285257, 4),
(122, 1, 52, 1474285257, 4),
(123, 1, 51, 1474285257, 4),
(124, 119, 67, 1474374334, 1),
(125, 119, 67, 1474374503, 4),
(126, 1, 37, 1474407887, 4),
(127, 1, 52, 1474407887, 4),
(128, 1, 48, 1474407887, 1),
(129, 1, 47, 1474407887, 1),
(130, 1, 51, 1474407887, 1),
(131, 119, 67, 1474407889, 1),
(132, 119, 67, 1474407894, 4),
(133, 1, 37, 1474408084, 4),
(134, 1, 52, 1474408084, 4),
(135, 1, 51, 1474408084, 1),
(136, 1, 48, 1474408084, 1),
(137, 1, 47, 1474408084, 1),
(138, 1, 51, 1474408090, 4),
(139, 1, 37, 1474408090, 4),
(140, 1, 48, 1474408090, 4),
(141, 1, 47, 1474408090, 4),
(142, 1, 52, 1474408090, 4),
(143, 1, 51, 1474408091, 1),
(144, 1, 37, 1474408091, 4),
(145, 1, 47, 1474408091, 1),
(146, 1, 48, 1474408092, 1),
(147, 1, 52, 1474408092, 4),
(148, 1, 47, 1474408131, 1),
(149, 1, 37, 1474408131, 4),
(150, 1, 48, 1474408131, 1),
(151, 1, 51, 1474408131, 1),
(152, 1, 52, 1474408131, 4),
(153, 1, 51, 1474408136, 4),
(154, 1, 37, 1474408136, 4),
(155, 1, 52, 1474408136, 4),
(156, 1, 47, 1474408136, 4),
(157, 1, 48, 1474408136, 4),
(158, 1, 51, 1474408138, 1),
(159, 1, 37, 1474408138, 4),
(160, 1, 48, 1474408138, 1),
(161, 1, 47, 1474408138, 1),
(162, 1, 52, 1474408138, 4),
(163, 1, 37, 1474464802, 4),
(164, 1, 47, 1474464802, 1),
(165, 1, 48, 1474464802, 1),
(166, 1, 51, 1474464802, 1),
(167, 1, 52, 1474464802, 4),
(168, 1, 47, 1474465060, 4),
(169, 1, 48, 1474465060, 4),
(170, 1, 37, 1474465060, 4),
(171, 1, 51, 1474465060, 4),
(172, 1, 52, 1474465060, 4),
(173, 1, 37, 1474465061, 4),
(174, 1, 51, 1474465061, 1),
(175, 1, 47, 1474465061, 1),
(176, 1, 52, 1474465061, 4),
(177, 1, 48, 1474465061, 1),
(178, 1, 37, 1474465075, 4),
(179, 1, 48, 1474465075, 4),
(180, 1, 47, 1474465075, 4),
(181, 1, 51, 1474465075, 4),
(182, 1, 52, 1474465075, 4),
(183, 1, 47, 1474465076, 1),
(184, 1, 37, 1474465076, 4),
(185, 1, 48, 1474465076, 1),
(186, 1, 51, 1474465076, 1),
(187, 1, 52, 1474465076, 4),
(188, 1, 37, 1474465148, 4),
(189, 1, 47, 1474465148, 4),
(190, 1, 52, 1474465148, 4),
(191, 1, 51, 1474465148, 4),
(192, 1, 48, 1474465148, 4),
(193, 1, 37, 1478142931, 4),
(194, 1, 51, 1478142931, 1),
(195, 1, 47, 1478142931, 1),
(196, 1, 48, 1478142931, 1),
(197, 1, 52, 1478142931, 4),
(198, 1, 47, 1478143263, 4),
(199, 1, 37, 1478143263, 4),
(200, 1, 48, 1478143263, 4),
(201, 1, 51, 1478143263, 4),
(202, 1, 52, 1478143263, 4),
(203, 1, 51, 1487343198, 1),
(204, 1, 47, 1487343198, 1),
(205, 1, 37, 1487343198, 4),
(206, 1, 48, 1487343198, 1),
(207, 1, 52, 1487343198, 4),
(208, 1, 51, 1487343265, 4),
(209, 1, 47, 1487343265, 4),
(210, 1, 37, 1487343265, 4),
(211, 1, 48, 1487343265, 4),
(212, 1, 52, 1487343265, 4),
(213, 1, 37, 1487343266, 4),
(214, 1, 48, 1487343266, 1),
(215, 1, 47, 1487343266, 1),
(216, 1, 51, 1487343266, 1),
(217, 1, 52, 1487343266, 4),
(218, 1, 37, 1487343560, 4),
(219, 1, 48, 1487343560, 4),
(220, 1, 47, 1487343560, 4),
(221, 1, 52, 1487343560, 4),
(222, 1, 51, 1487343560, 4),
(223, 1, 51, 1487343561, 1),
(224, 1, 52, 1487343561, 4),
(225, 1, 47, 1487343561, 1),
(226, 1, 37, 1487343561, 4),
(227, 1, 48, 1487343561, 1),
(228, 1, 47, 1487343616, 4),
(229, 1, 37, 1487343616, 4),
(230, 1, 48, 1487343616, 4),
(231, 1, 51, 1487343616, 4),
(232, 1, 52, 1487343616, 4),
(233, 1, 48, 1487343617, 1),
(234, 1, 47, 1487343617, 1),
(235, 1, 51, 1487343617, 1),
(236, 1, 37, 1487343617, 4),
(237, 1, 52, 1487343617, 4),
(238, 1, 52, 1487343813, 4),
(239, 1, 47, 1487343813, 1),
(240, 1, 37, 1487343813, 4),
(241, 1, 48, 1487343813, 1),
(242, 1, 51, 1487343813, 1),
(243, 1, 37, 1487343816, 4),
(244, 1, 47, 1487343816, 4),
(245, 1, 48, 1487343816, 4),
(246, 1, 51, 1487343816, 4),
(247, 1, 52, 1487343816, 4),
(248, 1, 48, 1487343819, 1),
(249, 1, 47, 1487343819, 1),
(250, 1, 51, 1487343819, 1),
(251, 1, 37, 1487343819, 4),
(252, 1, 52, 1487343819, 4),
(253, 1, 51, 1487344326, 1),
(254, 1, 47, 1487344326, 1),
(255, 1, 48, 1487344326, 1),
(256, 1, 52, 1487344326, 4),
(257, 1, 37, 1487344326, 4),
(258, 1, 51, 1487345197, 1),
(259, 1, 37, 1487345197, 4),
(260, 1, 47, 1487345197, 1),
(261, 1, 48, 1487345197, 1),
(262, 1, 52, 1487345197, 4),
(263, 1, 37, 1487345242, 4),
(264, 1, 51, 1487345242, 1),
(265, 1, 47, 1487345242, 1),
(266, 1, 48, 1487345242, 1),
(267, 1, 52, 1487345242, 4),
(268, 1, 37, 1487345248, 4),
(269, 1, 52, 1487345248, 4),
(270, 1, 48, 1487345248, 4),
(271, 1, 51, 1487345248, 4),
(272, 1, 47, 1487345248, 4),
(273, 1, 47, 1487345250, 1),
(274, 1, 51, 1487345250, 1),
(275, 1, 48, 1487345250, 1),
(276, 1, 37, 1487345250, 4),
(277, 1, 52, 1487345250, 4),
(278, 1, 47, 1487345775, 1),
(279, 1, 52, 1487345775, 4),
(280, 1, 48, 1487345775, 1),
(281, 1, 51, 1487345775, 1),
(282, 1, 37, 1487345775, 4),
(283, 1, 37, 1487345780, 4),
(284, 1, 48, 1487345780, 4),
(285, 1, 51, 1487345780, 4),
(286, 1, 47, 1487345780, 4),
(287, 1, 52, 1487345780, 4),
(288, 1, 37, 1487345783, 4),
(289, 1, 47, 1487345783, 1),
(290, 1, 48, 1487345783, 1),
(291, 1, 51, 1487345783, 1),
(292, 1, 52, 1487345783, 4),
(293, 1, 37, 1487345797, 4),
(294, 1, 48, 1487345797, 1),
(295, 1, 47, 1487345797, 1),
(296, 1, 51, 1487345797, 1),
(297, 1, 52, 1487345797, 4),
(298, 1, 37, 1487345802, 4),
(299, 1, 48, 1487345802, 4),
(300, 1, 47, 1487345802, 4),
(301, 1, 51, 1487345802, 4),
(302, 1, 52, 1487345802, 4),
(303, 1, 51, 1487345805, 1),
(304, 1, 47, 1487345805, 1),
(305, 1, 37, 1487345805, 4),
(306, 1, 48, 1487345805, 1),
(307, 1, 52, 1487345805, 4),
(308, 1, 47, 1487345827, 1),
(309, 1, 37, 1487345827, 4),
(310, 1, 48, 1487345827, 1),
(311, 1, 51, 1487345827, 1),
(312, 1, 52, 1487345827, 4),
(313, 1, 51, 1487345832, 4),
(314, 1, 48, 1487345832, 4),
(315, 1, 37, 1487345832, 4),
(316, 1, 47, 1487345832, 4),
(317, 1, 52, 1487345832, 4),
(318, 1, 52, 1487345853, 4),
(319, 1, 37, 1487345853, 4),
(320, 1, 47, 1487345853, 1),
(321, 1, 51, 1487345853, 1),
(322, 1, 48, 1487345853, 1),
(323, 1, 48, 1487345861, 4),
(324, 1, 47, 1487345861, 4),
(325, 1, 51, 1487345861, 4),
(326, 1, 37, 1487345861, 4),
(327, 1, 52, 1487345861, 4),
(328, 1, 47, 1487345862, 1),
(329, 1, 37, 1487345862, 4),
(330, 1, 48, 1487345862, 1),
(331, 1, 52, 1487345862, 4),
(332, 1, 51, 1487345862, 1),
(333, 1, 48, 1487346358, 4),
(334, 1, 37, 1487346358, 4),
(335, 1, 51, 1487346358, 4),
(336, 1, 52, 1487346358, 4),
(337, 1, 47, 1487346358, 4),
(338, 1, 51, 1487346359, 1),
(339, 1, 47, 1487346359, 1),
(340, 1, 52, 1487346359, 4),
(341, 1, 48, 1487346359, 1),
(342, 1, 37, 1487346359, 4),
(343, 1, 52, 1487346460, 4),
(344, 1, 47, 1487346460, 4),
(345, 1, 37, 1487346460, 4),
(346, 1, 48, 1487346460, 4),
(347, 1, 51, 1487346460, 4),
(348, 1, 48, 1487346461, 1),
(349, 1, 37, 1487346461, 4),
(350, 1, 51, 1487346461, 1),
(351, 1, 52, 1487346461, 4),
(352, 1, 47, 1487346461, 1),
(353, 1, 48, 1487346483, 4),
(354, 1, 51, 1487346483, 4),
(355, 1, 47, 1487346483, 4),
(356, 1, 52, 1487346483, 4),
(357, 1, 37, 1487346483, 4),
(358, 1, 37, 1487346485, 4),
(359, 1, 51, 1487346485, 1),
(360, 1, 52, 1487346485, 4),
(361, 1, 47, 1487346486, 1),
(362, 1, 48, 1487346486, 1),
(363, 1, 37, 1487346558, 4),
(364, 1, 48, 1487346558, 1),
(365, 1, 51, 1487346558, 1),
(366, 1, 47, 1487346558, 1),
(367, 1, 52, 1487346558, 4),
(368, 1, 37, 1487346562, 4),
(369, 1, 51, 1487346562, 4),
(370, 1, 52, 1487346562, 4),
(371, 1, 47, 1487346562, 4),
(372, 1, 48, 1487346562, 4),
(373, 1, 37, 1487346564, 4),
(374, 1, 47, 1487346564, 1),
(375, 1, 48, 1487346564, 1),
(376, 1, 51, 1487346564, 1),
(377, 1, 52, 1487346564, 4),
(378, 1, 47, 1487346826, 1),
(379, 1, 37, 1487346826, 4),
(380, 1, 51, 1487346826, 1),
(381, 1, 52, 1487346826, 4),
(382, 1, 48, 1487346826, 1),
(383, 1, 51, 1487346831, 4),
(384, 1, 52, 1487346831, 4),
(385, 1, 47, 1487346831, 4),
(386, 1, 37, 1487346831, 4),
(387, 1, 48, 1487346831, 4),
(388, 1, 47, 1487346833, 1),
(389, 1, 37, 1487346833, 4),
(390, 1, 48, 1487346833, 1),
(391, 1, 51, 1487346833, 1),
(392, 1, 52, 1487346833, 4),
(393, 1, 47, 1487346954, 4),
(394, 1, 37, 1487346954, 4),
(395, 1, 51, 1487346954, 4),
(396, 1, 48, 1487346954, 4),
(397, 1, 52, 1487346954, 4),
(398, 1, 51, 1487346955, 1),
(399, 1, 48, 1487346955, 1),
(400, 1, 37, 1487346955, 4),
(401, 1, 52, 1487346955, 4),
(402, 1, 47, 1487346955, 1),
(403, 1, 51, 1487347290, 4),
(404, 1, 37, 1487347290, 4),
(405, 1, 47, 1487347290, 4),
(406, 1, 48, 1487347290, 4),
(407, 1, 52, 1487347290, 4),
(408, 1, 48, 1487347291, 1),
(409, 1, 51, 1487347291, 1),
(410, 1, 37, 1487347291, 4),
(411, 1, 47, 1487347291, 1),
(412, 1, 52, 1487347291, 4),
(413, 1, 47, 1487348017, 1),
(414, 1, 52, 1487348017, 4),
(415, 1, 37, 1487348017, 4),
(416, 1, 51, 1487348017, 1),
(417, 1, 48, 1487348017, 1),
(418, 1, 37, 1487348022, 4),
(419, 1, 47, 1487348022, 4),
(420, 1, 48, 1487348022, 4),
(421, 1, 51, 1487348022, 4),
(422, 1, 52, 1487348022, 4),
(423, 1, 37, 1487348023, 4),
(424, 1, 48, 1487348023, 1),
(425, 1, 51, 1487348023, 1),
(426, 1, 47, 1487348023, 1),
(427, 1, 52, 1487348023, 4),
(428, 1, 52, 1487348187, 4),
(429, 1, 51, 1487348187, 1),
(430, 1, 37, 1487348187, 4),
(431, 1, 47, 1487348187, 1),
(432, 1, 48, 1487348187, 1),
(433, 1, 48, 1487348192, 4),
(434, 1, 47, 1487348192, 4),
(435, 1, 51, 1487348192, 4),
(436, 1, 37, 1487348192, 4),
(437, 1, 52, 1487348192, 4),
(438, 1, 48, 1487348193, 1),
(439, 1, 52, 1487348193, 4),
(440, 1, 37, 1487348193, 4),
(441, 1, 47, 1487348193, 1),
(442, 1, 51, 1487348193, 1),
(443, 1, 37, 1487348439, 4),
(444, 1, 52, 1487348439, 4),
(445, 1, 51, 1487348439, 1),
(446, 1, 48, 1487348439, 1),
(447, 1, 47, 1487348439, 1),
(448, 1, 37, 1487348442, 4),
(449, 1, 48, 1487348442, 4),
(450, 1, 47, 1487348442, 4),
(451, 1, 52, 1487348442, 4),
(452, 1, 51, 1487348442, 4),
(453, 1, 37, 1487348444, 4),
(454, 1, 48, 1487348444, 1),
(455, 1, 47, 1487348445, 1),
(456, 1, 51, 1487348445, 1),
(457, 1, 52, 1487348445, 4),
(458, 1, 51, 1487348480, 1),
(459, 1, 47, 1487348480, 1),
(460, 1, 37, 1487348480, 4),
(461, 1, 52, 1487348480, 4),
(462, 1, 48, 1487348480, 1),
(463, 1, 37, 1487348485, 4),
(464, 1, 48, 1487348485, 4),
(465, 1, 52, 1487348485, 4),
(466, 1, 47, 1487348485, 4),
(467, 1, 51, 1487348485, 4),
(468, 1, 48, 1487348487, 1),
(469, 1, 47, 1487348487, 1),
(470, 1, 51, 1487348487, 1),
(471, 1, 37, 1487348487, 4),
(472, 1, 52, 1487348487, 4),
(473, 1, 47, 1487348516, 1),
(474, 1, 48, 1487348516, 1),
(475, 1, 51, 1487348516, 1),
(476, 1, 37, 1487348516, 4),
(477, 1, 52, 1487348516, 4),
(478, 1, 47, 1487348521, 4),
(479, 1, 37, 1487348521, 4),
(480, 1, 51, 1487348521, 4),
(481, 1, 52, 1487348521, 4),
(482, 1, 48, 1487348521, 4),
(483, 1, 48, 1487348522, 1),
(484, 1, 47, 1487348522, 1),
(485, 1, 37, 1487348522, 4),
(486, 1, 51, 1487348522, 1),
(487, 1, 52, 1487348522, 4),
(488, 1, 37, 1487348816, 4),
(489, 1, 51, 1487348816, 4),
(490, 1, 48, 1487348816, 4),
(491, 1, 47, 1487348816, 4),
(492, 1, 52, 1487348817, 4),
(493, 1, 52, 1487348818, 4),
(494, 1, 37, 1487348818, 4),
(495, 1, 51, 1487348818, 1),
(496, 1, 47, 1487348818, 1),
(497, 1, 48, 1487348818, 1),
(498, 1, 47, 1487348969, 4),
(499, 1, 48, 1487348969, 4),
(500, 1, 51, 1487348969, 4),
(501, 1, 37, 1487348969, 4),
(502, 1, 52, 1487348969, 4),
(503, 1, 47, 1487348970, 1),
(504, 1, 48, 1487348970, 1),
(505, 1, 52, 1487348970, 4),
(506, 1, 37, 1487348970, 4),
(507, 1, 51, 1487348970, 1),
(508, 1, 51, 1487353179, 4),
(509, 1, 47, 1487353179, 4),
(510, 1, 52, 1487353179, 4),
(511, 1, 37, 1487353179, 4),
(512, 1, 48, 1487353179, 4),
(513, 1, 37, 1488760716, 4),
(514, 1, 47, 1488760716, 1),
(515, 1, 48, 1488760716, 1),
(516, 1, 51, 1488760716, 1),
(517, 1, 52, 1488760716, 4),
(518, 1, 48, 1488760962, 1),
(519, 1, 51, 1488760962, 1),
(520, 1, 37, 1488760963, 4),
(521, 1, 47, 1488760963, 1),
(522, 1, 52, 1488760963, 4),
(523, 1, 47, 1488760965, 4),
(524, 1, 51, 1488760965, 4),
(525, 1, 37, 1488760965, 4),
(526, 1, 48, 1488760965, 4),
(527, 1, 52, 1488760965, 4),
(528, 1, 37, 1488760967, 4),
(529, 1, 47, 1488760967, 1),
(530, 1, 48, 1488760967, 1),
(531, 1, 51, 1488760967, 1),
(532, 1, 52, 1488760967, 4),
(533, 1, 47, 1488760969, 4),
(534, 1, 52, 1488760969, 4),
(535, 1, 48, 1488760969, 4),
(536, 1, 51, 1488760969, 4),
(537, 1, 37, 1488760969, 4),
(538, 1, 47, 1488760971, 1),
(539, 1, 51, 1488760971, 1),
(540, 1, 48, 1488760971, 1),
(541, 1, 37, 1488760971, 4),
(542, 1, 52, 1488760971, 4),
(543, 1, 48, 1488761193, 1),
(544, 1, 47, 1488761193, 1),
(545, 1, 37, 1488761193, 4),
(546, 1, 52, 1488761193, 4),
(547, 1, 51, 1488761193, 1),
(548, 1, 37, 1488761198, 4),
(549, 1, 47, 1488761198, 4),
(550, 1, 51, 1488761198, 4),
(551, 1, 48, 1488761198, 4),
(552, 1, 52, 1488761198, 4),
(553, 1, 37, 1488761200, 4),
(554, 1, 47, 1488761200, 1),
(555, 1, 48, 1488761200, 1),
(556, 1, 51, 1488761200, 1),
(557, 1, 52, 1488761200, 4),
(558, 1, 47, 1488761327, 1),
(559, 1, 37, 1488761327, 4),
(560, 1, 48, 1488761327, 1),
(561, 1, 51, 1488761327, 1),
(562, 1, 52, 1488761327, 4),
(563, 1, 52, 1488761331, 4),
(564, 1, 47, 1488761331, 4),
(565, 1, 37, 1488761331, 4),
(566, 1, 51, 1488761331, 4),
(567, 1, 48, 1488761331, 4),
(568, 1, 37, 1488761334, 4),
(569, 1, 47, 1488761334, 1),
(570, 1, 51, 1488761334, 1),
(571, 1, 52, 1488761334, 4),
(572, 1, 48, 1488761334, 1),
(573, 1, 51, 1488761736, 1),
(574, 1, 48, 1488761736, 1),
(575, 1, 37, 1488761736, 4),
(576, 1, 47, 1488761736, 1),
(577, 1, 52, 1488761736, 4),
(578, 1, 37, 1488761741, 4),
(579, 1, 51, 1488761741, 4),
(580, 1, 48, 1488761741, 4),
(581, 1, 47, 1488761741, 4),
(582, 1, 52, 1488761741, 4),
(583, 1, 51, 1488761743, 1),
(584, 1, 48, 1488761743, 1),
(585, 1, 47, 1488761743, 1),
(586, 1, 37, 1488761743, 4),
(587, 1, 52, 1488761743, 4),
(588, 1, 52, 1488761841, 4),
(589, 1, 47, 1488761841, 1),
(590, 1, 51, 1488761841, 1),
(591, 1, 37, 1488761841, 4),
(592, 1, 48, 1488761841, 1),
(593, 1, 47, 1488761846, 4),
(594, 1, 52, 1488761846, 4),
(595, 1, 37, 1488761846, 4),
(596, 1, 51, 1488761846, 4),
(597, 1, 48, 1488761846, 4),
(598, 1, 48, 1488761847, 1),
(599, 1, 37, 1488761847, 4),
(600, 1, 47, 1488761847, 1),
(601, 1, 51, 1488761847, 1),
(602, 1, 52, 1488761847, 4),
(603, 1, 47, 1488762235, 4),
(604, 1, 48, 1488762235, 4),
(605, 1, 37, 1488762235, 4),
(606, 1, 51, 1488762235, 4),
(607, 1, 52, 1488762235, 4),
(608, 1, 47, 1488762236, 1),
(609, 1, 48, 1488762236, 1),
(610, 1, 52, 1488762236, 4),
(611, 1, 51, 1488762236, 1),
(612, 1, 37, 1488762236, 4),
(613, 1, 47, 1488763623, 1),
(614, 1, 51, 1488763623, 1),
(615, 1, 52, 1488763623, 4),
(616, 1, 37, 1488763623, 4),
(617, 1, 48, 1488763623, 1),
(618, 1, 37, 1488763629, 4),
(619, 1, 47, 1488763629, 4),
(620, 1, 51, 1488763629, 4),
(621, 1, 48, 1488763629, 4),
(622, 1, 52, 1488763629, 4),
(623, 1, 48, 1488763631, 1),
(624, 1, 52, 1488763631, 4),
(625, 1, 37, 1488763631, 4),
(626, 1, 47, 1488763631, 1),
(627, 1, 51, 1488763631, 1),
(628, 1, 47, 1488763637, 1),
(629, 1, 37, 1488763637, 4),
(630, 1, 51, 1488763637, 1),
(631, 1, 52, 1488763637, 4),
(632, 1, 48, 1488763637, 1),
(633, 1, 37, 1488763642, 4),
(634, 1, 52, 1488763642, 4),
(635, 1, 47, 1488763642, 4),
(636, 1, 48, 1488763642, 4),
(637, 1, 51, 1488763642, 4),
(638, 1, 51, 1488763645, 1),
(639, 1, 48, 1488763645, 1),
(640, 1, 37, 1488763645, 4),
(641, 1, 47, 1488763645, 1),
(642, 1, 52, 1488763645, 4),
(643, 1, 37, 1488763668, 4),
(644, 1, 48, 1488763668, 1),
(645, 1, 47, 1488763668, 1),
(646, 1, 51, 1488763668, 1),
(647, 1, 52, 1488763668, 4),
(648, 1, 48, 1488763672, 4),
(649, 1, 37, 1488763672, 4),
(650, 1, 51, 1488763672, 4),
(651, 1, 52, 1488763672, 4),
(652, 1, 47, 1488763672, 4),
(653, 1, 47, 1488763673, 1),
(654, 1, 51, 1488763673, 1),
(655, 1, 48, 1488763673, 1),
(656, 1, 37, 1488763673, 4),
(657, 1, 52, 1488763673, 4),
(658, 1, 37, 1488766736, 4),
(659, 1, 51, 1488766736, 1),
(660, 1, 47, 1488766736, 1),
(661, 1, 52, 1488766736, 4),
(662, 1, 48, 1488766736, 1),
(663, 1, 37, 1488766739, 4),
(664, 1, 51, 1488766739, 4),
(665, 1, 52, 1488766739, 4),
(666, 1, 48, 1488766739, 4),
(667, 1, 47, 1488766739, 4),
(668, 1, 37, 1488766741, 4),
(669, 1, 48, 1488766742, 1),
(670, 1, 47, 1488766742, 1),
(671, 1, 52, 1488766742, 4),
(672, 1, 51, 1488766742, 1),
(673, 1, 51, 1488774439, 4),
(674, 1, 37, 1488774439, 4),
(675, 1, 48, 1488774439, 4),
(676, 1, 47, 1488774439, 4),
(677, 1, 52, 1488774440, 4),
(678, 1, 37, 1488774694, 4),
(679, 1, 52, 1488774694, 4),
(680, 1, 48, 1488774694, 1),
(681, 1, 51, 1488774694, 1),
(682, 1, 47, 1488774694, 1),
(683, 1, 47, 1488774789, 1),
(684, 1, 37, 1488774789, 4),
(685, 1, 48, 1488774789, 1),
(686, 1, 52, 1488774789, 4),
(687, 1, 51, 1488774789, 1),
(688, 1, 47, 1488774794, 4),
(689, 1, 51, 1488774794, 4),
(690, 1, 52, 1488774794, 4),
(691, 1, 37, 1488774794, 4),
(692, 1, 48, 1488774794, 4),
(693, 1, 47, 1488774795, 1),
(694, 1, 37, 1488774795, 4),
(695, 1, 51, 1488774795, 1),
(696, 1, 48, 1488774795, 1),
(697, 1, 52, 1488774795, 4),
(698, 1, 48, 1488774803, 1),
(699, 1, 51, 1488774803, 1),
(700, 1, 52, 1488774803, 4),
(701, 1, 47, 1488774803, 1),
(702, 1, 37, 1488774803, 4),
(703, 1, 37, 1488774808, 4),
(704, 1, 47, 1488774808, 4),
(705, 1, 52, 1488774808, 4),
(706, 1, 48, 1488774808, 4),
(707, 1, 51, 1488774808, 4),
(708, 1, 47, 1488774809, 1),
(709, 1, 37, 1488774809, 4),
(710, 1, 51, 1488774809, 1),
(711, 1, 48, 1488774809, 1),
(712, 1, 52, 1488774809, 4),
(713, 1, 51, 1488774811, 1),
(714, 1, 52, 1488774811, 4),
(715, 1, 48, 1488774811, 1),
(716, 1, 37, 1488774811, 4),
(717, 1, 47, 1488774811, 1),
(718, 1, 47, 1488774816, 4),
(719, 1, 51, 1488774816, 4),
(720, 1, 52, 1488774816, 4),
(721, 1, 37, 1488774816, 4),
(722, 1, 48, 1488774816, 4),
(723, 1, 37, 1488774817, 4),
(724, 1, 48, 1488774817, 1),
(725, 1, 47, 1488774817, 1),
(726, 1, 52, 1488774817, 4),
(727, 1, 51, 1488774817, 1),
(728, 1, 37, 1488776838, 4),
(729, 1, 47, 1488776838, 4),
(730, 1, 52, 1488776838, 4),
(731, 1, 51, 1488776838, 4),
(732, 1, 48, 1488776838, 4),
(733, 1, 48, 1488776852, 1),
(734, 1, 47, 1488776852, 1),
(735, 1, 37, 1488776852, 4),
(736, 1, 51, 1488776852, 1),
(737, 1, 52, 1488776852, 4),
(738, 1, 47, 1488777160, 1),
(739, 1, 48, 1488777160, 1),
(740, 1, 51, 1488777160, 1),
(741, 1, 37, 1488777160, 4),
(742, 1, 52, 1488777160, 4),
(743, 1, 51, 1488777600, 4),
(744, 1, 48, 1488777600, 4),
(745, 1, 37, 1488777600, 4),
(746, 1, 47, 1488777600, 4),
(747, 1, 52, 1488777600, 4),
(748, 1, 37, 1488777602, 4),
(749, 1, 51, 1488777602, 1),
(750, 1, 48, 1488777602, 1),
(751, 1, 47, 1488777602, 1),
(752, 1, 52, 1488777603, 4),
(753, 1, 37, 1488777604, 4),
(754, 1, 47, 1488777604, 4),
(755, 1, 52, 1488777604, 4),
(756, 1, 48, 1488777604, 4),
(757, 1, 51, 1488777604, 4),
(758, 1, 47, 1488777606, 1),
(759, 1, 52, 1488777606, 4),
(760, 1, 51, 1488777606, 1),
(761, 1, 37, 1488777606, 4),
(762, 1, 48, 1488777606, 1),
(763, 1, 52, 1488777608, 4),
(764, 1, 37, 1488777608, 4),
(765, 1, 48, 1488777608, 4),
(766, 1, 47, 1488777608, 4),
(767, 1, 51, 1488777608, 4),
(768, 1, 48, 1488777609, 1),
(769, 1, 37, 1488777609, 4),
(770, 1, 51, 1488777609, 1),
(771, 1, 52, 1488777609, 4),
(772, 1, 47, 1488777609, 1),
(773, 1, 51, 1488777611, 4),
(774, 1, 48, 1488777611, 4),
(775, 1, 47, 1488777611, 4),
(776, 1, 52, 1488777611, 4),
(777, 1, 37, 1488777611, 4),
(778, 1, 37, 1488777611, 4),
(779, 1, 47, 1488777611, 1),
(780, 1, 51, 1488777611, 1),
(781, 1, 48, 1488777611, 1),
(782, 1, 52, 1488777611, 4),
(783, 1, 37, 1488780879, 4),
(784, 1, 47, 1488780879, 1),
(785, 1, 51, 1488780879, 1),
(786, 1, 48, 1488780879, 1),
(787, 1, 52, 1488780879, 4),
(788, 1, 37, 1488781021, 4),
(789, 1, 51, 1488781021, 1),
(790, 1, 52, 1488781021, 4),
(791, 1, 47, 1488781021, 1),
(792, 1, 48, 1488781021, 1),
(793, 1, 37, 1488781025, 4),
(794, 1, 51, 1488781025, 4),
(795, 1, 47, 1488781025, 4),
(796, 1, 52, 1488781025, 4),
(797, 1, 48, 1488781025, 4),
(798, 1, 51, 1488781027, 1),
(799, 1, 47, 1488781027, 1),
(800, 1, 48, 1488781027, 1),
(801, 1, 37, 1488781027, 4),
(802, 1, 52, 1488781027, 4),
(803, 1, 47, 1488781201, 1),
(804, 1, 37, 1488781201, 4),
(805, 1, 51, 1488781201, 1),
(806, 1, 52, 1488781201, 4),
(807, 1, 48, 1488781201, 1),
(808, 1, 47, 1488781341, 1),
(809, 1, 52, 1488781341, 4),
(810, 1, 51, 1488781341, 1),
(811, 1, 48, 1488781341, 1),
(812, 1, 37, 1488781341, 4),
(813, 1, 48, 1488781352, 1),
(814, 1, 52, 1488781352, 4),
(815, 1, 51, 1488781352, 1),
(816, 1, 47, 1488781352, 1),
(817, 1, 37, 1488781352, 4),
(818, 1, 51, 1488781357, 4),
(819, 1, 47, 1488781357, 4),
(820, 1, 52, 1488781357, 4),
(821, 1, 37, 1488781357, 4),
(822, 1, 48, 1488781357, 4),
(823, 1, 48, 1488781358, 1),
(824, 1, 37, 1488781358, 4),
(825, 1, 47, 1488781358, 1),
(826, 1, 52, 1488781358, 4),
(827, 1, 51, 1488781358, 1),
(828, 1, 52, 1488781388, 4),
(829, 1, 47, 1488781388, 1),
(830, 1, 48, 1488781388, 1),
(831, 1, 51, 1488781388, 1),
(832, 1, 37, 1488781388, 4),
(833, 1, 47, 1488781394, 1),
(834, 1, 37, 1488781394, 4),
(835, 1, 48, 1488781394, 1),
(836, 1, 51, 1488781394, 1),
(837, 1, 52, 1488781394, 4),
(838, 1, 48, 1488781422, 1),
(839, 1, 51, 1488781422, 1),
(840, 1, 37, 1488781422, 4),
(841, 1, 52, 1488781422, 4),
(842, 1, 47, 1488781422, 1),
(843, 1, 47, 1488781426, 4),
(844, 1, 48, 1488781426, 4),
(845, 1, 37, 1488781426, 4),
(846, 1, 51, 1488781426, 4),
(847, 1, 52, 1488781426, 4),
(848, 1, 48, 1488781428, 1),
(849, 1, 47, 1488781428, 1),
(850, 1, 37, 1488781428, 4),
(851, 1, 51, 1488781428, 1),
(852, 1, 52, 1488781428, 4),
(853, 1, 51, 1488781441, 1),
(854, 1, 47, 1488781441, 1),
(855, 1, 37, 1488781441, 4),
(856, 1, 52, 1488781441, 4),
(857, 1, 48, 1488781441, 1),
(858, 1, 52, 1488781445, 4),
(859, 1, 37, 1488781445, 4),
(860, 1, 48, 1488781445, 4),
(861, 1, 51, 1488781445, 4),
(862, 1, 47, 1488781445, 4),
(863, 1, 47, 1488781448, 1),
(864, 1, 37, 1488781448, 4),
(865, 1, 48, 1488781448, 1),
(866, 1, 51, 1488781448, 1),
(867, 1, 52, 1488781448, 4),
(868, 1, 48, 1488781518, 1),
(869, 1, 47, 1488781518, 1),
(870, 1, 37, 1488781518, 4),
(871, 1, 52, 1488781518, 4),
(872, 1, 51, 1488781518, 1),
(873, 1, 48, 1488781522, 4),
(874, 1, 52, 1488781523, 4),
(875, 1, 47, 1488781523, 4),
(876, 1, 51, 1488781523, 4),
(877, 1, 37, 1488781523, 4),
(878, 1, 47, 1488781525, 1),
(879, 1, 48, 1488781525, 1),
(880, 1, 37, 1488781525, 4),
(881, 1, 51, 1488781525, 1),
(882, 1, 52, 1488781525, 4),
(883, 1, 48, 1488781762, 1),
(884, 1, 51, 1488781762, 1),
(885, 1, 47, 1488781762, 1),
(886, 1, 52, 1488781762, 4),
(887, 1, 37, 1488781762, 4),
(888, 1, 48, 1488781765, 1),
(889, 1, 52, 1488781765, 4),
(890, 1, 51, 1488781765, 1),
(891, 1, 47, 1488781765, 1),
(892, 1, 37, 1488781765, 4),
(893, 1, 48, 1488781766, 4),
(894, 1, 37, 1488781766, 4),
(895, 1, 51, 1488781767, 4),
(896, 1, 47, 1488781767, 4),
(897, 1, 52, 1488781767, 4),
(898, 1, 37, 1488781768, 4),
(899, 1, 47, 1488781768, 1),
(900, 1, 48, 1488781768, 1),
(901, 1, 51, 1488781768, 1),
(902, 1, 52, 1488781768, 4),
(903, 1, 47, 1488781775, 1),
(904, 1, 37, 1488781776, 4),
(905, 1, 48, 1488781776, 1),
(906, 1, 51, 1488781776, 1),
(907, 1, 52, 1488781776, 4),
(908, 1, 51, 1488781780, 4),
(909, 1, 48, 1488781780, 4),
(910, 1, 47, 1488781780, 4),
(911, 1, 37, 1488781780, 4),
(912, 1, 52, 1488781781, 4),
(913, 1, 48, 1488781782, 1),
(914, 1, 51, 1488781782, 1),
(915, 1, 47, 1488781782, 1),
(916, 1, 37, 1488781782, 4),
(917, 1, 52, 1488781782, 4),
(918, 1, 47, 1488781789, 1),
(919, 1, 51, 1488781789, 1),
(920, 1, 37, 1488781789, 4),
(921, 1, 48, 1488781789, 1),
(922, 1, 52, 1488781789, 4),
(923, 1, 51, 1488781793, 4),
(924, 1, 37, 1488781793, 4),
(925, 1, 52, 1488781793, 4),
(926, 1, 47, 1488781793, 4),
(927, 1, 48, 1488781793, 4),
(928, 1, 48, 1488781795, 1),
(929, 1, 52, 1488781795, 4),
(930, 1, 51, 1488781795, 1),
(931, 1, 37, 1488781795, 4),
(932, 1, 47, 1488781795, 1),
(933, 1, 51, 1488781854, 1),
(934, 1, 47, 1488781854, 1),
(935, 1, 48, 1488781854, 1),
(936, 1, 37, 1488781854, 4),
(937, 1, 52, 1488781854, 4),
(938, 1, 37, 1488781858, 4),
(939, 1, 47, 1488781858, 4),
(940, 1, 52, 1488781858, 4),
(941, 1, 48, 1488781858, 4),
(942, 1, 51, 1488781858, 4),
(943, 1, 48, 1488781861, 1),
(944, 1, 47, 1488781861, 1),
(945, 1, 37, 1488781861, 4),
(946, 1, 51, 1488781861, 1),
(947, 1, 52, 1488781861, 4),
(948, 1, 37, 1488781874, 4),
(949, 1, 51, 1488781874, 1),
(950, 1, 48, 1488781874, 1),
(951, 1, 52, 1488781874, 4),
(952, 1, 47, 1488781874, 1),
(953, 1, 47, 1488781878, 4),
(954, 1, 37, 1488781878, 4),
(955, 1, 48, 1488781878, 4),
(956, 1, 51, 1488781878, 4),
(957, 1, 52, 1488781878, 4),
(958, 1, 47, 1488781880, 1),
(959, 1, 51, 1488781880, 1),
(960, 1, 37, 1488781880, 4),
(961, 1, 48, 1488781880, 1),
(962, 1, 52, 1488781880, 4),
(963, 1, 52, 1488782019, 4),
(964, 1, 37, 1488782019, 4),
(965, 1, 47, 1488782019, 1),
(966, 1, 51, 1488782019, 1),
(967, 1, 48, 1488782019, 1),
(968, 1, 48, 1488782026, 1),
(969, 1, 51, 1488782026, 1),
(970, 1, 37, 1488782026, 4),
(971, 1, 47, 1488782026, 1),
(972, 1, 52, 1488782026, 4),
(973, 1, 48, 1488782055, 1),
(974, 1, 47, 1488782055, 1),
(975, 1, 37, 1488782055, 4),
(976, 1, 52, 1488782055, 4),
(977, 1, 51, 1488782055, 1),
(978, 1, 52, 1488782059, 4),
(979, 1, 37, 1488782059, 4),
(980, 1, 51, 1488782059, 4),
(981, 1, 47, 1488782060, 4),
(982, 1, 48, 1488782060, 4),
(983, 1, 51, 1488782061, 1),
(984, 1, 48, 1488782061, 1),
(985, 1, 37, 1488782061, 4),
(986, 1, 47, 1488782061, 1),
(987, 1, 52, 1488782061, 4),
(988, 1, 52, 1488783309, 4),
(989, 1, 37, 1488783309, 4),
(990, 1, 47, 1488783309, 1),
(991, 1, 48, 1488783309, 1),
(992, 1, 51, 1488783309, 1),
(993, 1, 51, 1488783313, 4),
(994, 1, 37, 1488783313, 4),
(995, 1, 47, 1488783314, 4),
(996, 1, 52, 1488783314, 4),
(997, 1, 48, 1488783314, 4),
(998, 1, 37, 1488783315, 4),
(999, 1, 47, 1488783315, 1),
(1000, 1, 48, 1488783315, 1),
(1001, 1, 51, 1488783315, 1),
(1002, 1, 52, 1488783315, 4),
(1003, 1, 51, 1488784272, 1),
(1004, 1, 52, 1488784272, 4),
(1005, 1, 47, 1488784272, 1),
(1006, 1, 48, 1488784272, 1),
(1007, 1, 37, 1488784272, 4),
(1008, 1, 52, 1488784274, 4),
(1009, 1, 37, 1488784274, 4),
(1010, 1, 48, 1488784274, 4),
(1011, 1, 47, 1488784274, 4),
(1012, 1, 51, 1488784274, 4),
(1013, 1, 51, 1488784276, 1),
(1014, 1, 47, 1488784276, 1),
(1015, 1, 48, 1488784276, 1),
(1016, 1, 52, 1488784276, 4),
(1017, 1, 37, 1488784276, 4),
(1018, 1, 52, 1488784568, 4),
(1019, 1, 48, 1488784568, 1),
(1020, 1, 37, 1488784568, 4),
(1021, 1, 51, 1488784568, 1),
(1022, 1, 47, 1488784568, 1),
(1023, 1, 37, 1488784571, 4),
(1024, 1, 48, 1488784571, 4),
(1025, 1, 51, 1488784571, 4),
(1026, 1, 47, 1488784571, 4),
(1027, 1, 52, 1488784571, 4),
(1028, 1, 37, 1488784572, 4),
(1029, 1, 48, 1488784572, 1),
(1030, 1, 51, 1488784572, 1),
(1031, 1, 47, 1488784572, 1),
(1032, 1, 52, 1488784572, 4),
(1033, 1, 47, 1488784965, 1),
(1034, 1, 48, 1488784965, 1),
(1035, 1, 51, 1488784965, 1),
(1036, 1, 37, 1488784965, 4),
(1037, 1, 52, 1488784965, 4),
(1038, 1, 37, 1488784969, 4),
(1039, 1, 52, 1488784969, 4),
(1040, 1, 48, 1488784969, 4),
(1041, 1, 51, 1488784969, 4),
(1042, 1, 47, 1488784969, 4),
(1043, 1, 48, 1488784972, 1),
(1044, 1, 47, 1488784972, 1),
(1045, 1, 37, 1488784972, 4),
(1046, 1, 51, 1488784972, 1),
(1047, 1, 52, 1488784972, 4),
(1048, 1, 37, 1488785134, 4),
(1049, 1, 51, 1488785134, 1),
(1050, 1, 52, 1488785134, 4),
(1051, 1, 48, 1488785134, 1),
(1052, 1, 47, 1488785134, 1),
(1053, 1, 51, 1488785139, 4),
(1054, 1, 48, 1488785139, 4),
(1055, 1, 37, 1488785139, 4),
(1056, 1, 52, 1488785139, 4),
(1057, 1, 47, 1488785139, 4),
(1058, 1, 48, 1488785141, 1),
(1059, 1, 51, 1488785141, 1),
(1060, 1, 37, 1488785141, 4),
(1061, 1, 47, 1488785141, 1),
(1062, 1, 52, 1488785141, 4),
(1063, 1, 47, 1488785149, 1),
(1064, 1, 37, 1488785149, 4),
(1065, 1, 52, 1488785149, 4),
(1066, 1, 48, 1488785149, 1),
(1067, 1, 51, 1488785149, 1),
(1068, 1, 37, 1488785154, 4),
(1069, 1, 48, 1488785154, 4),
(1070, 1, 51, 1488785154, 4),
(1071, 1, 47, 1488785154, 4),
(1072, 1, 52, 1488785154, 4),
(1073, 1, 37, 1488785156, 4),
(1074, 1, 51, 1488785156, 1),
(1075, 1, 47, 1488785156, 1),
(1076, 1, 48, 1488785156, 1),
(1077, 1, 52, 1488785156, 4),
(1078, 1, 51, 1488820337, 4),
(1079, 1, 37, 1488820337, 4),
(1080, 1, 48, 1488820337, 4),
(1081, 1, 47, 1488820337, 4),
(1082, 1, 52, 1488820337, 4),
(1083, 1, 37, 1491564607, 4),
(1084, 1, 47, 1491564607, 1),
(1085, 1, 48, 1491564607, 1),
(1086, 1, 52, 1491564607, 4),
(1087, 1, 51, 1491564607, 1),
(1088, 1, 37, 1491566339, 4),
(1089, 1, 48, 1491566340, 4),
(1090, 1, 51, 1491566340, 4),
(1091, 1, 47, 1491566340, 4),
(1092, 1, 52, 1491566340, 4),
(1093, 1, 37, 1491566353, 4),
(1094, 1, 47, 1491566353, 1),
(1095, 1, 51, 1491566353, 1),
(1096, 1, 48, 1491566353, 1),
(1097, 1, 52, 1491566353, 4),
(1098, 1, 47, 1491566746, 4),
(1099, 1, 48, 1491566746, 4),
(1100, 1, 37, 1491566746, 4),
(1101, 1, 51, 1491566746, 4),
(1102, 1, 52, 1491566746, 4);

-- --------------------------------------------------------

--
-- Table structure for table `p_operators_subjects`
--

CREATE TABLE `p_operators_subjects` (
  `id` int(11) UNSIGNED NOT NULL,
  `title` varchar(50) NOT NULL,
  `description` varchar(160) NOT NULL,
  `content` text NOT NULL,
  `slug` varchar(50) NOT NULL,
  `image` varchar(255) DEFAULT NULL
) ENGINE=InnoDB DEFAULT CHARSET=utf8;

--
-- Dumping data for table `p_operators_subjects`
--

INSERT INTO `p_operators_subjects` (`id`, `title`, `description`, `content`, `slug`, `image`) VALUES
(24, 'Amor e Relacionamentos', 'O amor é definitivamente uma das emoções mais intensas e complexas que nós experimentamos na vida. Pode nos dar alegria extrema, mas também pode deixar corações', '<p>O amor &eacute; definitivamente uma das emo&ccedil;&otilde;es mais intensas e complexas que n&oacute;s experimentamos na vida. Pode nos dar alegria extrema, mas tamb&eacute;m pode deixar cora&ccedil;&otilde;es partidos. Encontrar um parceiro para um compromisso s&eacute;rio e para o resto da vida&nbsp;&eacute; um dos maiores desafios de nossas vidas.</p>\r\n\r\n<p>Se voc&ecirc; est&aacute; intrigado com uma quest&atilde;o amorosa, se est&aacute; querendo saber se aquele algu&eacute;m que voc&ecirc; come&ccedil;ou a conhecer agora ser&aacute; especial em sua vida, conte com um m&iacute;stico especialista do amor. Esse profissional, &eacute; mais intuitivo quando se trata de sentimentos e emo&ccedil;&otilde;es pessoais e com seus dons far&atilde;o com que voc&ecirc; tenha essas d&uacute;vidas respondidas.</p>\r\n\r\n<p>Precisa de uma segunda opini&atilde;o sobre aquela pessoa? Ser&aacute; que deve investir nesse relacionamento? N&atilde;o seria &oacute;timo se voc&ecirc; soubesse quais as chances de um relacionamento seguir em frente e como remover poss&iacute;veis problemas na vida a dois? Um cartomante do amor, atrav&eacute;s de uma leitura dos or&aacute;culos, pode dar uma dire&ccedil;&atilde;o para quem sente-se perdido quando se trata de assuntos do cora&ccedil;&atilde;o. Atrav&eacute;s de sua sensitividade capta as energias do momento e tem nos or&aacute;culos uma previs&atilde;o e orienta&ccedil;&atilde;o que vai fazer voc&ecirc; surpreender-se.</p>\r\n\r\n<p>Ser&aacute; que ele est&aacute; me traindo? Posso confiar na pessoa amada? Uma leitura de cartas traz uma vis&atilde;o mais profunda sobre o seu momento atual, revelando sobre a pessoa amada aquilo que voc&ecirc; mais deseja saber. Receber&aacute; todo apoio para que voc&ecirc; descubra qual caminho seguir e onde pode realmente apostar para ser feliz no amor.</p>\r\n', 'amor-e-relacionamentos', '');

-- --------------------------------------------------------

--
-- Table structure for table `p_operators_subjects_link`
--

CREATE TABLE `p_operators_subjects_link` (
  `id` int(11) NOT NULL,
  `subject_id` int(11) UNSIGNED NOT NULL,
  `operator_id` int(11) UNSIGNED NOT NULL
) ENGINE=InnoDB DEFAULT CHARSET=utf8;

--
-- Dumping data for table `p_operators_subjects_link`
--

INSERT INTO `p_operators_subjects_link` (`id`, `subject_id`, `operator_id`) VALUES
(274, 24, 58),
(276, 24, 22),
(277, 24, 23),
(278, 24, 37),
(281, 24, 64),
(283, 24, 48),
(284, 24, 47),
(285, 24, 51);

-- --------------------------------------------------------

--
-- Table structure for table `p_paginas`
--

CREATE TABLE `p_paginas` (
  `id` int(11) NOT NULL,
  `titulo` varchar(255) NOT NULL,
  `descricao` varchar(160) DEFAULT NULL,
  `slug` varchar(255) NOT NULL,
  `tipo` varchar(255) NOT NULL,
  `categoria` int(11) DEFAULT NULL,
  `conteudo` longtext NOT NULL
) ENGINE=InnoDB DEFAULT CHARSET=utf8;

--
-- Dumping data for table `p_paginas`
--

INSERT INTO `p_paginas` (`id`, `titulo`, `descricao`, `slug`, `tipo`, `categoria`, `conteudo`) VALUES
(53, 'Sobre nós', '', 'sobre-nos', 'artigo', 2, '<p>Ambitioni dedisse scripsisse iudicaretur. Quid securi etiam tamquam eu fugiat nulla pariatur. Vivamus sagittis lacus vel augue laoreet rutrum faucibus. Ut enim ad minim veniam, quis nostrud exercitation. Unam incolunt Belgae, aliam Aquitani, tertiam. Fabio vel iudice vincam, sunt in culpa qui officia.<br />\nUllamco laboris nisi ut aliquid ex ea commodi consequat. Pellentesque habitant morbi tristique senectus et netus. Nihil hic munitissimus habendi senatus locus, nihil horum?<br />\nLorem ipsum dolor sit amet, consectetur adipisici elit, sed eiusmod tempor incidunt ut labore et dolore magna aliqua. Curabitur est gravida et libero vitae dictum. Quam diu etiam furor iste tuus nos eludet?<br />\nCum ceteris in veneratione tui montes, nascetur mus. Quam temere in vitiis, legem sancimus haerentia. Non equidem invideo, miror magis posuere velit aliquet. Nec dubitamus multa iter quae et nos invenerat. Curabitur blandit tempus ardua ridiculus sed magna. Quae vero auctorem tractata ab fiducia dicuntur.<br />\nQuis aute iure reprehenderit in voluptate velit esse. Hi omnes lingua, institutis, legibus inter se differunt. A communi observantia non est recedendum. Phasellus laoreet lorem vel dolor tempus vehicula. Prima luce, cum quibus mons aliud consensu ab eo. Paullum deliquit, ponderibus modulisque suis ratio utitur.</p>\n');
INSERT INTO `p_paginas` (`id`, `titulo`, `descricao`, `slug`, `tipo`, `categoria`, `conteudo`) VALUES
(54, 'Ambitioni dedisse scripsisse iudicaretur.', '', 'ambitioni-dedisse-scripsisse-iudicaretur', 'artigo', 1, '<p>Donec sed odio operae, eu vulputate felis rhoncus. Cras mattis iudicium purus sit amet fermentum. Hi omnes lingua, institutis, legibus inter se differunt. Nihilne te nocturnum praesidium Palati, nihil urbis vigiliae. Quo usque tandem abutere, Catilina, patientia nostra?<br />\nAmbitioni dedisse scripsisse iudicaretur. Quam temere in vitiis, legem sancimus haerentia. Quisque placerat facilisis egestas cillum dolore.<br />\nUt enim ad minim veniam, quis nostrud exercitation. Idque Caesaris facere voluntate liceret: sese habere. Vivamus sagittis lacus vel augue laoreet rutrum faucibus. Quisque ut dolor gravida, placerat libero vel, euismod. A communi observantia non est recedendum. Tityre, tu patulae recubans sub tegmine fagi dolor.<br />\nGallia est omnis divisa in partes tres, quarum. Unam incolunt Belgae, aliam Aquitani, tertiam. Mercedem aut nummos unde unde extricat, amaras. Praeterea iter est quasdam res quas ex communi.<br />\nAt nos hinc posthac, sitientis piros Afros. Sed haec quis possit intrepidus aestimare tellus. Qui ipsorum lingua Celtae, nostra Galli appellantur. Inmensae subtilitatis, obscuris et malesuada fames. Petierunt uti sibi concilium totius Galliae in diem certam indicere. Curabitur blandit t</p>\n\n<p><img alt="" src="data:image/jpeg;base64,[BLOB]" style="height:150px; margin-bottom:0px; margin-left:0px; margin-right:0px; margin-top:0px; width:200px; float:left" /></p>\n\n<p>empus ardua ridiculus sed magn.!!</p>\n');
INSERT INTO `p_paginas` (`id`, `titulo`, `descricao`, `slug`, `tipo`, `categoria`, `conteudo`) VALUES
(55, 'Quae vero auctorem tractata ab fiducia dicuntur.', '', 'quae-vero-auctorem-tractata-ab-fiducia-dicuntur', 'artigo', 2, '<p>Quae vero auctorem tractata ab fiducia dicuntur. Lorem ipsum dolor sit amet, consectetur adipisici elit, sed eiusmod tempor incidunt ut labore et dolore magna aliqua. Quam temere in vitiis, legem sancimus haerentia. Unam incolunt Belgae, aliam Aquitani, tertiam. Integer legentibus erat a ante historiarum dapibus. Etiam habebis sem dicantur magna mollis euismod. Praeterea iter est quasdam res quas ex communi. Magna pars studiorum, prodita quaerimus. Cras mattis iudicium purus sit amet fermentum. Prima luce, cum quibus mons aliud consensu ab eo. Quam diu etiam furor iste tuus nos eludet? Inmensae subtilitatis, obscuris et malesuada fames. Me non paenitet nullum festiviorem excogitasse ad hoc. Curabitur est gravida et libero vitae dictum. Nec dubitamus multa iter quae et nos invenerat. Idque Caesaris facere voluntate liceret: sese habere. Ab illo tempore, ab est sed immemorabili. Quisque placerat facilisis egestas cillum dolore. Ut enim ad minim veniam, quis nostrud exercitation. Petierunt uti sibi concilium totius Galliae in diem certam indicere. Fictum, deserunt mollit anim laborum astutumque! Excepteur sint obcaecat cupiditat non proident culpa. Salutantibus vitae elit libero, a pharetra augue. Cum ceteris in veneratione tui montes, nascetur mus. Vivamus sagittis lacus vel augue laoreet rutrum faucibus. Tu quoque, Brute, fili mi, nihil timor populi, nihil!</p>\n'),
(56, 'Cum ceteris in veneratione tui montes, nascetur mus.', '', 'cum-ceteris-in-veneratione-tui-montes-nascetur-mus', 'artigo', 2, '<p>Ullamco laboris nisi ut aliquid ex ea commodi consequat. Ambitioni dedisse scripsisse iudicaretur. Magna pars studiorum, prodita quaerimus. Salutantibus vitae elit libero, a pharetra augue. At nos hinc posthac, sitientis piros Afros. Cum ceteris in veneratione tui montes, nascetur mus.<br />\nVivamus sagittis lacus vel augue laoreet rutrum faucibus. Non equidem invideo, miror magis posuere velit aliquet. Quid securi etiam tamquam eu fugiat nulla pariatur.<br />\nTityre, tu patulae recubans sub tegmine fagi dolor. Nec dubitamus multa iter quae et nos invenerat. Plura mihi bona sunt, inclinet, amari petere vellent.<br />\nNihilne te nocturnum praesidium Palati, nihil urbis vigiliae. Hi omnes lingua, institutis, legibus inter se differunt. Me non paenitet nullum festiviorem excogitasse ad hoc. Tu quoque, Brute, fili mi, nihil timor populi, nihil! Cum sociis natoque penatibus et magnis dis parturient.<br />\nMercedem aut nummos unde unde extricat, amaras. Quam temere in vitiis, legem sancimus haerentia. Inmensae subtilitatis, obscuris et malesuada fames. Ab illo tempore, ab est sed immemorabili. Phasellus laoreet lorem vel dolor tempus vehicula. Qui ipsorum lingua Celtae, nostra Galli appellantur.</p>\n'),
(57, 'Vivamus sagittis lacus vel augue laoreet rutrum faucibus.', '', 'vivamus-sagittis-lacus-vel-augue-laoreet-rutrum-faucibus', 'artigo', 2, '<p style="text-align: justify;">Mercedem aut nummos unde unde extricat, amaras. Hi omnes lingua, institutis, legibus inter se differunt. Fabio vel iudice vincam, sunt in culpa qui officia. Me non paenitet nullum festiviorem excogitasse ad hoc. Prima luce, cum quibus mons aliud consensu ab eo. Plura mihi bona sunt, inclinet, amari petere vellent.<br />\nCras mattis iudicium purus sit amet fermentum. Quisque ut dolor gravida, placerat libero vel, euismod. Excepteur sint obcaecat cupiditat non proident culpa.<br />\nQuam diu etiam furor iste tuus nos eludet? Tityre, tu patulae recubans sub tegmine fagi dolor. Cum ceteris in veneratione tui montes, nascetur mus. Donec sed odio operae, eu vulputate felis rhoncus. Tu quoque, Brute, fili mi, nihil timor populi, nihil! Praeterea iter est quasdam res quas ex communi.<br />\nCum sociis natoque penatibus et magnis dis parturient. Pellentesque habitant morbi tristique senectus et netus. Petierunt uti sibi concilium totius Galliae in diem certam indicere. Lorem ipsum dolor sit amet, consectetur adipisici elit, sed eiusmod tempor incidunt ut labore et dolore magna aliqua. Quid securi etiam tamquam eu fugiat nulla pariatur. Idque Caesaris facere voluntate liceret: sese habere.<br />\nVivamus sagittis lacus vel augue laoreet rutrum faucibus. Ab illo tempore, ab est sed immemorabili. A communi observantia non est recedendum. Nihil hic munitissimus habendi senatus locus, nihil horum? Etiam habebis sem dicantur magna mollis euismod. Non equidem invideo, miror magis posuere velit aliquet.</p>\n');

-- --------------------------------------------------------

--
