-- Table structure for table `p_payments`
--

CREATE TABLE `p_payments` (
  `id` int(11) NOT NULL,
  `user_id` int(11) UNSIGNED DEFAULT NULL,
  `product_id` int(11) UNSIGNED DEFAULT NULL,
  `source` varchar(50) NOT NULL,
  `reference` varchar(50) NOT NULL,
  `amount` decimal(10,2) UNSIGNED NOT NULL,
  `quantity` int(11) UNSIGNED NOT NULL,
  `status` varchar(20) NOT NULL,
  `date` int(11) UNSIGNED NOT NULL,
  `updated` int(11) UNSIGNED NOT NULL,
  `sent` tinyint(1) NOT NULL DEFAULT '0',
  `converted` tinyint(1) NOT NULL DEFAULT '0',
  `method` varchar(25) NOT NULL,
  `type` varchar(25) DEFAULT NULL,
  `link` varchar(255) DEFAULT NULL,
  `user_ip_address` varchar(15) NOT NULL DEFAULT '0.0.0.0'
) ENGINE=InnoDB DEFAULT CHARSET=utf8;

--
-- Dumping data for table `p_payments`
--

INSERT INTO `p_payments` (`id`, `user_id`, `product_id`, `source`, `reference`, `amount`, `quantity`, `status`, `date`, `updated`, `sent`, `converted`, `method`, `type`, `link`, `user_ip_address`) VALUES
(116, 1, 8, 'transferencia', 'da59cd19-6706-42e9-8ac9-f19f261115ed', '96.60', 1, '3', 1455194334, 1455194334, 1, 1, 'Banco do Brasil', '', NULL, '0.0.0.0'),
(117, 1, 3, 'desconhecida', '79fbc6d4-c094-426f-96f2-8b559677f224', '53.70', 1, '3', 1455194477, 1455194477, 0, 1, 'desconhecido', '', NULL, '0.0.0.0'),
(118, 1, 8, 'manual', '7bae5776-b64f-43d3-81fa-b30948f5b447', '96.60', 1, '3', 1455195431, 1455195431, 1, 1, 'presente', '', NULL, '0.0.0.0'),
(154, 1, 6, 'pagseguro', 'ed8ae653-bbed-4a5e-9000-0df8d900b9e7', '17.00', 1, '3', 1457161518, 1457167548, 1, 1, 'credito', 'Visa', '0', '0.0.0.0'),
(155, 1, 6, 'pagseguro', '6dd64400-2bdb-4890-adc8-02324f72cf2b', '17.00', 1, '3', 1457167634, 1457167672, 1, 1, 'debito', 'Banco Itaú', 'https://sandbox.pagseguro.uol.com.br/checkout/payment/eft/print.jhtml?c=b04b3389bda5a42b99c4ba33a7f6b8f3e089af3103be321b0b5d7f09b0e30992284996c1bf4cfc97', '0.0.0.0'),
(156, 1, 6, 'pagseguro', '2dbd0e83-0fc2-48fc-a7f9-7ac2e84a7c44', '17.00', 1, '3', 1457167727, 1457167750, 1, 1, 'credito', 'Visa', '0', '0.0.0.0'),
(160, 52, 6, 'pagseguro', '2cda366c-b201-45bc-b3b7-10dfe59f26ae', '17.00', 1, '3', 1457170515, 1457170537, 1, 1, 'debito', 'Banco Itaú', 'https://sandbox.pagseguro.uol.com.br/checkout/payment/eft/print.jhtml?c=443fafe13a486019134a93ce2b7df8dcb63f003ad2ca36fa8ae48490f33e82dd87a43fc91126b52d', '0.0.0.0'),
(172, 1, 6, 'pagseguro', '4944128e-45fc-48e8-ad61-4c34259e1e13', '17.00', 1, '3', 1464303123, 1464303246, 1, 1, 'pagseguro', NULL, 'https://sandbox.pagseguro.uol.com.br/v2/checkout/payment.html?code=7DC3BABCE9E9BA1224701FB1C8F2B636', '127.0.0.1'),
(173, 1, 6, 'pagseguro', 'ac46aa97-b377-4955-821a-0736a278cafa', '17.00', 1, '3', 1464303296, 1464303370, 1, 1, 'pagseguro', NULL, 'https://sandbox.pagseguro.uol.com.br/v2/checkout/payment.html?code=264A4A4F4A4AFCFEE486DF8A93D8A9AF', '127.0.0.1'),
(176, 1, 6, 'pagseguro', 'ac46aa97-b377-4955-821a-0736a278cafa', '17.00', 1, '3', 1464303296, 1464303370, 1, 1, 'pagseguro', NULL, 'https://sandbox.pagseguro.uol.com.br/v2/checkout/payment.html?code=264A4A4F4A4AFCFEE486DF8A93D8A9AF', '127.0.0.1'),
(177, 1, 6, 'pagseguro', 'ac46aa97-b377-4955-821a-0736a278cafa', '17.00', 7, '3', 1464303296, 1464303370, 1, 1, 'pagseguro', NULL, 'https://sandbox.pagseguro.uol.com.br/v2/checkout/payment.html?code=264A4A4F4A4AFCFEE486DF8A93D8A9AF', '127.0.0.1'),
(178, 1, 6, 'pagseguro', 'ac46aa97-b377-4955-821a-0736a278cafa', '17.00', 7, '3', 1464303296, 1464303370, 1, 1, 'pagseguro', NULL, 'https://sandbox.pagseguro.uol.com.br/v2/checkout/payment.html?code=264A4A4F4A4AFCFEE486DF8A93D8A9AF', '127.0.0.1'),
(179, 1, 6, 'pagseguro', 'ac46aa97-b377-4955-821a-0736a278cafa', '17.00', 7, '3', 1464303296, 1464303370, 1, 1, 'pagseguro', NULL, 'https://sandbox.pagseguro.uol.com.br/v2/checkout/payment.html?code=264A4A4F4A4AFCFEE486DF8A93D8A9AF', '127.0.0.1'),
(180, 1, 6, 'pagseguro', 'ac46aa97-b377-4955-821a-0736a278cafa', '17.00', 7, '3', 1464303296, 1464303370, 1, 1, 'pagseguro', NULL, 'https://sandbox.pagseguro.uol.com.br/v2/checkout/payment.html?code=264A4A4F4A4AFCFEE486DF8A93D8A9AF', '127.0.0.1'),
(181, 1, 6, 'pagseguro', 'ac46aa97-b377-4955-821a-0736a278cafa', '17.00', 7, '3', 1464303296, 1464303370, 1, 1, 'pagseguro', NULL, 'https://sandbox.pagseguro.uol.com.br/v2/checkout/payment.html?code=264A4A4F4A4AFCFEE486DF8A93D8A9AF', '127.0.0.1'),
(182, 1, 6, 'pagseguro', 'ac46aa97-b377-4955-821a-0736a278cafa', '17.00', 7, '3', 1464303296, 1464303370, 1, 1, 'pagseguro', NULL, 'https://sandbox.pagseguro.uol.com.br/v2/checkout/payment.html?code=264A4A4F4A4AFCFEE486DF8A93D8A9AF', '127.0.0.1'),
(183, 1, 6, 'paypal', 'dc30db13-317f-4395-a2c2-fe2e35a53995', '17.00', 1, '3', 1470942047, 1470942047, 1, 0, 'paypal', NULL, NULL, '127.0.0.1'),
(184, NULL, NULL, '', '', '0.00', 0, '3', 0, 0, 0, 0, '', NULL, NULL, '0.0.0.0'),
(187, 1, 6, 'paypal', '51434db3-4a0c-4eae-b814-a835722dba78', '17.00', 1, '3', 1471934172, 1471934172, 1, 1, 'paypal', NULL, NULL, '127.0.0.1'),
(188, 1, 6, 'paypal', '67ab88fd-1750-402a-83d0-b5416ba71030', '17.00', 1, '3', 1471935903, 1471935903, 1, 0, 'paypal', NULL, NULL, '127.0.0.1'),
(189, 1, 6, 'paypal', 'dcb868c8-d68f-4955-a22b-57b5bc3abbe4', '17.00', 1, '3', 1472233506, 1472233506, 1, 1, 'paypal', NULL, NULL, '127.0.0.1'),
(191, 1, 6, 'paypal', 'b2b4f9da-fb4e-4ecd-92c4-5a485361c2d4', '17.00', 1, '1', 1472627232, 1472627232, 0, 0, 'paypal', NULL, NULL, '127.0.0.1'),
(192, 1, 6, 'pagseguro', '106efe6b-1b55-4c4d-a592-b2ec15adfb4f', '17.00', 1, '1', 1472628491, 1472628491, 0, 0, 'pagseguro', NULL, 'https://pagseguro.uol.com.br/v2/checkout/payment.html?code=88B2382AD7D760AAA4D8DF8D18664EF2', '127.0.0.1'),
(193, 1, 6, 'pagseguro', 'afd45b0b-491b-43d7-b375-53b239a11535', '17.00', 1, '1', 1472628568, 1472628568, 0, 0, 'pagseguro', NULL, 'https://pagseguro.uol.com.br/v2/checkout/payment.html?code=B2CC93B84B4B610CC4BACF89C7344AA7', '127.0.0.1'),
(194, 1, 6, 'pagseguro', '999284ed-87e9-4a8e-9306-a2cd305a4f3d', '17.00', 1, '1', 1472628646, 1472628646, 0, 0, 'pagseguro', NULL, 'https://pagseguro.uol.com.br/v2/checkout/payment.html?code=E505B06E5D5D71A444A2FFAD007666FA', '127.0.0.1'),
(195, 1, 6, 'pagseguro', '43a7b7c8-7978-4492-a5b4-73498c773b82', '17.00', 1, '1', 1473290469, 1473290469, 0, 0, 'pagseguro', NULL, 'https://pagseguro.uol.com.br/v2/checkout/payment.html?code=80B5FB5C31315AB99475AF9B8BD402EA', '127.0.0.1'),
(196, 1, 6, 'paypal', '9cb29fd1-37c7-427d-9920-1e0f7551286b', '17.00', 1, '1', 1473633147, 1473633147, 0, 0, 'paypal', NULL, NULL, '127.0.0.1'),
(197, 1, 8, 'paypal', '1f5b860a-76e9-4955-82a4-4e13374a8da2', '79.20', 1, '1', 1473645541, 1473645541, 0, 0, 'paypal', NULL, NULL, '127.0.0.1'),
(198, 1, 6, 'paypal', '4f5151bc-e4b7-40d6-adb5-b8aad0ed5dd3', '17.00', 1, '1', 1473803381, 1473803381, 0, 0, 'paypal', NULL, NULL, '127.0.0.1'),
(199, 1, 6, 'paypal', '68291a82-a580-42e4-94ae-1580e6274302', '17.00', 1, '1', 1474543797, 1474543797, 0, 1, 'paypal', NULL, NULL, '127.0.0.1'),
(200, 1, 6, 'paypal', '3619d42c-8231-48a2-aba0-18cd710f76ee', '17.00', 1, '1', 1474545344, 1474545344, 0, 0, 'paypal', NULL, NULL, '127.0.0.1'),
(201, 1, 6, 'paypal', '500765ce-df10-4bcc-b36d-0bdec5c305f9', '17.00', 1, '1', 1474546020, 1474546020, 0, 0, 'paypal', NULL, NULL, '127.0.0.1'),
(202, 1, NULL, 'paypal', '1f75f874-8594-4998-8b7e-edf319e6b4d0', '17.85', 1, '1', 1474581730, 1474581730, 0, 0, 'paypal', NULL, NULL, '127.0.0.1'),
(203, 1, NULL, 'pagseguro', 'c230f678-9010-44cc-96e6-f22f6af90566', '17.85', 1, '1', 1474582174, 1474582174, 0, 0, 'boleto', NULL, 'https://pagseguro.uol.com.br/checkout/payment/booklet/print.jhtml?c=7230467091fb96b10e9caa53977744ce60585f9d6e4b1efef1c4c4607ab07c849277793c49050238', '127.0.0.1'),
(204, 1, 6, 'pagseguro', 'b3317e5f-baea-4284-aa19-2b935cbd69a1', '17.00', 1, '1', 1474582191, 1474582191, 0, 1, 'boleto', NULL, 'https://pagseguro.uol.com.br/checkout/payment/booklet/print.jhtml?c=cd88ee1acc95749a9665ff46f02ba39a2d421f3810919aa009411071fc1f53a92630565817fe5e9a', '127.0.0.1'),
(205, 1, 6, 'pagseguro', 'c68ed477-d0cc-403e-ba3a-f6c3544e190e', '17.00', 1, '1', 1474582457, 1474582457, 0, 1, 'boleto', NULL, 'https://pagseguro.uol.com.br/checkout/payment/booklet/print.jhtml?c=157612271094f48104b4cb177e1f9f9f203b7a116ef003d6c72c9dd85a414a59b41149b183711089', '127.0.0.1'),
(206, 1, 6, 'pagseguro', '72640b01-6d04-4278-8105-5a8f99da8aff', '17.00', 1, '1', 1474582637, 1474582637, 0, 0, 'boleto', NULL, NULL, '127.0.0.1'),
(207, 1, 6, 'pagseguro', '94097de4-5093-445e-bc67-aa878b98d227', '17.00', 1, '1', 1474582641, 1474582641, 0, 0, 'boleto', NULL, NULL, '127.0.0.1'),
(208, 1, 6, 'pagseguro', 'fd54b4e0-fdaf-4c65-95d7-99fab8402e79', '17.00', 1, '1', 1474582786, 1474582786, 0, 0, 'pagseguro', NULL, NULL, '127.0.0.1'),
(209, 1, 6, 'pagseguro', 'fe6b018b-e69c-4ea3-a065-dc93a3001cd9', '17.00', 1, '1', 1474582807, 1474582807, 0, 0, 'boleto', NULL, NULL, '127.0.0.1'),
(210, 1, 6, 'pagseguro', '64ce9460-96fa-43a2-80fd-746101824d10', '17.00', 1, '1', 1474582851, 1474582851, 0, 0, 'pagseguro', NULL, NULL, '127.0.0.1'),
(211, 1, 6, 'pagseguro', 'd16ec912-83dc-40e2-8506-53aed09bb794', '17.00', 1, '1', 1474582903, 1474582903, 0, 0, 'pagseguro', NULL, NULL, '127.0.0.1'),
(212, 1, 6, 'pagseguro', '95cedec7-9d43-42f3-b87f-370f99176473', '17.00', 1, '1', 1474582943, 1474582943, 0, 0, 'boleto', NULL, 'https://pagseguro.uol.com.br/checkout/payment/booklet/print.jhtml?c=53afef4d29b1dfac14c2adc15b46cd07ed1ffdd9deb34dde612dc05c98f46c3ddbc0d6f7fadf331c', '127.0.0.1'),
(213, 1, 6, 'pagseguro', '3bbe9450-3fdc-42a6-aa0a-b099b5e968cd', '17.00', 1, '1', 1474583062, 1474583062, 0, 0, 'pagseguro', NULL, NULL, '127.0.0.1'),
(214, 1, 6, 'pagseguro', 'd9d94ea7-2014-4f6a-b647-f319f1ce96bb', '17.00', 1, '1', 1474583133, 1474583133, 0, 1, 'pagseguro', NULL, NULL, '127.0.0.1'),
(215, 1, NULL, 'transferencia', '016f1816-3b10-4512-b19c-de9a6e92f40d', '200.43', 1, '3', 1484020620, 1484020620, 1, 0, 'transferencia', 'Banco do Brasil', NULL, '127.0.0.1'),
(216, 1, NULL, 'transferencia', '67fe33ac-f298-4a84-a342-0dfe45ef9d5a', '17.85', 1, '3', 1484020789, 1484020789, 1, 0, 'transferencia', 'Banco do Nordeste', NULL, '127.0.0.1'),
(217, 1, NULL, 'transferencia', 'df2a61eb-4b22-429c-bebd-c720a3452000', '17.85', 1, '3', 1484099943, 1484099943, 1, 0, 'transferencia', 'Banco do Brasil', NULL, '127.0.0.1'),
(218, 1, NULL, 'transferencia', '69d43635-5bf3-4c1d-ac96-4723df7d8daf', '17.85', 1, '3', 1484099987, 1484099987, 1, 0, 'transferencia', 'Banco do Brasil', NULL, '127.0.0.1'),
(219, 82, 6, 'transferencia', 'a3ff160e-c699-430e-8527-d580914785aa', '14.12', 1, '3', 1495092670, 1495092670, 1, 0, 'transferencia', 'Itau', NULL, '127.0.0.1'),
(220, 82, 6, 'transferencia', '8d5f1d7e-7705-4278-b17f-4f881635a738', '14.12', 1, '3', 1495092678, 1495092678, 1, 0, 'transferencia', 'Itau', NULL, '127.0.0.1'),
(221, 82, 6, 'transferencia', '4144b336-d87c-4b3b-bd85-0ac2ffce8c78', '14.12', 1, '3', 1495092729, 1495092729, 1, 0, 'transferencia', 'Itau', NULL, '127.0.0.1'),
(222, 82, 6, 'transferencia', 'fcf7d091-4c7d-464f-9d30-6ea281d65bc8', '14.12', 1, '3', 1495092748, 1495092748, 1, 0, 'transferencia', 'Itau', NULL, '127.0.0.1'),
(223, 82, 6, 'transferencia', '51d6292d-9c5d-4570-925b-4aa8b4cdaa79', '13.53', 1, '3', 1495092812, 1495092812, 0, 0, 'transferencia', 'Itau', NULL, '127.0.0.1'),
(224, 82, 6, 'manual', '63b3ad82-0b0e-4d59-8d7b-dea50d4c532a', '10.59', 1, '3', 1495092906, 1495092906, 0, 0, 'manual', '', NULL, '127.0.0.1'),
(225, 82, 6, 'transferencia', '552d8ff5-eb00-4f6a-9043-cb32a9c626cc', '11.83', 1, '3', 1495092953, 1495092953, 1, 0, 'transferencia', 'Banco do Brasil', NULL, '127.0.0.1'),
(226, 82, NULL, 'transferencia', '7af4b0da-509e-4b0c-9f96-4a19fb741d6e', '21.85', 1, '3', 1495093070, 1495093070, 1, 0, 'transferencia', 'Banco do Brasil', NULL, '127.0.0.1'),
(227, 82, 12, 'transferencia', 'ff798312-3317-41b8-a611-74aea29bde57', '15.88', 1, '3', 1495093324, 1495093324, 0, 0, 'transferencia', 'Banco do Brasil', NULL, '127.0.0.1'),
(228, 82, 12, 'transferencia', 'b231a54c-e5cd-435b-98c0-e3b5eaf76520', '28.00', 1, '3', 1495093595, 1495093595, 1, 0, 'transferencia', 'Banco do Brasil', NULL, '127.0.0.1'),
(229, 82, 12, 'transferencia', 'e9bbc999-0080-4a9e-bd1f-651b771892a5', '30.00', 1, '3', 1495093749, 1495093749, 1, 0, 'transferencia', 'Banco do Brasil', NULL, '127.0.0.1'),
(230, 1, 6, 'transferencia', 'ec0a8814-b23f-45bf-b0aa-c19401d1eb2a', '18.00', 1, '3', 1495093845, 1495093845, 1, 1, 'transferencia', 'Banco do Brasil', NULL, '127.0.0.1'),
(231, 1, 6, 'transferencia', '20a888fa-853b-4247-ab73-8d7af26b91d0', '22.00', 1, '3', 1495094128, 1495094128, 1, 0, 'transferencia', 'Banco do Brasil', NULL, '127.0.0.1'),
(232, 1, 12, 'transferencia', 'e8d2db1c-33f6-40c3-9f30-b88d5fc94589', '28.00', 1, '3', 1495094511, 1495094511, 1, 0, 'transferencia', 'Banco do Brasil', NULL, '127.0.0.1'),
(233, 1, NULL, 'manual', 'e2bcbfd7-21c7-4733-a3ad-8bade3230a43', '10.00', 1, '3', 1495094640, 1495094640, 0, 0, 'manual', '', NULL, '127.0.0.1'),
(234, 1, 12, 'transferencia', '5e189372-a135-4470-81f2-a1d0bfde6679', '29.00', 1, '3', 1495097487, 1495097487, 1, 0, 'transferencia', 'Banco do Brasil', NULL, '127.0.0.1'),
(235, 1, 12, 'transferencia', '2a08b2af-99d1-4c0e-a4a8-5e2b00b257ca', '29.50', 1, '3', 1495097581, 1495097581, 1, 0, 'transferencia', 'Banco do Brasil', NULL, '127.0.0.1'),
(236, 1, NULL, 'transferencia', '42ab2060-5c85-481a-8e34-e577c5d4365c', '10.00', 1, '3', 1495097637, 1495097637, 1, 0, 'transferencia', 'Banco do Brasil', NULL, '127.0.0.1'),
(237, 1, NULL, 'transferencia', '0e59acf8-7065-4ea7-ba63-a81b9db2f128', '0.00', 1, '3', 1497376970, 1497376970, 1, 0, 'transferencia', 'Banco do Brasil', NULL, '127.0.0.1'),
(238, 1, NULL, 'transferencia', '77c67fe1-8be1-401e-898e-2c2bd0a7968e', '0.00', 1, '3', 1497377020, 1497377020, 1, 0, 'transferencia', 'Banco do Brasil', NULL, '127.0.0.1'),
(239, 1, NULL, 'transferencia', '6251aa36-0b41-4435-8304-e14695cc84a4', '0.00', 1, '3', 1497377043, 1497377043, 1, 0, 'transferencia', 'Banco do Brasil', NULL, '127.0.0.1'),
(240, 1, 12, 'transferencia', 'c57d3529-5438-401b-9605-1fb31b72a01b', '27.00', 1, '3', 1497377080, 1497377080, 1, 0, 'transferencia', 'Banco do Brasil', NULL, '127.0.0.1'),
(241, 1, NULL, 'manual', 'd7036260-0fa1-476f-931c-50f9e57ec633', '0.00', 1, '3', 1497377108, 1497377108, 1, 0, 'manual', '', NULL, '127.0.0.1'),
(242, 1, NULL, 'transferencia', '7716914b-0acf-46b6-b3b4-fb01359c7dbe', '10.00', 1, '3', 1497377142, 1497377142, 1, 0, 'transferencia', 'Banco do Brasil', NULL, '127.0.0.1'),
(243, 1, 12, 'transferencia', '61de793d-1f61-4740-9374-7ede1fe5dc4c', '26.00', 1, '3', 1497378553, 1497378553, 1, 0, 'transferencia', 'Banco do Brasil', NULL, '127.0.0.1'),
(244, 1, 12, 'manual', '3905bd0e-22f8-476e-8ee0-586f3c7a58bd', '25.50', 1, '3', 1497378615, 1497378615, 0, 0, 'manual', '', NULL, '127.0.0.1'),
(245, 1, 12, 'transferencia', 'b521758f-fa56-480d-880a-b5d7ea7f9b95', '25.50', 1, '3', 1497378647, 1497378647, 1, 0, 'transferencia', 'Banco do Brasil', NULL, '127.0.0.1'),
(246, 1, NULL, 'transferencia', 'be9e7f10-db28-4a6f-8e8a-39dc8396529d', '10.00', 1, '3', 1497434747, 1497434747, 1, 0, 'transferencia', 'Banco da Amazônia', NULL, '127.0.0.1'),
(247, 1, NULL, 'manual', 'd947ade9-1672-4b2f-b43c-83a6f652c255', '10.00', 1, '3', 1497436364, 1497436364, 1, 0, 'manual', '', NULL, '127.0.0.1'),
(248, 1, NULL, 'manual', '9e301e64-0bc9-4442-a094-33ef483966eb', '12.00', 1, '3', 1497437462, 1497437462, 0, 0, 'manual', '', NULL, '127.0.0.1'),
(249, 1, NULL, 'transferencia', '3d00ec81-3b14-44a6-b89e-4e521a616120', '12.00', 1, '3', 1497437482, 1497437482, 1, 0, 'transferencia', 'Banco do Brasil', NULL, '127.0.0.1'),
(250, 1, NULL, 'transferencia', '34146df6-393b-4173-a10a-1bb970ba2bde', '7.50', 1, '3', 1497437758, 1497437758, 1, 0, 'transferencia', 'Banco do Brasil', NULL, '127.0.0.1'),
(251, 1, 6, 'transferencia', '95e9d7d0-a8db-4daf-a3bb-a642e246d20f', '17.00', 1, '3', 1497437849, 1497437849, 1, 0, 'transferencia', 'Banco do Brasil', NULL, '127.0.0.1'),
(252, 1, 6, 'transferencia', 'b354db2b-f843-4daf-8cad-77beb9e41b60', '25.00', 1, '3', 1497438302, 1497438302, 1, 0, 'transferencia', 'Banco do Brasil', NULL, '127.0.0.1'),
(253, 1, 6, 'manual', 'eb8598c6-9160-43c1-94f5-9b2cac1d732d', '25.25', 1, '3', 1497441299, 1497441299, 0, 0, 'manual', '', NULL, '127.0.0.1'),
(254, 1, 6, 'manual', '10a4fd6e-0729-46a8-be11-d3cace0bdee0', '20.00', 1, '3', 1497441324, 1497441324, 0, 0, 'manual', '', NULL, '127.0.0.1'),
(257, 1, 6, 'manual', '20f05457-3503-49a5-a005-6452d10bb18c', '20.00', 1, '3', 1497442630, 1497442630, 1, 0, 'manual', '', NULL, '127.0.0.1'),
(258, 1, 6, 'manual', 'f5b84342-7a51-425a-9a00-7e0207efdf7c', '20.00', 1, '3', 1497443030, 1497443030, 1, 0, 'manual', '', NULL, '127.0.0.1'),
(259, 1, 6, 'transferencia', '86f849e0-798b-44b7-8479-c2195d5d3949', '17.00', 1, '3', 1497443060, 1497443060, 1, 0, 'transferencia', 'Banco do Brasil', NULL, '127.0.0.1'),
(260, 1, 3, 'transferencia', '14f6dbd1-0c23-42db-a859-083f42245486', '57.00', 1, '3', 1497513350, 1497513350, 1, 0, 'transferencia', 'Banco do Brasil', NULL, '127.0.0.1'),
(261, 1, 2, 'transferencia', 'e5db7b43-0d46-4af7-8749-6743f223f351', '48.45', 1, '3', 1498258101, 1498258101, 1, 0, 'transferencia', 'Banco do Brasil', NULL, '127.0.0.1'),
(262, 1, 3, 'transferencia', 'cf943fb3-40f1-41a9-8526-c0506e4845f1', '51.00', 1, '3', 1498258145, 1498258145, 1, 0, 'transferencia', 'Banco do Brasil', NULL, '127.0.0.1'),
(263, 1, 8, 'transferencia', '6a2fd6b0-97a2-4d05-8e29-e8e6b3af430b', '48.45', 1, '3', 1498258571, 1498258571, 1, 0, 'transferencia', 'Banco do Brasil', NULL, '127.0.0.1'),
(264, 1, 8, 'manual', 'bc6c5c43-1842-43e8-88bc-add5c82c9540', '25.50', 1, '3', 1498258636, 1498258636, 1, 0, 'manual', '', NULL, '127.0.0.1'),
(265, 1, 12, 'manual', '4d8974dc-83aa-486a-8742-343d414f4e46', '25.50', 1, '3', 1498258698, 1498258698, 0, 0, 'manual', '', NULL, '127.0.0.1'),
(266, 1, 12, 'manual', '3dc0a351-8fa0-4aa8-b6cb-15e3d9b1b6e5', '25.50', 1, '3', 1498258711, 1498258711, 1, 0, 'manual', '', NULL, '127.0.0.1'),
(267, 1, 2, 'manual', 'a04f92d6-9d31-4fd7-8e52-5fd0ddf473fc', '34.00', 1, '3', 1498258734, 1498258734, 1, 0, 'manual', '', NULL, '127.0.0.1'),
(268, 1, 2, 'manual', '8cb9a94b-d647-4e17-8617-da9f0059bce5', '50.00', 1, '3', 1498258775, 1498258775, 1, 0, 'manual', '', NULL, '127.0.0.1'),
(269, 1, 12, 'transferencia', '2c2d94d1-0b6e-4bce-bdee-3351439d9198', '25.80', 1, '3', 1502271086, 1502271086, 1, 0, 'transferencia', 'Banco do Brasil', NULL, '127.0.0.1');

-- --------------------------------------------------------

--
-- Table structure for table `p_products`
--

CREATE TABLE `p_products` (
  `id` int(11) UNSIGNED NOT NULL,
  `category_id` int(11) UNSIGNED DEFAULT NULL,
  `name` varchar(100) NOT NULL,
  `hint` varchar(50) DEFAULT NULL,
  `description` varchar(255) NOT NULL,
  `minutes` int(11) UNSIGNED NOT NULL DEFAULT '0',
  `price` decimal(10,2) UNSIGNED NOT NULL,
  `discount` int(3) UNSIGNED NOT NULL DEFAULT '0',
  `popular` tinyint(1) UNSIGNED NOT NULL DEFAULT '0',
  `featured` tinyint(1) UNSIGNED NOT NULL,
  `label` varchar(25) DEFAULT NULL,
  `label_color` varchar(25) DEFAULT NULL,
  `sort` int(11) UNSIGNED NOT NULL DEFAULT '0'
) ENGINE=InnoDB DEFAULT CHARSET=utf8;

--
-- Dumping data for table `p_products`
--

INSERT INTO `p_products` (`id`, `category_id`, `name`, `hint`, `description`, `minutes`, `price`, `discount`, `popular`, `featured`, `label`, `label_color`, `sort`) VALUES
(2, 1, '20 Minutos', 'Mais vendido', 'Compre este produto com um desconto reduzido, porém um preço acessível.', 20, '34.00', 0, 0, 0, 'Popular', 'yellow', 3),
(3, 1, '30 Minutos', 'Melhor custo beneficio', 'Pacote com um pouco mais de minutos', 30, '51.00', 5, 0, 0, '', '', 4),
(6, 1, '10 Minutos', 'Mais acessivel', '10 Minutos', 10, '17.00', 0, 0, 0, '', 'red', 1),
(7, 1, '45 Minutos', 'Compra Razoavel', 'Compra de 45 minutos', 45, '76.50', 7, 0, 0, '', '', 5),
(8, 1, '60 Minutos', 'Fale a vontade', 'Fale a vontade', 60, '102.00', 10, 0, 0, '', '', 6),
(12, 1, '15 Minutos', '15 Minutos', '15 Minutos', 15, '25.50', 0, 0, 0, '', '', 2);

-- --------------------------------------------------------

--
-- Table structure for table `p_products_category`
--

CREATE TABLE `p_products_category` (
  `id` int(11) UNSIGNED NOT NULL,
  `title` varchar(50) NOT NULL
) ENGINE=InnoDB DEFAULT CHARSET=utf8;

--
-- Dumping data for table `p_products_category`
--

INSERT INTO `p_products_category` (`id`, `title`) VALUES
(1, 'Pacote de Minutos'),
(2, 'Consultas por Email'),
(3, 'Preço Customizado');

-- --------------------------------------------------------

--
-- Table structure for table `p_ratings`
--

CREATE TABLE `p_ratings` (
  `id` int(11) UNSIGNED NOT NULL,
  `operator_id` int(11) UNSIGNED DEFAULT NULL,
  `user_id` int(11) UNSIGNED DEFAULT NULL,
  `comment` varchar(255) NOT NULL,
  `rate` tinyint(1) NOT NULL DEFAULT '0',
  `public` tinyint(1) NOT NULL DEFAULT '0',
  `active` tinyint(1) NOT NULL DEFAULT '0',
  `date` int(15) NOT NULL
) ENGINE=InnoDB DEFAULT CHARSET=utf8;

--
-- Dumping data for table `p_ratings`
--

INSERT INTO `p_ratings` (`id`, `operator_id`, `user_id`, `comment`, `rate`, `public`, `active`, `date`) VALUES
(57, NULL, 1, 'Oi tudo certo?', 5, 1, 1, 1446382137),
(58, NULL, 1, 'Opa', 5, 1, 1, 1446382267),
(59, NULL, 1, 'Uma pessoa muito clara, com paciência e boa vontade em um momento difícil para mim.. Senti ser verdadeira, e não faloucoisas só para me agradar... Recomendo a consulta com ela, pretendo me consultar mais vezes com ela.', 5, 1, 1, 1446382813),
(60, NULL, 1, 'valeu', 5, 1, 1, 1446382922),
(61, NULL, 1, 'Legal', 5, 1, 1, 1446383046),
(62, NULL, 1, 'eae', 5, 1, 1, 1446383192),
(63, NULL, 1, 'LEgalzao', 5, 0, 1, 1446383282),
(64, NULL, 1, 'eae', 5, 1, 1, 1446383432),
(65, NULL, 1, 'Hola Amigo', 5, 1, 1, 1446383780),
(66, NULL, 1, 'fsfsfsdfsd', 5, 1, 1, 1446383887),
(67, NULL, 1, 'eae', 4, 1, 1, 1446383920),
(68, NULL, 1, 'eaeeaeaeae', 4, 1, 1, 1446383980),
(69, NULL, 1, 'eaeeee', 4, 1, 1, 1446385289),
(70, NULL, 1, 'eaeaeaf', 5, 1, 1, 1446385487),
(71, NULL, 1, 'agora vai', 4, 1, 1, 1446385523),
(72, NULL, 1, 'Legal', 5, 1, 1, 1446385585),
(73, NULL, 1, 'Hola', 5, 0, 1, 1446416394),
(74, 37, NULL, 'Excelente consulta', 3, 1, 1, 1446635912),
(75, NULL, 1, 'otimo\r\n\r\n', 5, 1, 1, 1446636590),
(76, NULL, 1, 'Valeu', 4, 1, 1, 1446637017),
(77, 51, 82, '', 5, 1, 1, 1452437492),
(78, 37, 82, 'eae', 4, 1, 1, 1452437960),
(79, 37, 82, 'eae', 4, 1, 1, 1452441174),
(80, 51, 82, 'muito bom este texto', 0, 1, 1, 1452448633),
(81, 52, 82, 'legal', 4, 1, 1, 1452448786),
(82, 51, 82, 'bom', 5, 1, 1, 1452451511),
(83, 51, 82, '', 5, 1, 1, 1453819928),
(84, 51, 82, 'Aqui ta tudo ok!!!', 3, 1, 1, 1453819928),
(85, 51, 52, 'Valeu, muito bom!', 0, 1, 1, 1456077113),
(86, NULL, NULL, 'Ab illo tempore.', 4, 0, 0, 0),
(87, 51, 82, 'Tudo ok por aqui', 4, 1, 1, 1471560348),
(88, NULL, NULL, 'Ola tudo bem?\r\n', 5, 0, 0, 0),
(89, NULL, NULL, '', 4, 0, 0, 0),
(90, NULL, NULL, 'Ok', 2, 0, 0, 0),
(91, NULL, NULL, 'Ola', 4, 0, 0, 0),
(102, 37, 82, '', 4, 1, 1, 1471553724),
(103, 52, 82, '', 5, 1, 1, 1471643927),
(104, 52, 82, '', 0, 1, 1, 1471644760),
(105, 52, 82, '', 4, 1, 1, 1471646866),
(106, 37, 52, '', 3, 1, 1, 1472945502),
(107, 47, 52, '', 0, 1, 1, 1472945554),
(108, 47, 52, 'opa', 1, 1, 1, 1472946785),
(109, 37, 52, 'eae', 4, 1, 1, 1472947233),
(110, 37, 52, 'eae', 4, 1, 1, 1472947532),
(111, 37, 52, '', 4, 1, 1, 1472947890),
(112, 51, 52, 'bem legal!!!', 5, 1, 1, 1491566390),
(113, 51, 52, 'Gostei...', 3, 1, 1, 1491566445),
(114, 51, 52, 'Legal', 4, 1, 1, 1491566480),
(115, 51, 52, 'eaeeeeee', 4, 1, 1, 1491566497);

-- --------------------------------------------------------

--
-- Table structure for table `p_routes`
--

CREATE TABLE `p_routes` (
  `id` int(11) UNSIGNED NOT NULL,
  `titulo` varchar(255) NOT NULL,
  `description` varchar(160) DEFAULT NULL,
  `keywords` varchar(255) DEFAULT NULL,
  `id_pagina` int(11) NOT NULL,
  `slug` varchar(255) NOT NULL,
  `tipo` varchar(50) NOT NULL,
  `logged` tinyint(1) NOT NULL DEFAULT '0',
  `guest_only` tinyint(1) NOT NULL DEFAULT '0',
  `changefreq` varchar(10) NOT NULL DEFAULT 'always',
  `priority` decimal(10,2) NOT NULL DEFAULT '0.50'
) ENGINE=InnoDB DEFAULT CHARSET=utf8;

--
-- Dumping data for table `p_routes`
--

INSERT INTO `p_routes` (`id`, `titulo`, `description`, `keywords`, `id_pagina`, `slug`, `tipo`, `logged`, `guest_only`, `changefreq`, `priority`) VALUES
(1, 'Home', 'Site de consultas de Tarot Online', '', 1, '/', 'homepage', 0, 0, 'weekly', '1.00'),
(58, 'Sobre nós', '', '', 53, 'artigos/sobre-nos', 'artigo', 0, 0, 'always', '0.50'),
(66, 'Ambitioni dedisse scripsisse iudicaretur.', NULL, NULL, 54, 'sem-categoria/ambitioni-dedisse-scripsisse-iudicaretur', 'artigo', 0, 0, 'always', '1.00'),
(67, 'Lorem ipsum dolor sit amet, consectetur adipisici elit, sed eiusmod tempor incidunt ut labore et dol', NULL, NULL, 55, 'artigos/quae-vero-auctorem-tractata-ab-fiducia-dicuntur', 'artigo', 0, 0, 'always', '1.00'),
(68, 'Cum ceteris in veneratione tui montes, nascetur mus.', NULL, NULL, 56, 'artigos/cum-ceteris-in-veneratione-tui-montes-nascetur-mus', 'artigo', 0, 0, 'always', '1.00'),
(69, 'Vivamus sagittis lacus vel augue laoreet rutrum faucibus.', '', '', 57, 'artigos/vivamus-sagittis-lacus-vel-augue-laoreet-rutrum-faucibus', 'artigo', 0, 0, 'always', '1.00'),
(70, 'Painel do Usuário', NULL, NULL, 30, 'user', 'componente', 1, 0, 'always', '1.00'),
(71, 'Cadastrar', NULL, NULL, 31, 'user/register', 'componente', 0, 1, 'always', '1.00'),
(72, 'Login', NULL, NULL, 32, 'user/login', 'componente', 0, 1, 'always', '1.00'),
(75, 'Logout', NULL, NULL, 35, 'user/logout', 'componente', 1, 0, 'always', '1.00'),
(80, 'Produtos', NULL, NULL, 40, 'products', 'componente', 0, 0, 'always', '1.00'),
(81, 'Finalizar compra', NULL, NULL, 41, 'payment/checkout', 'componente', 1, 0, 'always', '1.00'),
(85, 'Processar Pagamentos', NULL, NULL, 45, 'payment', 'componente', 0, 0, 'always', '1.00'),
(86, 'Perfil do Operador', NULL, NULL, 46, 'operators/profile', 'componente', 0, 0, 'always', '1.00'),
(87, 'Atendentes', NULL, NULL, 47, 'operators', 'componente', 0, 0, 'always', '1.00'),
(88, 'Fale Conosco', NULL, NULL, 48, 'contact', 'componente', 0, 0, 'always', '1.00'),
(89, 'FAQ', NULL, NULL, 49, 'faq', 'componente', 0, 0, 'always', '1.00'),
(90, 'Runas', 'As Runas surgiram há mais de 3 mil anos, entre os vikings. São letras mágicas gravadas em pedras, com nomes que variam um pouco de acordo com a região onde eram', NULL, 14, 'operators/skills/runas', 'skill', 0, 0, 'always', '1.00'),
(91, 'Tarô', 'O Tarô é um alfabeto simbólico, mágico, arquetípicos do ser humano, diagrama da vida terrestre, mensagem do inconsciente, uma ponte entre a alma e o espírito. T', NULL, 15, 'operators/skills/taro', 'skill', 0, 0, 'always', '1.00'),
(92, 'Cartas Ciganas', 'A Cartomancia, é um dos costumes ciganos mais conhecidos, afinal muitas pessoas recorrem a este povo para saber o futuro pelas cartas. De acordo com a tradição,', NULL, 16, 'operators/skills/cartas-ciganas', 'skill', 0, 0, 'always', '1.00'),
(93, 'Búzios', 'O jogo de Búzios é uma prática divinatória muito usada no Brasil e está associado às religiões e cultura africana. É uma prática que, através de 16 conchas lanç', NULL, 17, 'operators/skills/buzios', 'skill', 0, 0, 'always', '1.00'),
(94, 'Numerologia', 'É uma ciência milenar que deriva das relações ocultas e esotéricas entre os números e objetos físicos ou seres vivos. Um numerólogo pode realizar um estudo e id', NULL, 18, 'operators/skills/numerologia', 'skill', 0, 0, 'always', '1.00'),
(95, 'Pêndulo', 'O Pêndulo é um antigo método de adivinhação utilizado por milênios e ainda hoje. Funciona como uma ponte para a mente subconsciente, uma conexão intuitiva para ', NULL, 19, 'operators/skills/pendulo', 'skill', 0, 0, 'always', '1.00'),
(96, 'Astrologia', 'Instrumento que possibilita observar as relações planetárias e acontecimentos diversos. Através de uma análise astrológica, poderá ser revelado padrões de compo', NULL, 20, 'operators/skills/astrologia', 'skill', 0, 0, 'always', '1.00'),
(97, 'Landing', NULL, NULL, 50, 'landing', 'componente', 0, 0, 'always', '1.00'),
(102, 'Tarot Online', 'Cum ceteris in veneratione tui montes, nascetur mus. Lorem ipsum dolor sit amet, consectetur adipisici elit, sed eiusmod tempor incidunt ut labore et dolore mag', NULL, 1, 'tarot-online', 'landing', 0, 0, 'always', '1.00'),
(111, 'Links do Site', NULL, NULL, 60, 'sitelinks', 'componente', 0, 0, 'always', '1.00'),
(112, 'Sensitivos Online', 'Cum ceteris in veneratione tui montes, nascetur mus. At nos hinc posthac, sitientis piros Afros. Sed haec quis possit intrepidus aestimare tellus. Ullamco labor', NULL, 3, 'sensitivos-online', 'landing', 0, 0, 'always', '0.50'),
(114, 'Especialidades', NULL, NULL, 62, 'operators/skills', 'componente', 0, 0, 'always', '0.50'),
(121, 'Negao', 'Cumque molestiae incidi aut enim et veritatis voluptate hic voluptas dolores voluptas enim qui asperiores corporis et qui eveniet, eos dolorem Lorem sit...', NULL, 21, 'operators/negao', 'operator', 0, 0, 'always', '0.80'),
(123, 'Teste', 'Teste', NULL, 81, 'operators/teste', 'operator', 0, 0, 'always', '0.50'),
(124, 'Vel officia.', 'Repudiandae vel facilis dolores cum qui omnis autem et illo et fuga. Beatae aperiam neque sed ipsa, sit, quasi modi velit, nihil amet repellat. Unde quaerat...', NULL, 93, 'operators/vel-officia', 'operator', 0, 0, 'always', '0.50'),
(125, 'Lorem', 'Curabitur blandit tempus ardua ridiculus sed magna. Magna pars studiorum, prodita quaerimus. Ab illo tempore, ab est sed immemorabili.', NULL, 83, 'operators/lorem', 'operator', 0, 0, 'always', '0.50'),
(127, 'Magnam Aut.', 'A molestiae praesentium eum obcaecati et recusandae. Magni Et Itaque et fugit, Nam et sint inventore sit nobis ullam ullam mollitia ut odio labore enim dolorem.', NULL, 22, 'operators/magnam-aut', 'operator', 0, 0, 'always', '0.80'),
(128, 'Negro', 'Ambitioni dedisse scripsisse iudicaretur. Tu quoque, Brute, fili mi, nihil timor populi, nihil! Salutantibus vitae elit libero, a pharetra augue. Contra legem..', NULL, 47, 'operators/negro', 'operator', 0, 0, 'always', '0.80'),
(129, 'Tarólogo Órion', 'Médium e vidente, realiza leitura do Tarot, Runas, Baralho Cigano e Pêndulo. Possui conhecimentos de Xamanismo, raízes e ervas, podendo orientar os...', NULL, 37, 'operators/tarologo-orion', 'operator', 0, 0, 'always', '0.80'),
(130, 'Alana', 'Autem Sed et optio, quia laborum dolor non sequi quo expedita a ipsum, et a dolor a ut tempora fugit, delectus, illo cupiditate aliquam vel quod deserunt hic...', NULL, 23, 'operators/alana', 'operator', 0, 0, 'always', '0.80'),
(131, 'Morgana', 'Expedita maiores eveniet, harum quasi Temporibus autem sed rerum nesciunt, voluptas neque omnis quaerat similique dolores dolores asperiores nisi quia ut sint,.', NULL, 24, 'operators/morgana', 'operator', 0, 0, 'always', '0.80'),
(132, 'Suscipit Id.', 'Nisi consequatur? eum aut ut velit similique nostrum vitae impedit, hic modi et provident, maxime neque accusamus quam aut dolore odio aut quibusdam eveniet,...', NULL, 48, 'operators/suscipit-id', 'operator', 0, 0, 'always', '0.80'),
(133, 'Sequi Corporis.', 'Quaerat earum quo aperiam aliquid et inventore Itaque omnis mollitia neque quo odit fugiat, consectetur et corrupti, cum illum, commodi obcaecati possimus,...', NULL, 51, 'operators/sequi-corporis', 'operator', 0, 0, 'always', '0.80'),
(134, 'Teste', 'Quid securi etiam tamquam eu fugiat nulla pariatur. Morbi odio eros, volutpat ut pharetra vitae, lobortis sed nibh.eae', NULL, 52, 'operators/teste', 'operator', 0, 0, 'always', '0.80'),
(135, 'Tarot do Amor', 'Nec dubitamus multa iter quae et nos invenerat. Paullum deliquit, ponderibus modulisque suis ratio utitur. Donec sed odio operae, eu vulputate felis rhoncus. Fi', NULL, 4, 'tarot-do-amor', 'landing', 0, 0, 'always', '0.50'),
(140, 'Trabalhe Conosco', NULL, NULL, 63, 'user/jobs', 'componente', 0, 0, 'always', '0.50'),
(142, 'Operador De Teste', 'Gallia est omnis divisa in partes tres, quarum. Curabitur est gravida et libero vitae dictum. Tityre, tu patulae recubans sub tegmine fagi dolor. Sed haec quis.', NULL, 58, 'operators/operador-de-teste', 'operator', 0, 0, 'always', '0.80'),
(146, 'Assuntos', NULL, NULL, 64, 'operators/subjects', 'componente', 0, 0, 'always', '0.50'),
(147, 'Amor e Relacionamentos', 'O amor é definitivamente uma das emoções mais intensas e complexas que nós experimentamos na vida. Pode nos dar alegria extrema, mas também pode deixar corações', NULL, 24, 'operators/subjects/amor-e-relacionamentos', 'subject', 0, 0, 'always', '0.50'),
(149, 'Teste2', 'Ola', NULL, 64, 'operators/teste2', 'operator', 0, 0, 'always', '0.80'),
(152, 'Operador De Teste 2', 'Quisque placerat facilisis egestas cillum dolore. Excepteur sint obcaecat cupiditat non proident culpa. Curabitur blandit tempus ardua ridiculus sed magna.', NULL, 67, 'operators/operador-de-teste-2', 'operator', 0, 0, 'always', '0.80');

-- --------------------------------------------------------

--
-- Table structure for table `p_settings`
--

CREATE TABLE `p_settings` (
  `id` int(11) NOT NULL,
  `nome_config` varchar(255) CHARACTER SET latin1 NOT NULL,
  `valor_config` text CHARACTER SET latin1 NOT NULL
) ENGINE=InnoDB DEFAULT CHARSET=utf8;

--
-- Dumping data for table `p_settings`
--

INSERT INTO `p_settings` (`id`, `nome_config`, `valor_config`) VALUES
(1, 'nome_site', 'Oráculo de Vênus'),
(2, 'url_logomarca', 'http://painel.com:8888/images/logo.png'),
(3, 'email_adm', 'caiosantossp@gmail.com'),
(4, 'email_pagseguro', 'caio.4websolution@gmail.com'),
(5, 'email_paypal', 'financeiro@portaldotarot.com'),
(6, 'valor_minuto', '1.99'),
(7, 'google_analytics', 'UA-41090226-1'),
(8, 'descricao_site', 'Hi omnes lingua, institutis, legibus inter se differunt. Idque Caesaris facere voluntate liceret: sese habere. Quis aute iure reprehenderit in voluptate velit esse. Petierunt uti sibi concilium totius Galliae in diem certam indicere.\nNihil hic munitissimus habendi senatus locus, nihil horum? Idque Caesaris facere voluntate liceret: sese habere. Cum ceteris in veneratione tui montes, nascetur mus. Quo usque tandem abutere, Catilina, patientia nostra?\nAt nos hinc posthac, sitientis piros Afros. Cum ceteris in veneratione tui montes, nascetur mus. Prima luce, cum quibus mons aliud  consensu ab eo. Salutantibus vitae elit libero, a pharetra augue.\nGallia est omnis divisa in partes tres, quarum. Quid securi etiam tamquam eu fugiat nulla pariatur. Me non paenitet nullum festiviorem excogitasse ad hoc. Qui ipsorum lingua Celtae, nostra Galli appellantur. Quid securi etiam tamquam eu fugiat nulla pariatur. Morbi fringilla convallis sapien, id pulvinar odio volutpat.\nQuo usque tandem abutere, Catilina, patientia nostra? Donec sed odio operae, eu vulputate felis rhoncus. Quae vero auctorem tractata ab fiducia dicuntur. Pellentesque habitant morbi tristique senectus et netus.'),
(9, 'descricao', 'Hi omnes lingua, institutis, legibus inter se differunt. Idque Caesaris facere voluntate liceret: sese habere. Quis aute iure reprehenderit in voluptate vel');

-- --------------------------------------------------------

--
-- Table structure for table `p_todo`
--

CREATE TABLE `p_todo` (
  `id` int(11) NOT NULL,
  `titulo` varchar(50) NOT NULL,
  `descricao` text NOT NULL,
  `nivel` tinyint(1) NOT NULL DEFAULT '1',
  `data` timestamp NOT NULL DEFAULT CURRENT_TIMESTAMP ON UPDATE CURRENT_TIMESTAMP
) ENGINE=InnoDB DEFAULT CHARSET=utf8;

-- --------------------------------------------------------

--
-- Table structure for table `p_users_billing_info`
--

CREATE TABLE `p_users_billing_info` (
  `id` int(11) UNSIGNED NOT NULL,
  `user_id` int(11) UNSIGNED NOT NULL,
  `buyer_full_name` varchar(255) NOT NULL,
  `buyer_birthdate` varchar(8) NOT NULL,
  `buyer_cpf` varchar(11) NOT NULL,
  `buyer_area_code` varchar(3) NOT NULL,
  `buyer_phone` int(11) NOT NULL,
  `buyer_email` varchar(100) NOT NULL,
  `buyer_street` varchar(255) NOT NULL,
  `buyer_number` int(11) UNSIGNED NOT NULL,
  `buyer_complement` varchar(255) NOT NULL,
  `buyer_district` varchar(100) NOT NULL,
  `buyer_postal_code` varchar(11) NOT NULL,
  `buyer_city` varchar(100) NOT NULL,
  `buyer_state` varchar(50) NOT NULL,
  `buyer_country` varchar(50) NOT NULL
) ENGINE=InnoDB DEFAULT CHARSET=utf8;

--
-- Dumping data for table `p_users_billing_info`
--

INSERT INTO `p_users_billing_info` (`id`, `user_id`, `buyer_full_name`, `buyer_birthdate`, `buyer_cpf`, `buyer_area_code`, `buyer_phone`, `buyer_email`, `buyer_street`, `buyer_number`, `buyer_complement`, `buyer_district`, `buyer_postal_code`, `buyer_city`, `buyer_state`, `buyer_country`) VALUES
(8, 82, 'Mara Souza', '23101955', '05820184807', '13', 997865479, 'maraasouza_test@uol.com.br', 'Rua Bueno Vilela (Vl S Pedro)', 123, '83', 'Montanhão', '09784385', 'São Bernardo do Campo', 'SP', 'BRA'),
(9, 52, 'Ze mane', '12121990', '35253668845', '13', 32212222, 'zemane@gmail.com', 'Avenida Conselheiro Nébias', 123, '', 'Encruzilhada', '11045000', 'Santos', 'SP', 'BRA'),
(10, 39, 'Luciana', '17091973', '19290051809', '13', 32214613, 'lucianabritto@hotmail.com.br', 'Avenida Conselheiro Nébias', 490, 'apto 23 D', 'Encruzilhada', '11045000', 'Santos', 'SP', 'BRA'),
(12, 1, 'Caio Silva', '09111986', '35253668845', '13', 32214613, 'contato@caiosilva.net', 'Avenida Conselheiro Nébias', 490, 'Apto 23 D', 'Encruzilhada', '11045000', 'Santos', 'SP', 'BRA');

-- --------------------------------------------------------

--
-- Table structure for table `p_users_groups`
--

CREATE TABLE `p_users_groups` (
  `id` int(11) UNSIGNED NOT NULL,
  `user_id` int(11) UNSIGNED NOT NULL,
  `group_id` mediumint(8) UNSIGNED NOT NULL
) ENGINE=InnoDB DEFAULT CHARSET=utf8;

--
-- Dumping data for table `p_users_groups`
--

INSERT INTO `p_users_groups` (`id`, `user_id`, `group_id`) VALUES
(669, 1, 1),
(670, 1, 2),
(671, 1, 3),
(672, 1, 4),
(673, 1, 5),
(674, 1, 6),
(675, 1, 7),
(317, 39, 1),
(318, 39, 2),
(319, 39, 3),
(474, 52, 1),
(475, 52, 2),
(476, 52, 3),
(477, 52, 4),
(183, 53, 3),
(168, 54, 3),
(540, 82, 2),
(541, 82, 3),
(250, 83, 2),
(309, 84, 2),
(252, 85, 2),
(254, 87, 2),
(332, 88, 2),
(272, 103, 2),
(273, 104, 2),
(274, 105, 2),
(279, 110, 2),
(324, 111, 2),
(339, 115, 2),
(340, 115, 3),
(535, 116, 2),
(478, 117, 2),
(479, 118, 2),
(480, 118, 3),
(536, 119, 2),
(537, 119, 3),
(612, 120, 2);

-- --------------------------------------------------------

--
-- Table structure for table `p_users_logs`
--

CREATE TABLE `p_users_logs` (
  `id` int(11) UNSIGNED NOT NULL,
  `user_id` int(11) UNSIGNED NOT NULL,
  `message` text NOT NULL,
  `ip_address` varchar(15) NOT NULL,
  `user_agent` varchar(120) NOT NULL,
  `date` int(11) UNSIGNED NOT NULL
) ENGINE=InnoDB DEFAULT CHARSET=utf8;

--
-- Dumping data for table `p_users_logs`
--

INSERT INTO `p_users_logs` (`id`, `user_id`, `message`, `ip_address`, `user_agent`, `date`) VALUES
(1, 1, 'Usuário Logado', '127.0.0.1', 'Mozilla/5.0 (Macintosh; Intel Mac OS X 10_11_6) AppleWebKit/537.36 (KHTML, like Gecko) Chrome/52.0.2743.116 Safari/537.3', 1472626379),
(2, 1, 'Usuário Deslogado', '127.0.0.1', 'Mozilla/5.0 (Macintosh; Intel Mac OS X 10_11_6) AppleWebKit/537.36 (KHTML, like Gecko) Chrome/52.0.2743.116 Safari/537.3', 1472626391),
(3, 117, 'Usuário Cadastrado', '127.0.0.1', 'Mozilla/5.0 (Macintosh; Intel Mac OS X 10_11_6) AppleWebKit/537.36 (KHTML, like Gecko) Chrome/52.0.2743.116 Safari/537.3', 1472626419),
(4, 117, 'Usuário Deslogado', '127.0.0.1', 'Mozilla/5.0 (Macintosh; Intel Mac OS X 10_11_6) AppleWebKit/537.36 (KHTML, like Gecko) Chrome/52.0.2743.116 Safari/537.3', 1472627216),
(5, 1, 'Usuário Logado', '127.0.0.1', 'Mozilla/5.0 (Macintosh; Intel Mac OS X 10_11_6) AppleWebKit/537.36 (KHTML, like Gecko) Chrome/52.0.2743.116 Safari/537.3', 1472627221),
(6, 1, 'Pagamento', '127.0.0.1', 'Mozilla/5.0 (Macintosh; Intel Mac OS X 10_11_6) AppleWebKit/537.36 (KHTML, like Gecko) Chrome/52.0.2743.116 Safari/537.3', 1472627232),
(7, 1, 'Pagamento', '127.0.0.1', 'Mozilla/5.0 (Macintosh; Intel Mac OS X 10_11_6) AppleWebKit/537.36 (KHTML, like Gecko) Chrome/52.0.2743.116 Safari/537.3', 1472628491),
(8, 1, 'Pagemento de referencia: 106efe6b-1b55-4c4d-a592-b2ec15adfb4f teve o status alterado para: Em disputa', '127.0.0.1', 'Mozilla/5.0 (Macintosh; Intel Mac OS X 10_11_6) AppleWebKit/537.36 (KHTML, like Gecko) Chrome/52.0.2743.116 Safari/537.3', 1472628492),
(9, 1, 'Pagamento', '127.0.0.1', 'Mozilla/5.0 (Macintosh; Intel Mac OS X 10_11_6) AppleWebKit/537.36 (KHTML, like Gecko) Chrome/52.0.2743.116 Safari/537.3', 1472628568),
(10, 1, 'Pagemento de referencia: afd45b0b-491b-43d7-b375-53b239a11535 teve o status alterado para: Em disputa', '127.0.0.1', 'Mozilla/5.0 (Macintosh; Intel Mac OS X 10_11_6) AppleWebKit/537.36 (KHTML, like Gecko) Chrome/52.0.2743.116 Safari/537.3', 1472628568),
(11, 1, 'Pagamento', '127.0.0.1', 'Mozilla/5.0 (Macintosh; Intel Mac OS X 10_11_6) AppleWebKit/537.36 (KHTML, like Gecko) Chrome/52.0.2743.116 Safari/537.3', 1472628646),
(12, 1, 'Usuário saiu do console do operador', '127.0.0.1', 'Mozilla/5.0 (Macintosh; Intel Mac OS X 10_11_6) AppleWebKit/537.36 (KHTML, like Gecko) Chrome/52.0.2743.116 Safari/537.3', 1472639570),
(13, 1, 'Usuário entrou no console do operador', '127.0.0.1', 'Mozilla/5.0 (Macintosh; Intel Mac OS X 10_11_6) AppleWebKit/537.36 (KHTML, like Gecko) Chrome/52.0.2743.116 Safari/537.3', 1472639573),
(14, 1, 'Usuário se desconectou do console do operador', '127.0.0.1', 'Mozilla/5.0 (Macintosh; Intel Mac OS X 10_11_6) AppleWebKit/537.36 (KHTML, like Gecko) Chrome/52.0.2743.116 Safari/537.3', 1472639605),
(15, 1, 'Usuário se conectou no console do operador', '127.0.0.1', 'Mozilla/5.0 (Macintosh; Intel Mac OS X 10_11_6) AppleWebKit/537.36 (KHTML, like Gecko) Chrome/52.0.2743.116 Safari/537.3', 1472639606),
(16, 1, 'Usuário se desconectou do console do operador', '127.0.0.1', 'Mozilla/5.0 (Macintosh; Intel Mac OS X 10_11_6) AppleWebKit/537.36 (KHTML, like Gecko) Chrome/52.0.2743.116 Safari/537.3', 1472639836),
(17, 1, 'Usuário se conectou no console do operador', '127.0.0.1', 'Mozilla/5.0 (Macintosh; Intel Mac OS X 10_11_6) AppleWebKit/537.36 (KHTML, like Gecko) Chrome/52.0.2743.116 Safari/537.3', 1472639837),
(18, 1, 'Usuário se desconectou do console do operador', '127.0.0.1', 'Mozilla/5.0 (Macintosh; Intel Mac OS X 10_11_6) AppleWebKit/537.36 (KHTML, like Gecko) Chrome/52.0.2743.116 Safari/537.3', 1472639839),
(19, 1, 'Usuário se conectou no console do operador', '127.0.0.1', 'Mozilla/5.0 (Macintosh; Intel Mac OS X 10_11_6) AppleWebKit/537.36 (KHTML, like Gecko) Chrome/52.0.2743.116 Safari/537.3', 1472639839),
(20, 1, 'Usuário rejeitou uma chamada do usuário Josue', '127.0.0.1', 'Mozilla/5.0 (Macintosh; Intel Mac OS X 10_11_6) AppleWebKit/537.36 (KHTML, like Gecko) Chrome/52.0.2743.116 Safari/537.3', 1472639847),
(21, 1, 'Usuário se desconectou do console do operador', '127.0.0.1', 'Mozilla/5.0 (Macintosh; Intel Mac OS X 10_11_6) AppleWebKit/537.36 (KHTML, like Gecko) Chrome/52.0.2743.116 Safari/537.3', 1472639976),
(22, 1, 'Usuário se conectou no console do operador', '127.0.0.1', 'Mozilla/5.0 (Macintosh; Intel Mac OS X 10_11_6) AppleWebKit/537.36 (KHTML, like Gecko) Chrome/52.0.2743.116 Safari/537.3', 1472639978),
(23, 1, 'Usuário se desconectou do console do operador', '127.0.0.1', 'Mozilla/5.0 (Macintosh; Intel Mac OS X 10_11_6) AppleWebKit/537.36 (KHTML, like Gecko) Chrome/52.0.2743.116 Safari/537.3', 1472640088),
(24, 1, 'Usuário se conectou no console do operador', '127.0.0.1', 'Mozilla/5.0 (Macintosh; Intel Mac OS X 10_11_6) AppleWebKit/537.36 (KHTML, like Gecko) Chrome/52.0.2743.116 Safari/537.3', 1472640089),
(25, 1, 'O Usuário com o Operador: Negro rejeitou uma chamada do usuário #52 com o Nome: Josue O Mane e o Email: josue@gmail.com', '127.0.0.1', 'Mozilla/5.0 (Macintosh; Intel Mac OS X 10_11_6) AppleWebKit/537.36 (KHTML, like Gecko) Chrome/52.0.2743.116 Safari/537.3', 1472640094),
(26, 1, 'Usuário se desconectou do console do operador', '127.0.0.1', 'Mozilla/5.0 (Macintosh; Intel Mac OS X 10_11_6) AppleWebKit/537.36 (KHTML, like Gecko) Chrome/52.0.2743.116 Safari/537.3', 1472640309),
(27, 1, 'Usuário se conectou no console do operador', '127.0.0.1', 'Mozilla/5.0 (Macintosh; Intel Mac OS X 10_11_6) AppleWebKit/537.36 (KHTML, like Gecko) Chrome/52.0.2743.116 Safari/537.3', 1472640313),
(28, 1, 'Usuário se desconectou do console do operador', '127.0.0.1', 'Mozilla/5.0 (Macintosh; Intel Mac OS X 10_11_6) AppleWebKit/537.36 (KHTML, like Gecko) Chrome/52.0.2743.116 Safari/537.3', 1472640329),
(29, 1, 'Usuário se conectou no console do operador', '127.0.0.1', 'Mozilla/5.0 (Macintosh; Intel Mac OS X 10_11_6) AppleWebKit/537.36 (KHTML, like Gecko) Chrome/52.0.2743.116 Safari/537.3', 1472640334),
(30, 1, 'Usuário se desconectou do console do operador', '127.0.0.1', 'Mozilla/5.0 (Macintosh; Intel Mac OS X 10_11_6) AppleWebKit/537.36 (KHTML, like Gecko) Chrome/52.0.2743.116 Safari/537.3', 1472640444),
(31, 1, 'Usuário se conectou no console do operador', '127.0.0.1', 'Mozilla/5.0 (Macintosh; Intel Mac OS X 10_11_6) AppleWebKit/537.36 (KHTML, like Gecko) Chrome/52.0.2743.116 Safari/537.3', 1472640449),
(32, 1, 'Usuário se desconectou do console do operador', '127.0.0.1', 'Mozilla/5.0 (Macintosh; Intel Mac OS X 10_11_6) AppleWebKit/537.36 (KHTML, like Gecko) Chrome/52.0.2743.116 Safari/537.3', 1472640648),
(33, 1, 'Usuário se conectou no console do operador', '127.0.0.1', 'Mozilla/5.0 (Macintosh; Intel Mac OS X 10_11_6) AppleWebKit/537.36 (KHTML, like Gecko) Chrome/52.0.2743.116 Safari/537.3', 1472640651),
(34, 1, 'Usuário se desconectou do console do operador', '127.0.0.1', 'Mozilla/5.0 (Macintosh; Intel Mac OS X 10_11_6) AppleWebKit/537.36 (KHTML, like Gecko) Chrome/52.0.2743.116 Safari/537.3', 1472640663),
(35, 1, 'Usuário se conectou no console do operador', '127.0.0.1', 'Mozilla/5.0 (Macintosh; Intel Mac OS X 10_11_6) AppleWebKit/537.36 (KHTML, like Gecko) Chrome/52.0.2743.116 Safari/537.3', 1472640667),
(36, 1, 'Usuário se desconectou do console do operador. Tempo ativo: h:i:s', '127.0.0.1', 'Mozilla/5.0 (Macintosh; Intel Mac OS X 10_11_6) AppleWebKit/537.36 (KHTML, like Gecko) Chrome/52.0.2743.116 Safari/537.3', 1472640833),
(37, 1, 'Usuário se conectou no console do operador', '127.0.0.1', 'Mozilla/5.0 (Macintosh; Intel Mac OS X 10_11_6) AppleWebKit/537.36 (KHTML, like Gecko) Chrome/52.0.2743.116 Safari/537.3', 1472640836),
(38, 1, 'Usuário se desconectou do console do operador. Tempo ativo: 12:00:22', '127.0.0.1', 'Mozilla/5.0 (Macintosh; Intel Mac OS X 10_11_6) AppleWebKit/537.36 (KHTML, like Gecko) Chrome/52.0.2743.116 Safari/537.3', 1472640858),
(39, 1, 'Usuário se conectou no console do operador', '127.0.0.1', 'Mozilla/5.0 (Macintosh; Intel Mac OS X 10_11_6) AppleWebKit/537.36 (KHTML, like Gecko) Chrome/52.0.2743.116 Safari/537.3', 1472640862),
(40, 1, 'Usuário se desconectou do console do operador. Tempo ativo: 09:00:20', '127.0.0.1', 'Mozilla/5.0 (Macintosh; Intel Mac OS X 10_11_6) AppleWebKit/537.36 (KHTML, like Gecko) Chrome/52.0.2743.116 Safari/537.3', 1472640882),
(41, 1, 'Usuário se conectou no console do operador', '127.0.0.1', 'Mozilla/5.0 (Macintosh; Intel Mac OS X 10_11_6) AppleWebKit/537.36 (KHTML, like Gecko) Chrome/52.0.2743.116 Safari/537.3', 1472640883),
(42, 1, 'Usuário se desconectou do console do operador. Tempo ativo: 00:01:09', '127.0.0.1', 'Mozilla/5.0 (Macintosh; Intel Mac OS X 10_11_6) AppleWebKit/537.36 (KHTML, like Gecko) Chrome/52.0.2743.116 Safari/537.3', 1472640952),
(43, 1, 'Usuário se conectou no console do operador', '127.0.0.1', 'Mozilla/5.0 (Macintosh; Intel Mac OS X 10_11_6) AppleWebKit/537.36 (KHTML, like Gecko) Chrome/52.0.2743.116 Safari/537.3', 1472640957),
(44, 1, 'Usuário se desconectou do console do operador. Tempo ativo: 00:02:07', '127.0.0.1', 'Mozilla/5.0 (Macintosh; Intel Mac OS X 10_11_6) AppleWebKit/537.36 (KHTML, like Gecko) Chrome/52.0.2743.116 Safari/537.3', 1472641084),
(45, 1, 'Usuário se conectou no console do operador', '127.0.0.1', 'Mozilla/5.0 (Macintosh; Intel Mac OS X 10_11_6) AppleWebKit/537.36 (KHTML, like Gecko) Chrome/52.0.2743.116 Safari/537.3', 1472641089),
(46, 1, 'Usuário se desconectou do console do operador. Tempo ativo: 00:01:11', '127.0.0.1', 'Mozilla/5.0 (Macintosh; Intel Mac OS X 10_11_6) AppleWebKit/537.36 (KHTML, like Gecko) Chrome/52.0.2743.116 Safari/537.3', 1472641160),
(47, 1, 'Usuário se conectou no console do operador', '127.0.0.1', 'Mozilla/5.0 (Macintosh; Intel Mac OS X 10_11_6) AppleWebKit/537.36 (KHTML, like Gecko) Chrome/52.0.2743.116 Safari/537.3', 1472641165),
(48, 1, 'O Usuário com o Operador: #47 rejeitou uma chamada do usuário #52', '127.0.0.1', 'Mozilla/5.0 (Macintosh; Intel Mac OS X 10_11_6) AppleWebKit/537.36 (KHTML, like Gecko) Chrome/52.0.2743.116 Safari/537.3', 1472641185),
(49, 1, 'Usuário se desconectou do console do operador. Tempo ativo: 00:12:46', '127.0.0.1', 'Mozilla/5.0 (Macintosh; Intel Mac OS X 10_11_6) AppleWebKit/537.36 (KHTML, like Gecko) Chrome/52.0.2743.116 Safari/537.3', 1472641931),
(50, 1, 'Usuário se conectou no console do operador', '127.0.0.1', 'Mozilla/5.0 (Macintosh; Intel Mac OS X 10_11_6) AppleWebKit/537.36 (KHTML, like Gecko) Chrome/52.0.2743.116 Safari/537.3', 1472641932),
(51, 1, 'Usuário se desconectou do console do operador. Tempo ativo: 00:23:10', '127.0.0.1', 'Mozilla/5.0 (Macintosh; Intel Mac OS X 10_11_6) AppleWebKit/537.36 (KHTML, like Gecko) Chrome/52.0.2743.116 Safari/537.3', 1472643322),
(52, 1, 'Usuário se conectou no console do operador', '127.0.0.1', 'Mozilla/5.0 (Macintosh; Intel Mac OS X 10_11_6) AppleWebKit/537.36 (KHTML, like Gecko) Chrome/52.0.2743.116 Safari/537.3', 1472643324),
(53, 1, 'Usuário Deslogado', '127.0.0.1', 'Mozilla/5.0 (Macintosh; Intel Mac OS X 10_11_6) AppleWebKit/537.36 (KHTML, like Gecko) Chrome/52.0.2743.116 Safari/537.3', 1472654225),
(54, 1, 'Usuário se conectou no console do operador', '127.0.0.1', 'Mozilla/5.0 (Macintosh; Intel Mac OS X 10_11_6) AppleWebKit/537.36 (KHTML, like Gecko) Chrome/52.0.2743.116 Safari/537.3', 1472659035),
(55, 1, 'Usuário se desconectou do console do operador. Tempo ativo: 00:00:31', '127.0.0.1', 'Mozilla/5.0 (Macintosh; Intel Mac OS X 10_11_6) AppleWebKit/537.36 (KHTML, like Gecko) Chrome/52.0.2743.116 Safari/537.3', 1472659066),
(56, 1, 'Usuário se conectou no console do operador', '127.0.0.1', 'Mozilla/5.0 (Macintosh; Intel Mac OS X 10_11_6) AppleWebKit/537.36 (KHTML, like Gecko) Chrome/52.0.2743.116 Safari/537.3', 1472659068),
(57, 1, 'Usuário se desconectou do console do operador. Tempo ativo: 00:07:18', '127.0.0.1', 'Mozilla/5.0 (Macintosh; Intel Mac OS X 10_11_6) AppleWebKit/537.36 (KHTML, like Gecko) Chrome/52.0.2743.116 Safari/537.3', 1472659506),
(58, 1, 'Usuário se conectou no console do operador', '127.0.0.1', 'Mozilla/5.0 (Macintosh; Intel Mac OS X 10_11_6) AppleWebKit/537.36 (KHTML, like Gecko) Chrome/52.0.2743.116 Safari/537.3', 1472659507),
(59, 1, 'Usuário se desconectou do console do operador. Tempo ativo: 00:00:44', '127.0.0.1', 'Mozilla/5.0 (Macintosh; Intel Mac OS X 10_11_6) AppleWebKit/537.36 (KHTML, like Gecko) Chrome/52.0.2743.116 Safari/537.3', 1472659551),
(60, 1, 'Usuário se conectou no console do operador', '127.0.0.1', 'Mozilla/5.0 (Macintosh; Intel Mac OS X 10_11_6) AppleWebKit/537.36 (KHTML, like Gecko) Chrome/52.0.2743.116 Safari/537.3', 1472659552),
(61, 1, 'Usuário se desconectou do console do operador. Tempo ativo: 00:00:21', '127.0.0.1', 'Mozilla/5.0 (Macintosh; Intel Mac OS X 10_11_6) AppleWebKit/537.36 (KHTML, like Gecko) Chrome/52.0.2743.116 Safari/537.3', 1472659573),
(62, 1, 'Usuário se conectou no console do operador', '127.0.0.1', 'Mozilla/5.0 (Macintosh; Intel Mac OS X 10_11_6) AppleWebKit/537.36 (KHTML, like Gecko) Chrome/52.0.2743.116 Safari/537.3', 1472659574),
(63, 1, 'Usuário se desconectou do console do operador. Tempo ativo: 00:00:50', '127.0.0.1', 'Mozilla/5.0 (Macintosh; Intel Mac OS X 10_11_6) AppleWebKit/537.36 (KHTML, like Gecko) Chrome/52.0.2743.116 Safari/537.3', 1472659624),
(64, 1, 'Usuário se conectou no console do operador', '127.0.0.1', 'Mozilla/5.0 (Macintosh; Intel Mac OS X 10_11_6) AppleWebKit/537.36 (KHTML, like Gecko) Chrome/52.0.2743.116 Safari/537.3', 1472659625),
(65, 1, 'Usuário se desconectou do console do operador. Tempo ativo: 00:01:29', '127.0.0.1', 'Mozilla/5.0 (Macintosh; Intel Mac OS X 10_11_6) AppleWebKit/537.36 (KHTML, like Gecko) Chrome/52.0.2743.116 Safari/537.3', 1472659714),
(66, 1, 'Usuário se conectou no console do operador', '127.0.0.1', 'Mozilla/5.0 (Macintosh; Intel Mac OS X 10_11_6) AppleWebKit/537.36 (KHTML, like Gecko) Chrome/52.0.2743.116 Safari/537.3', 1472659716),
(67, 1, 'Usuário se desconectou do console do operador. Tempo ativo: 00:00:44', '127.0.0.1', 'Mozilla/5.0 (Macintosh; Intel Mac OS X 10_11_6) AppleWebKit/537.36 (KHTML, like Gecko) Chrome/52.0.2743.116 Safari/537.3', 1472659760),
(68, 1, 'Usuário se conectou no console do operador', '127.0.0.1', 'Mozilla/5.0 (Macintosh; Intel Mac OS X 10_11_6) AppleWebKit/537.36 (KHTML, like Gecko) Chrome/52.0.2743.116 Safari/537.3', 1472659763),
(69, 1, 'Usuário se desconectou do console do operador. Tempo ativo: 00:00:10', '127.0.0.1', 'Mozilla/5.0 (Macintosh; Intel Mac OS X 10_11_6) AppleWebKit/537.36 (KHTML, like Gecko) Chrome/52.0.2743.116 Safari/537.3', 1472659773),
(70, 1, 'Usuário se conectou no console do operador', '127.0.0.1', 'Mozilla/5.0 (Macintosh; Intel Mac OS X 10_11_6) AppleWebKit/537.36 (KHTML, like Gecko) Chrome/52.0.2743.116 Safari/537.3', 1472659775),
(71, 1, 'Usuário se desconectou do console do operador. Tempo ativo: 00:00:30', '127.0.0.1', 'Mozilla/5.0 (Macintosh; Intel Mac OS X 10_11_6) AppleWebKit/537.36 (KHTML, like Gecko) Chrome/52.0.2743.116 Safari/537.3', 1472659805),
(72, 1, 'Usuário se conectou no console do operador', '127.0.0.1', 'Mozilla/5.0 (Macintosh; Intel Mac OS X 10_11_6) AppleWebKit/537.36 (KHTML, like Gecko) Chrome/52.0.2743.116 Safari/537.3', 1472659806),
(73, 1, 'Usuário se desconectou do console do operador. Tempo ativo: 00:00:27', '127.0.0.1', 'Mozilla/5.0 (Macintosh; Intel Mac OS X 10_11_6) AppleWebKit/537.36 (KHTML, like Gecko) Chrome/52.0.2743.116 Safari/537.3', 1472659833),
(74, 1, 'Usuário se conectou no console do operador', '127.0.0.1', 'Mozilla/5.0 (Macintosh; Intel Mac OS X 10_11_6) AppleWebKit/537.36 (KHTML, like Gecko) Chrome/52.0.2743.116 Safari/537.3', 1472659834),
(75, 1, 'Usuário se desconectou do console do operador. Tempo ativo: 00:00:26', '127.0.0.1', 'Mozilla/5.0 (Macintosh; Intel Mac OS X 10_11_6) AppleWebKit/537.36 (KHTML, like Gecko) Chrome/52.0.2743.116 Safari/537.3', 1472659860),
(76, 1, 'Usuário se conectou no console do operador', '127.0.0.1', 'Mozilla/5.0 (Macintosh; Intel Mac OS X 10_11_6) AppleWebKit/537.36 (KHTML, like Gecko) Chrome/52.0.2743.116 Safari/537.3', 1472659861),
(77, 1, 'Usuário se desconectou do console do operador. Tempo ativo: 00:01:07', '127.0.0.1', 'Mozilla/5.0 (Macintosh; Intel Mac OS X 10_11_6) AppleWebKit/537.36 (KHTML, like Gecko) Chrome/52.0.2743.116 Safari/537.3', 1472659928),
(78, 1, 'Usuário se conectou no console do operador', '127.0.0.1', 'Mozilla/5.0 (Macintosh; Intel Mac OS X 10_11_6) AppleWebKit/537.36 (KHTML, like Gecko) Chrome/52.0.2743.116 Safari/537.3', 1472659929),
(79, 1, 'Usuário se desconectou do console do operador. Tempo ativo: 00:00:02', '127.0.0.1', 'Mozilla/5.0 (Macintosh; Intel Mac OS X 10_11_6) AppleWebKit/537.36 (KHTML, like Gecko) Chrome/52.0.2743.116 Safari/537.3', 1472659931),
(80, 1, 'Usuário se conectou no console do operador', '127.0.0.1', 'Mozilla/5.0 (Macintosh; Intel Mac OS X 10_11_6) AppleWebKit/537.36 (KHTML, like Gecko) Chrome/52.0.2743.116 Safari/537.3', 1472659932),
(81, 1, 'Usuário se desconectou do console do operador. Tempo ativo: 00:00:09', '127.0.0.1', 'Mozilla/5.0 (Macintosh; Intel Mac OS X 10_11_6) AppleWebKit/537.36 (KHTML, like Gecko) Chrome/52.0.2743.116 Safari/537.3', 1472659941),
(82, 1, 'Usuário se conectou no console do operador', '127.0.0.1', 'Mozilla/5.0 (Macintosh; Intel Mac OS X 10_11_6) AppleWebKit/537.36 (KHTML, like Gecko) Chrome/52.0.2743.116 Safari/537.3', 1472659942),
(83, 1, 'Usuário se desconectou do console do operador. Tempo ativo: 00:00:01', '127.0.0.1', 'Mozilla/5.0 (Macintosh; Intel Mac OS X 10_11_6) AppleWebKit/537.36 (KHTML, like Gecko) Chrome/52.0.2743.116 Safari/537.3', 1472659943),
(84, 1, 'Usuário se conectou no console do operador', '127.0.0.1', 'Mozilla/5.0 (Macintosh; Intel Mac OS X 10_11_6) AppleWebKit/537.36 (KHTML, like Gecko) Chrome/52.0.2743.116 Safari/537.3', 1472659944),
(85, 1, 'Usuário se desconectou do console do operador. Tempo ativo: 00:00:01', '127.0.0.1', 'Mozilla/5.0 (Macintosh; Intel Mac OS X 10_11_6) AppleWebKit/537.36 (KHTML, like Gecko) Chrome/52.0.2743.116 Safari/537.3', 1472659945),
(86, 1, 'Usuário se conectou no console do operador', '127.0.0.1', 'Mozilla/5.0 (Macintosh; Intel Mac OS X 10_11_6) AppleWebKit/537.36 (KHTML, like Gecko) Chrome/52.0.2743.116 Safari/537.3', 1472659946),
(87, 1, 'Usuário se conectou no console do operador', '127.0.0.1', 'Mozilla/5.0 (Macintosh; Intel Mac OS X 10_11_6) AppleWebKit/537.36 (KHTML, like Gecko) Chrome/52.0.2743.116 Safari/537.3', 1472659990),
(88, 1, 'Usuário se desconectou do console do operador. Tempo ativo: 00:00:26', '127.0.0.1', 'Mozilla/5.0 (Macintosh; Intel Mac OS X 10_11_6) AppleWebKit/537.36 (KHTML, like Gecko) Chrome/52.0.2743.116 Safari/537.3', 1472660016),
(89, 1, 'Usuário se conectou no console do operador', '127.0.0.1', 'Mozilla/5.0 (Macintosh; Intel Mac OS X 10_11_6) AppleWebKit/537.36 (KHTML, like Gecko) Chrome/52.0.2743.116 Safari/537.3', 1472660017),
(90, 1, 'Usuário se desconectou do console do operador. Tempo ativo: 00:01:07', '127.0.0.1', 'Mozilla/5.0 (Macintosh; Intel Mac OS X 10_11_6) AppleWebKit/537.36 (KHTML, like Gecko) Chrome/52.0.2743.116 Safari/537.3', 1472660084),
(91, 1, 'Usuário se conectou no console do operador', '127.0.0.1', 'Mozilla/5.0 (Macintosh; Intel Mac OS X 10_11_6) AppleWebKit/537.36 (KHTML, like Gecko) Chrome/52.0.2743.116 Safari/537.3', 1472660087),
(92, 1, 'Usuário se desconectou do console do operador. Tempo ativo: 00:00:15', '127.0.0.1', 'Mozilla/5.0 (Macintosh; Intel Mac OS X 10_11_6) AppleWebKit/537.36 (KHTML, like Gecko) Chrome/52.0.2743.116 Safari/537.3', 1472660102),
(93, 1, 'Usuário se conectou no console do operador', '127.0.0.1', 'Mozilla/5.0 (Macintosh; Intel Mac OS X 10_11_6) AppleWebKit/537.36 (KHTML, like Gecko) Chrome/52.0.2743.116 Safari/537.3', 1472660103),
(94, 1, 'Usuário se desconectou do console do operador. Tempo ativo: 00:06:08', '127.0.0.1', 'Mozilla/5.0 (Macintosh; Intel Mac OS X 10_11_6) AppleWebKit/537.36 (KHTML, like Gecko) Chrome/52.0.2743.116 Safari/537.3', 1472660471),
(95, 1, 'Usuário se conectou no console do operador', '127.0.0.1', 'Mozilla/5.0 (Macintosh; Intel Mac OS X 10_11_6) AppleWebKit/537.36 (KHTML, like Gecko) Chrome/52.0.2743.116 Safari/537.3', 1472660472),
(96, 1, 'Usuário se desconectou do console do operador. Tempo ativo: 00:00:09', '127.0.0.1', 'Mozilla/5.0 (Macintosh; Intel Mac OS X 10_11_6) AppleWebKit/537.36 (KHTML, like Gecko) Chrome/52.0.2743.116 Safari/537.3', 1472660481),
(97, 1, 'Usuário se conectou no console do operador', '127.0.0.1', 'Mozilla/5.0 (Macintosh; Intel Mac OS X 10_11_6) AppleWebKit/537.36 (KHTML, like Gecko) Chrome/52.0.2743.116 Safari/537.3', 1472660483),
(98, 1, 'Usuário se desconectou do console do operador. Tempo ativo: 00:00:11', '127.0.0.1', 'Mozilla/5.0 (Macintosh; Intel Mac OS X 10_11_6) AppleWebKit/537.36 (KHTML, like Gecko) Chrome/52.0.2743.116 Safari/537.3', 1472660494),
(99, 1, 'Usuário se conectou no console do operador', '127.0.0.1', 'Mozilla/5.0 (Macintosh; Intel Mac OS X 10_11_6) AppleWebKit/537.36 (KHTML, like Gecko) Chrome/52.0.2743.116 Safari/537.3', 1472660495),
(100, 1, 'Usuário se desconectou do console do operador. Tempo ativo: 00:00:41', '127.0.0.1', 'Mozilla/5.0 (Macintosh; Intel Mac OS X 10_11_6) AppleWebKit/537.36 (KHTML, like Gecko) Chrome/52.0.2743.116 Safari/537.3', 1472660536),
(101, 1, 'Usuário se conectou no console do operador', '127.0.0.1', 'Mozilla/5.0 (Macintosh; Intel Mac OS X 10_11_6) AppleWebKit/537.36 (KHTML, like Gecko) Chrome/52.0.2743.116 Safari/537.3', 1472660538),
(102, 1, 'Usuário se desconectou do console do operador. Tempo ativo: 00:02:18', '127.0.0.1', 'Mozilla/5.0 (Macintosh; Intel Mac OS X 10_11_6) AppleWebKit/537.36 (KHTML, like Gecko) Chrome/52.0.2743.116 Safari/537.3', 1472660676),
(103, 1, 'Usuário se conectou no console do operador', '127.0.0.1', 'Mozilla/5.0 (Macintosh; Intel Mac OS X 10_11_6) AppleWebKit/537.36 (KHTML, like Gecko) Chrome/52.0.2743.116 Safari/537.3', 1472660677),
(104, 1, 'Usuário se desconectou do console do operador. Tempo ativo: 03:28:51', '127.0.0.1', 'Mozilla/5.0 (Macintosh; Intel Mac OS X 10_11_6) AppleWebKit/537.36 (KHTML, like Gecko) Chrome/52.0.2743.116 Safari/537.3', 1472673208),
(105, 1, 'Usuário se conectou no console do operador', '127.0.0.1', 'Mozilla/5.0 (Macintosh; Intel Mac OS X 10_11_6) AppleWebKit/537.36 (KHTML, like Gecko) Chrome/52.0.2743.116 Safari/537.3', 1472677934),
(106, 1, 'Usuário se desconectou do console do operador. Tempo ativo: 00:00:16', '127.0.0.1', 'Mozilla/5.0 (Macintosh; Intel Mac OS X 10_11_6) AppleWebKit/537.36 (KHTML, like Gecko) Chrome/52.0.2743.116 Safari/537.3', 1472677950),
(107, 1, 'Usuário se conectou no console do operador', '127.0.0.1', 'Mozilla/5.0 (Macintosh; Intel Mac OS X 10_11_6) AppleWebKit/537.36 (KHTML, like Gecko) Chrome/52.0.2743.116 Safari/537.3', 1472677951),
(108, 1, 'Usuário se desconectou do console do operador. Tempo ativo: 00:01:09', '127.0.0.1', 'Mozilla/5.0 (Macintosh; Intel Mac OS X 10_11_6) AppleWebKit/537.36 (KHTML, like Gecko) Chrome/52.0.2743.116 Safari/537.3', 1472678020),
(109, 1, 'Usuário se conectou no console do operador', '127.0.0.1', 'Mozilla/5.0 (Macintosh; Intel Mac OS X 10_11_6) AppleWebKit/537.36 (KHTML, like Gecko) Chrome/52.0.2743.116 Safari/537.3', 1472678022),
(110, 1, 'Usuário se conectou no console do operador', '127.0.0.1', 'Mozilla/5.0 (Macintosh; Intel Mac OS X 10_11_6) AppleWebKit/537.36 (KHTML, like Gecko) Chrome/52.0.2743.116 Safari/537.3', 1472678029),
(111, 1, 'Usuário se desconectou do console do operador. Tempo ativo: 00:00:08', '127.0.0.1', 'Mozilla/5.0 (Macintosh; Intel Mac OS X 10_11_6) AppleWebKit/537.36 (KHTML, like Gecko) Chrome/52.0.2743.116 Safari/537.3', 1472678030),
(112, 1, 'Usuário se conectou no console do operador', '127.0.0.1', 'Mozilla/5.0 (Macintosh; Intel Mac OS X 10_11_6) AppleWebKit/537.36 (KHTML, like Gecko) Chrome/52.0.2743.116 Safari/537.3', 1472680970),
(113, 1, 'Usuário se desconectou do console do operador. Tempo ativo: 01:15:05', '127.0.0.1', 'Mozilla/5.0 (Macintosh; Intel Mac OS X 10_11_6) AppleWebKit/537.36 (KHTML, like Gecko) Chrome/52.0.2743.116 Safari/537.3', 1472682534),
(114, 1, 'Usuário se conectou no console do operador', '127.0.0.1', 'Mozilla/5.0 (Macintosh; Intel Mac OS X 10_11_6) AppleWebKit/537.36 (KHTML, like Gecko) Chrome/52.0.2743.116 Safari/537.3', 1472682535),
(115, 1, 'Usuário se desconectou do console do operador. Tempo ativo: 00:03:21', '127.0.0.1', 'Mozilla/5.0 (Macintosh; Intel Mac OS X 10_11_6) AppleWebKit/537.36 (KHTML, like Gecko) Chrome/52.0.2743.116 Safari/537.3', 1472682736),
(116, 1, 'Usuário se conectou no console do operador', '127.0.0.1', 'Mozilla/5.0 (Macintosh; Intel Mac OS X 10_11_6) AppleWebKit/537.36 (KHTML, like Gecko) Chrome/52.0.2743.116 Safari/537.3', 1472682737),
(117, 1, 'Usuário se desconectou do console do operador. Tempo ativo: 00:01:58', '127.0.0.1', 'Mozilla/5.0 (Macintosh; Intel Mac OS X 10_11_6) AppleWebKit/537.36 (KHTML, like Gecko) Chrome/52.0.2743.116 Safari/537.3', 1472682855),
(118, 1, 'Usuário se conectou no console do operador', '127.0.0.1', 'Mozilla/5.0 (Macintosh; Intel Mac OS X 10_11_6) AppleWebKit/537.36 (KHTML, like Gecko) Chrome/52.0.2743.116 Safari/537.3', 1472682857),
(119, 1, 'Usuário se desconectou do console do operador. Tempo ativo: 00:00:50', '127.0.0.1', 'Mozilla/5.0 (Macintosh; Intel Mac OS X 10_11_6) AppleWebKit/537.36 (KHTML, like Gecko) Chrome/52.0.2743.116 Safari/537.3', 1472682907),
(120, 1, 'Usuário se conectou no console do operador', '127.0.0.1', 'Mozilla/5.0 (Macintosh; Intel Mac OS X 10_11_6) AppleWebKit/537.36 (KHTML, like Gecko) Chrome/52.0.2743.116 Safari/537.3', 1472682909),
(121, 1, 'Usuário se desconectou do console do operador. Tempo ativo: 00:00:31', '127.0.0.1', 'Mozilla/5.0 (Macintosh; Intel Mac OS X 10_11_6) AppleWebKit/537.36 (KHTML, like Gecko) Chrome/52.0.2743.116 Safari/537.3', 1472682940),
(122, 1, 'Usuário se conectou no console do operador', '127.0.0.1', 'Mozilla/5.0 (Macintosh; Intel Mac OS X 10_11_6) AppleWebKit/537.36 (KHTML, like Gecko) Chrome/52.0.2743.116 Safari/537.3', 1472682941),
(123, 1, 'Usuário se desconectou do console do operador. Tempo ativo: 00:51:06', '127.0.0.1', 'Mozilla/5.0 (Macintosh; Intel Mac OS X 10_11_6) AppleWebKit/537.36 (KHTML, like Gecko) Chrome/52.0.2743.116 Safari/537.3', 1472684036),
(124, 1, 'Usuário se conectou no console do operador', '127.0.0.1', 'Mozilla/5.0 (Macintosh; Intel Mac OS X 10_11_6) AppleWebKit/537.36 (KHTML, like Gecko) Chrome/52.0.2743.116 Safari/537.3', 1472684038),
(125, 1, 'Usuário se desconectou do console do operador. Tempo ativo: 00:00:02', '127.0.0.1', 'Mozilla/5.0 (Macintosh; Intel Mac OS X 10_11_6) AppleWebKit/537.36 (KHTML, like Gecko) Chrome/52.0.2743.116 Safari/537.3', 1472684040),
(126, 1, 'Usuário se conectou no console do operador', '127.0.0.1', 'Mozilla/5.0 (Macintosh; Intel Mac OS X 10_11_6) AppleWebKit/537.36 (KHTML, like Gecko) Chrome/52.0.2743.116 Safari/537.3', 1472684041),
(127, 1, 'Usuário se desconectou do console do operador. Tempo ativo: 00:00:01', '127.0.0.1', 'Mozilla/5.0 (Macintosh; Intel Mac OS X 10_11_6) AppleWebKit/537.36 (KHTML, like Gecko) Chrome/52.0.2743.116 Safari/537.3', 1472684042),
(128, 1, 'Usuário se conectou no console do operador', '127.0.0.1', 'Mozilla/5.0 (Macintosh; Intel Mac OS X 10_11_6) AppleWebKit/537.36 (KHTML, like Gecko) Chrome/52.0.2743.116 Safari/537.3', 1472684043),
(129, 1, 'Usuário se desconectou do console do operador. Tempo ativo: 00:00:02', '127.0.0.1', 'Mozilla/5.0 (Macintosh; Intel Mac OS X 10_11_6) AppleWebKit/537.36 (KHTML, like Gecko) Chrome/52.0.2743.116 Safari/537.3', 1472684045),
(130, 1, 'Usuário se conectou no console do operador', '127.0.0.1', 'Mozilla/5.0 (Macintosh; Intel Mac OS X 10_11_6) AppleWebKit/537.36 (KHTML, like Gecko) Chrome/52.0.2743.116 Safari/537.3', 1472684046),
(131, 1, 'Usuário se desconectou do console do operador. Tempo ativo: 08:21:42', '127.0.0.1', 'Mozilla/5.0 (Macintosh; Intel Mac OS X 10_11_6) AppleWebKit/537.36 (KHTML, like Gecko) Chrome/52.0.2743.116 Safari/537.3', 1472714148),
(132, 1, 'Usuário se conectou no console do operador', '127.0.0.1', 'Mozilla/5.0 (Macintosh; Intel Mac OS X 10_11_6) AppleWebKit/537.36 (KHTML, like Gecko) Chrome/52.0.2743.116 Safari/537.3', 1472814243),
(133, 1, 'Usuário se desconectou do console do operador. Tempo ativo: 00:00:06', '127.0.0.1', 'Mozilla/5.0 (Macintosh; Intel Mac OS X 10_11_6) AppleWebKit/537.36 (KHTML, like Gecko) Chrome/52.0.2743.116 Safari/537.3', 1472814249),
(134, 1, 'Usuário se conectou no console do operador', '127.0.0.1', 'Mozilla/5.0 (Macintosh; Intel Mac OS X 10_11_6) AppleWebKit/537.36 (KHTML, like Gecko) Chrome/52.0.2743.116 Safari/537.3', 1472945589),
(135, 1, 'O Usuário com o Operador: #37 rejeitou uma chamada do Usuário: #52', '127.0.0.1', 'Mozilla/5.0 (Macintosh; Intel Mac OS X 10_11_6) AppleWebKit/537.36 (KHTML, like Gecko) Chrome/52.0.2743.116 Safari/537.3', 1472945868),
(136, 1, 'Usuário se desconectou do console do operador. Tempo ativo: 00:33:27', '127.0.0.1', 'Mozilla/5.0 (Macintosh; Intel Mac OS X 10_11_6) AppleWebKit/537.36 (KHTML, like Gecko) Chrome/52.0.2743.116 Safari/537.3', 1472947596),
(137, 1, 'Usuário se conectou no console do operador', '127.0.0.1', 'Mozilla/5.0 (Macintosh; Intel Mac OS X 10_11_6) AppleWebKit/537.36 (KHTML, like Gecko) Chrome/52.0.2743.116 Safari/537.3', 1472947600),
(138, 1, 'Usuário se desconectou do console do operador. Tempo ativo: 10:09:53', '127.0.0.1', 'Mozilla/5.0 (Macintosh; Intel Mac OS X 10_11_6) AppleWebKit/537.36 (KHTML, like Gecko) Chrome/52.0.2743.116 Safari/537.3', 1472984193),
(139, 1, 'Usuário se conectou no console do operador', '127.0.0.1', 'Mozilla/5.0 (Macintosh; Intel Mac OS X 10_11_6) AppleWebKit/537.36 (KHTML, like Gecko) Chrome/52.0.2743.116 Safari/537.3', 1472984194),
(140, 1, 'Usuário Deslogado', '127.0.0.1', 'Mozilla/5.0 (Macintosh; Intel Mac OS X 10_11_6) AppleWebKit/537.36 (KHTML, like Gecko) Chrome/52.0.2743.116 Safari/537.3', 1472994197),
(141, 118, 'Usuário Cadastrado', '127.0.0.1', 'Mozilla/5.0 (Macintosh; Intel Mac OS X 10_11_6) AppleWebKit/537.36 (KHTML, like Gecko) Chrome/52.0.2743.116 Safari/537.3', 1472994235),
(142, 118, 'Usuário Logado', '127.0.0.1', 'Mozilla/5.0 (Macintosh; Intel Mac OS X 10_11_6) AppleWebKit/537.36 (KHTML, like Gecko) Chrome/52.0.2743.116 Safari/537.3', 1472994235),
(143, 118, 'Usuário se conectou no console do operador', '127.0.0.1', 'Mozilla/5.0 (Macintosh; Intel Mac OS X 10_11_6) AppleWebKit/537.36 (KHTML, like Gecko) Chrome/52.0.2743.116 Safari/537.3', 1472994242),
(144, 118, 'Usuário se conectou no console do operador', '127.0.0.1', 'Mozilla/5.0 (Macintosh; Intel Mac OS X 10_11_6) AppleWebKit/537.36 (KHTML, like Gecko) Chrome/52.0.2743.116 Safari/537.3', 1472994668),
(145, 118, 'Usuário se desconectou do console do operador. Tempo ativo: 00:00:17', '127.0.0.1', 'Mozilla/5.0 (Macintosh; Intel Mac OS X 10_11_6) AppleWebKit/537.36 (KHTML, like Gecko) Chrome/52.0.2743.116 Safari/537.3', 1472994685),
(146, 118, 'Usuário se conectou no console do operador', '127.0.0.1', 'Mozilla/5.0 (Macintosh; Intel Mac OS X 10_11_6) AppleWebKit/537.36 (KHTML, like Gecko) Chrome/52.0.2743.116 Safari/537.3', 1472994687),
(147, 118, 'Usuário se desconectou do console do operador. Tempo ativo: 00:12:20', '127.0.0.1', 'Mozilla/5.0 (Macintosh; Intel Mac OS X 10_11_6) AppleWebKit/537.36 (KHTML, like Gecko) Chrome/52.0.2743.116 Safari/537.3', 1472995427),
(148, 118, 'Usuário se conectou no console do operador', '127.0.0.1', 'Mozilla/5.0 (Macintosh; Intel Mac OS X 10_11_6) AppleWebKit/537.36 (KHTML, like Gecko) Chrome/52.0.2743.116 Safari/537.3', 1472995430),
(149, 118, 'Usuário se desconectou do console do operador. Tempo ativo: 00:00:29', '127.0.0.1', 'Mozilla/5.0 (Macintosh; Intel Mac OS X 10_11_6) AppleWebKit/537.36 (KHTML, like Gecko) Chrome/52.0.2743.116 Safari/537.3', 1472995459),
(150, 118, 'Usuário se conectou no console do operador', '127.0.0.1', 'Mozilla/5.0 (Macintosh; Intel Mac OS X 10_11_6) AppleWebKit/537.36 (KHTML, like Gecko) Chrome/52.0.2743.116 Safari/537.3', 1472995463),
(151, 118, 'Usuário se desconectou do console do operador. Tempo ativo: 00:00:18', '127.0.0.1', 'Mozilla/5.0 (Macintosh; Intel Mac OS X 10_11_6) AppleWebKit/537.36 (KHTML, like Gecko) Chrome/52.0.2743.116 Safari/537.3', 1472995481),
(152, 118, 'Usuário se conectou no console do operador', '127.0.0.1', 'Mozilla/5.0 (Macintosh; Intel Mac OS X 10_11_6) AppleWebKit/537.36 (KHTML, like Gecko) Chrome/52.0.2743.116 Safari/537.3', 1472995484),
(153, 118, 'Usuário se desconectou do console do operador. Tempo ativo: 00:01:33', '127.0.0.1', 'Mozilla/5.0 (Macintosh; Intel Mac OS X 10_11_6) AppleWebKit/537.36 (KHTML, like Gecko) Chrome/52.0.2743.116 Safari/537.3', 1472995577),
(154, 118, 'Usuário se conectou no console do operador', '127.0.0.1', 'Mozilla/5.0 (Macintosh; Intel Mac OS X 10_11_6) AppleWebKit/537.36 (KHTML, like Gecko) Chrome/52.0.2743.116 Safari/537.3', 1472995581),
(155, 118, 'Usuário se desconectou do console do operador. Tempo ativo: 00:02:55', '127.0.0.1', 'Mozilla/5.0 (Macintosh; Intel Mac OS X 10_11_6) AppleWebKit/537.36 (KHTML, like Gecko) Chrome/52.0.2743.116 Safari/537.3', 1472995756),
(156, 118, 'Usuário se desconectou do console do operador. Tempo ativo: 05:05:58', '127.0.0.1', 'Mozilla/5.0 (Macintosh; Intel Mac OS X 10_11_6) AppleWebKit/537.36 (KHTML, like Gecko) Chrome/52.0.2743.116 Safari/537.3', 1473012600),
(157, 1, 'Usuário Logado', '127.0.0.1', 'Mozilla/5.0 (Macintosh; Intel Mac OS X 10_11_6) AppleWebKit/537.36 (KHTML, like Gecko) Chrome/52.0.2743.116 Safari/537.3', 1473114546),
(158, 1, 'Usuário se conectou no console do operador', '127.0.0.1', 'Mozilla/5.0 (Macintosh; Intel Mac OS X 10_11_6) AppleWebKit/537.36 (KHTML, like Gecko) Chrome/52.0.2743.116 Safari/537.3', 1473116903),
(159, 1, 'Usuário se desconectou do console do operador. Tempo ativo: 01:37:07', '127.0.0.1', 'Mozilla/5.0 (Macintosh; Intel Mac OS X 10_11_6) AppleWebKit/537.36 (KHTML, like Gecko) Chrome/52.0.2743.116 Safari/537.3', 1473122730),
(160, 1, 'Usuário se conectou no console do operador', '127.0.0.1', 'Mozilla/5.0 (Macintosh; Intel Mac OS X 10_11_6) AppleWebKit/537.36 (KHTML, like Gecko) Chrome/52.0.2743.116 Safari/537.3', 1473151187),
(161, 1, 'Usuário se desconectou do console do operador. Tempo ativo: 00:00:06', '127.0.0.1', 'Mozilla/5.0 (Macintosh; Intel Mac OS X 10_11_6) AppleWebKit/537.36 (KHTML, like Gecko) Chrome/52.0.2743.116 Safari/537.3', 1473151193),
(162, 1, 'Usuário se conectou no console do operador', '127.0.0.1', 'Mozilla/5.0 (Macintosh; Intel Mac OS X 10_11_6) AppleWebKit/537.36 (KHTML, like Gecko) Chrome/52.0.2743.116 Safari/537.3', 1473151462),
(163, 1, 'Usuário se desconectou do console do operador. Tempo ativo: 00:00:46', '127.0.0.1', 'Mozilla/5.0 (Macintosh; Intel Mac OS X 10_11_6) AppleWebKit/537.36 (KHTML, like Gecko) Chrome/52.0.2743.116 Safari/537.3', 1473151508),
(164, 1, 'Pagamento', '127.0.0.1', 'Mozilla/5.0 (Macintosh; Intel Mac OS X 10_11_6) AppleWebKit/537.36 (KHTML, like Gecko) Chrome/52.0.2743.116 Safari/537.3', 1473290469),
(165, 52, 'Usuário se conectou no console do operador', '127.0.0.1', 'Mozilla/5.0 (Macintosh; Intel Mac OS X 10_11_6) AppleWebKit/537.36 (KHTML, like Gecko) Chrome/52.0.2743.116 Safari/537.3', 1473550944),
(166, 52, 'Usuário se desconectou do console do operador. Tempo ativo: 00:00:05', '127.0.0.1', 'Mozilla/5.0 (Macintosh; Intel Mac OS X 10_11_6) AppleWebKit/537.36 (KHTML, like Gecko) Chrome/52.0.2743.116 Safari/537.3', 1473550949),
(167, 52, 'Usuário se conectou no console do operador', '127.0.0.1', 'Mozilla/5.0 (Macintosh; Intel Mac OS X 10_11_6) AppleWebKit/537.36 (KHTML, like Gecko) Chrome/52.0.2743.116 Safari/537.3', 1473550952),
(168, 52, 'Usuário se desconectou do console do operador. Tempo ativo: 00:00:10', '127.0.0.1', 'Mozilla/5.0 (Macintosh; Intel Mac OS X 10_11_6) AppleWebKit/537.36 (KHTML, like Gecko) Chrome/52.0.2743.116 Safari/537.3', 1473550962),
(169, 119, 'Usuário Cadastrado', '127.0.0.1', 'Mozilla/5.0 (Macintosh; Intel Mac OS X 10_11_6) AppleWebKit/537.36 (KHTML, like Gecko) Chrome/52.0.2743.116 Safari/537.3', 1473551011),
(170, 119, 'Usuário Logado', '127.0.0.1', 'Mozilla/5.0 (Macintosh; Intel Mac OS X 10_11_6) AppleWebKit/537.36 (KHTML, like Gecko) Chrome/52.0.2743.116 Safari/537.3', 1473551011),
(171, 119, 'Usuário se conectou no console do operador', '127.0.0.1', 'Mozilla/5.0 (Macintosh; Intel Mac OS X 10_11_6) AppleWebKit/537.36 (KHTML, like Gecko) Chrome/52.0.2743.116 Safari/537.3', 1473551016),
(172, 119, 'Usuário se desconectou do console do operador. Tempo ativo: 00:01:44', '127.0.0.1', 'Mozilla/5.0 (Macintosh; Intel Mac OS X 10_11_6) AppleWebKit/537.36 (KHTML, like Gecko) Chrome/52.0.2743.116 Safari/537.3', 1473551120),
(173, 119, 'Usuário se conectou no console do operador', '127.0.0.1', 'Mozilla/5.0 (Macintosh; Intel Mac OS X 10_11_6) AppleWebKit/537.36 (KHTML, like Gecko) Chrome/52.0.2743.116 Safari/537.3', 1473551121),
(174, 119, 'Usuário se desconectou do console do operador. Tempo ativo: 00:07:19', '127.0.0.1', 'Mozilla/5.0 (Macintosh; Intel Mac OS X 10_11_6) AppleWebKit/537.36 (KHTML, like Gecko) Chrome/52.0.2743.116 Safari/537.3', 1473551560),
(175, 119, 'Usuário se conectou no console do operador', '127.0.0.1', 'Mozilla/5.0 (Macintosh; Intel Mac OS X 10_11_6) AppleWebKit/537.36 (KHTML, like Gecko) Chrome/52.0.2743.116 Safari/537.3', 1473551564),
(176, 119, 'Usuário se desconectou do console do operador. Tempo ativo: 00:04:53', '127.0.0.1', 'Mozilla/5.0 (Macintosh; Intel Mac OS X 10_11_6) AppleWebKit/537.36 (KHTML, like Gecko) Chrome/52.0.2743.116 Safari/537.3', 1473551857),
(177, 119, 'Usuário se conectou no console do operador', '127.0.0.1', 'Mozilla/5.0 (Macintosh; Intel Mac OS X 10_11_6) AppleWebKit/537.36 (KHTML, like Gecko) Chrome/52.0.2743.116 Safari/537.3', 1473551872),
(178, 119, 'Usuário se desconectou do console do operador. Tempo ativo: 00:03:35', '127.0.0.1', 'Mozilla/5.0 (Macintosh; Intel Mac OS X 10_11_6) AppleWebKit/537.36 (KHTML, like Gecko) Chrome/52.0.2743.116 Safari/537.3', 1473552087),
(179, 119, 'Usuário se conectou no console do operador', '127.0.0.1', 'Mozilla/5.0 (Macintosh; Intel Mac OS X 10_11_6) AppleWebKit/537.36 (KHTML, like Gecko) Chrome/52.0.2743.116 Safari/537.3', 1473552088),
(180, 119, 'Usuário se desconectou do console do operador. Tempo ativo: 00:01:47', '127.0.0.1', 'Mozilla/5.0 (Macintosh; Intel Mac OS X 10_11_6) AppleWebKit/537.36 (KHTML, like Gecko) Chrome/52.0.2743.116 Safari/537.3', 1473552195),
(181, 119, 'Usuário se conectou no console do operador', '127.0.0.1', 'Mozilla/5.0 (Macintosh; Intel Mac OS X 10_11_6) AppleWebKit/537.36 (KHTML, like Gecko) Chrome/52.0.2743.116 Safari/537.3', 1473552212),
(182, 119, 'Usuário se desconectou do console do operador. Tempo ativo: 00:01:00', '127.0.0.1', 'Mozilla/5.0 (Macintosh; Intel Mac OS X 10_11_6) AppleWebKit/537.36 (KHTML, like Gecko) Chrome/52.0.2743.116 Safari/537.3', 1473552272),
(183, 119, 'Usuário se conectou no console do operador', '127.0.0.1', 'Mozilla/5.0 (Macintosh; Intel Mac OS X 10_11_6) AppleWebKit/537.36 (KHTML, like Gecko) Chrome/52.0.2743.116 Safari/537.3', 1473552275),
(184, 119, 'Usuário se desconectou do console do operador. Tempo ativo: 00:08:02', '127.0.0.1', 'Mozilla/5.0 (Macintosh; Intel Mac OS X 10_11_6) AppleWebKit/537.36 (KHTML, like Gecko) Chrome/52.0.2743.116 Safari/537.3', 1473552757),
(185, 119, 'Usuário se conectou no console do operador', '127.0.0.1', 'Mozilla/5.0 (Macintosh; Intel Mac OS X 10_11_6) AppleWebKit/537.36 (KHTML, like Gecko) Chrome/52.0.2743.116 Safari/537.3', 1473552761),
(186, 119, 'Usuário se desconectou do console do operador. Tempo ativo: 00:00:37', '127.0.0.1', 'Mozilla/5.0 (Macintosh; Intel Mac OS X 10_11_6) AppleWebKit/537.36 (KHTML, like Gecko) Chrome/52.0.2743.116 Safari/537.3', 1473552798),
(187, 119, 'Usuário se conectou no console do operador', '127.0.0.1', 'Mozilla/5.0 (Macintosh; Intel Mac OS X 10_11_6) AppleWebKit/537.36 (KHTML, like Gecko) Chrome/52.0.2743.116 Safari/537.3', 1473552801),
(188, 119, 'Usuário se desconectou do console do operador. Tempo ativo: 00:00:17', '127.0.0.1', 'Mozilla/5.0 (Macintosh; Intel Mac OS X 10_11_6) AppleWebKit/537.36 (KHTML, like Gecko) Chrome/52.0.2743.116 Safari/537.3', 1473552818),
(189, 119, 'Usuário se conectou no console do operador', '127.0.0.1', 'Mozilla/5.0 (Macintosh; Intel Mac OS X 10_11_6) AppleWebKit/537.36 (KHTML, like Gecko) Chrome/52.0.2743.116 Safari/537.3', 1473552820),
(190, 119, 'Usuário se desconectou do console do operador. Tempo ativo: 00:00:17', '127.0.0.1', 'Mozilla/5.0 (Macintosh; Intel Mac OS X 10_11_6) AppleWebKit/537.36 (KHTML, like Gecko) Chrome/52.0.2743.116 Safari/537.3', 1473552837),
(191, 119, 'Usuário se conectou no console do operador', '127.0.0.1', 'Mozilla/5.0 (Macintosh; Intel Mac OS X 10_11_6) AppleWebKit/537.36 (KHTML, like Gecko) Chrome/52.0.2743.116 Safari/537.3', 1473552840),
(192, 119, 'Usuário se desconectou do console do operador. Tempo ativo: 00:00:33', '127.0.0.1', 'Mozilla/5.0 (Macintosh; Intel Mac OS X 10_11_6) AppleWebKit/537.36 (KHTML, like Gecko) Chrome/52.0.2743.116 Safari/537.3', 1473552873),
(193, 119, 'Usuário se conectou no console do operador', '127.0.0.1', 'Mozilla/5.0 (Macintosh; Intel Mac OS X 10_11_6) AppleWebKit/537.36 (KHTML, like Gecko) Chrome/52.0.2743.116 Safari/537.3', 1473552877),
(194, 119, 'Usuário se desconectou do console do operador. Tempo ativo: 00:00:06', '127.0.0.1', 'Mozilla/5.0 (Macintosh; Intel Mac OS X 10_11_6) AppleWebKit/537.36 (KHTML, like Gecko) Chrome/52.0.2743.116 Safari/537.3', 1473552883),
(195, 119, 'Usuário se conectou no console do operador', '127.0.0.1', 'Mozilla/5.0 (Macintosh; Intel Mac OS X 10_11_6) AppleWebKit/537.36 (KHTML, like Gecko) Chrome/52.0.2743.116 Safari/537.3', 1473552885),
(196, 119, 'Usuário se desconectou do console do operador. Tempo ativo: 00:00:49', '127.0.0.1', 'Mozilla/5.0 (Macintosh; Intel Mac OS X 10_11_6) AppleWebKit/537.36 (KHTML, like Gecko) Chrome/52.0.2743.116 Safari/537.3', 1473552934),
(197, 119, 'Usuário se conectou no console do operador', '127.0.0.1', 'Mozilla/5.0 (Macintosh; Intel Mac OS X 10_11_6) AppleWebKit/537.36 (KHTML, like Gecko) Chrome/52.0.2743.116 Safari/537.3', 1473552936),
(198, 119, 'Usuário se desconectou do console do operador. Tempo ativo: 00:00:15', '127.0.0.1', 'Mozilla/5.0 (Macintosh; Intel Mac OS X 10_11_6) AppleWebKit/537.36 (KHTML, like Gecko) Chrome/52.0.2743.116 Safari/537.3', 1473552951),
(199, 119, 'Usuário se conectou no console do operador', '127.0.0.1', 'Mozilla/5.0 (Macintosh; Intel Mac OS X 10_11_6) AppleWebKit/537.36 (KHTML, like Gecko) Chrome/52.0.2743.116 Safari/537.3', 1473552952),
(200, 119, 'Usuário se desconectou do console do operador. Tempo ativo: 00:00:19', '127.0.0.1', 'Mozilla/5.0 (Macintosh; Intel Mac OS X 10_11_6) AppleWebKit/537.36 (KHTML, like Gecko) Chrome/52.0.2743.116 Safari/537.3', 1473552971),
(201, 119, 'Usuário se conectou no console do operador', '127.0.0.1', 'Mozilla/5.0 (Macintosh; Intel Mac OS X 10_11_6) AppleWebKit/537.36 (KHTML, like Gecko) Chrome/52.0.2743.116 Safari/537.3', 1473552973),
(202, 119, 'Usuário se desconectou do console do operador. Tempo ativo: 00:00:43', '127.0.0.1', 'Mozilla/5.0 (Macintosh; Intel Mac OS X 10_11_6) AppleWebKit/537.36 (KHTML, like Gecko) Chrome/52.0.2743.116 Safari/537.3', 1473553016),
(203, 119, 'Usuário se conectou no console do operador', '127.0.0.1', 'Mozilla/5.0 (Macintosh; Intel Mac OS X 10_11_6) AppleWebKit/537.36 (KHTML, like Gecko) Chrome/52.0.2743.116 Safari/537.3', 1473553018),
(204, 119, 'Usuário se desconectou do console do operador. Tempo ativo: 00:00:07', '127.0.0.1', 'Mozilla/5.0 (Macintosh; Intel Mac OS X 10_11_6) AppleWebKit/537.36 (KHTML, like Gecko) Chrome/52.0.2743.116 Safari/537.3', 1473553025),
(205, 119, 'Usuário se conectou no console do operador', '127.0.0.1', 'Mozilla/5.0 (Macintosh; Intel Mac OS X 10_11_6) AppleWebKit/537.36 (KHTML, like Gecko) Chrome/52.0.2743.116 Safari/537.3', 1473553027),
(206, 119, 'Usuário se desconectou do console do operador. Tempo ativo: 00:19:46', '127.0.0.1', 'Mozilla/5.0 (Macintosh; Intel Mac OS X 10_11_6) AppleWebKit/537.36 (KHTML, like Gecko) Chrome/52.0.2743.116 Safari/537.3', 1473554213),
(207, 1, 'Pagamento', '127.0.0.1', 'Mozilla/5.0 (Macintosh; Intel Mac OS X 10_11_6) AppleWebKit/537.36 (KHTML, like Gecko) Chrome/52.0.2743.116 Safari/537.3', 1473633147),
(208, 1, 'Pagamento', '127.0.0.1', 'Mozilla/5.0 (Macintosh; Intel Mac OS X 10_11_6) AppleWebKit/537.36 (KHTML, like Gecko) Chrome/52.0.2743.116 Safari/537.3', 1473645541),
(209, 1, 'Usuário Deslogado', '127.0.0.1', 'Mozilla/5.0 (Macintosh; Intel Mac OS X 10_11_6) AppleWebKit/537.36 (KHTML, like Gecko) Chrome/52.0.2743.116 Safari/537.3', 1473803033),
(210, 1, 'Usuário Logado', '127.0.0.1', 'Mozilla/5.0 (Macintosh; Intel Mac OS X 10_11_6) AppleWebKit/537.36 (KHTML, like Gecko) Chrome/52.0.2743.116 Safari/537.3', 1473803040),
(211, 1, 'Usuário Logado', '127.0.0.1', 'Mozilla/5.0 (Macintosh; Intel Mac OS X 10_11_6) AppleWebKit/537.36 (KHTML, like Gecko) Chrome/52.0.2743.116 Safari/537.3', 1473803299),
(212, 1, 'Usuário Deslogado', '127.0.0.1', 'Mozilla/5.0 (Macintosh; Intel Mac OS X 10_11_6) AppleWebKit/537.36 (KHTML, like Gecko) Chrome/52.0.2743.116 Safari/537.3', 1473803305),
(216, 1, 'Usuário Logado', '127.0.0.1', 'Mozilla/5.0 (Macintosh; Intel Mac OS X 10_11_6) AppleWebKit/537.36 (KHTML, like Gecko) Chrome/52.0.2743.116 Safari/537.3', 1473803367),
(217, 1, 'Pagamento', '127.0.0.1', 'Mozilla/5.0 (Macintosh; Intel Mac OS X 10_11_6) AppleWebKit/537.36 (KHTML, like Gecko) Chrome/52.0.2743.116 Safari/537.3', 1473803381),
(218, 1, 'Usuário se conectou no console do operador', '127.0.0.1', 'Mozilla/5.0 (Macintosh; Intel Mac OS X 10_11_6) AppleWebKit/537.36 (KHTML, like Gecko) Chrome/52.0.2743.116 Safari/537.3', 1473803571),
(219, 1, 'Usuário se desconectou do console do operador. Tempo ativo: 00:00:03', '127.0.0.1', 'Mozilla/5.0 (Macintosh; Intel Mac OS X 10_11_6) AppleWebKit/537.36 (KHTML, like Gecko) Chrome/52.0.2743.116 Safari/537.3', 1473803574),
(220, 1, 'Usuário se conectou no console do operador', '127.0.0.1', 'Mozilla/5.0 (Macintosh; Intel Mac OS X 10_11_6) AppleWebKit/537.36 (KHTML, like Gecko) Chrome/52.0.2743.116 Safari/537.3', 1474276754),
(221, 1, 'Usuário se desconectou do console do operador. Tempo ativo: 00:07:56', '127.0.0.1', 'Mozilla/5.0 (Macintosh; Intel Mac OS X 10_11_6) AppleWebKit/537.36 (KHTML, like Gecko) Chrome/52.0.2743.116 Safari/537.3', 1474277230),
(222, 1, 'Usuário se conectou no console do operador', '127.0.0.1', 'Mozilla/5.0 (Macintosh; Intel Mac OS X 10_11_6) AppleWebKit/537.36 (KHTML, like Gecko) Chrome/52.0.2743.116 Safari/537.3', 1474277234),
(223, 1, 'Usuário se desconectou do console do operador. Tempo ativo: 00:00:03', '127.0.0.1', 'Mozilla/5.0 (Macintosh; Intel Mac OS X 10_11_6) AppleWebKit/537.36 (KHTML, like Gecko) Chrome/52.0.2743.116 Safari/537.3', 1474277237),
(224, 1, 'Usuário se conectou no console do operador', '127.0.0.1', 'Mozilla/5.0 (Macintosh; Intel Mac OS X 10_11_6) AppleWebKit/537.36 (KHTML, like Gecko) Chrome/52.0.2743.116 Safari/537.3', 1474277239),
(225, 1, 'Usuário se desconectou do console do operador. Tempo ativo: 00:07:32', '127.0.0.1', 'Mozilla/5.0 (Macintosh; Intel Mac OS X 10_11_6) AppleWebKit/537.36 (KHTML, like Gecko) Chrome/52.0.2743.116 Safari/537.3', 1474277691),
(226, 1, 'Usuário se conectou no console do operador', '127.0.0.1', 'Mozilla/5.0 (Macintosh; Intel Mac OS X 10_11_6) AppleWebKit/537.36 (KHTML, like Gecko) Chrome/52.0.2743.116 Safari/537.3', 1474277692),
(227, 1, 'Usuário se desconectou do console do operador. Tempo ativo: 00:00:08', '127.0.0.1', 'Mozilla/5.0 (Macintosh; Intel Mac OS X 10_11_6) AppleWebKit/537.36 (KHTML, like Gecko) Chrome/52.0.2743.116 Safari/537.3', 1474277700),
(228, 1, 'Usuário se conectou no console do operador', '127.0.0.1', 'Mozilla/5.0 (Macintosh; Intel Mac OS X 10_11_6) AppleWebKit/537.36 (KHTML, like Gecko) Chrome/52.0.2743.116 Safari/537.3', 1474277701),
(229, 1, 'Usuário se desconectou do console do operador. Tempo ativo: 00:00:44', '127.0.0.1', 'Mozilla/5.0 (Macintosh; Intel Mac OS X 10_11_6) AppleWebKit/537.36 (KHTML, like Gecko) Chrome/52.0.2743.116 Safari/537.3', 1474277746),
(230, 1, 'Usuário se conectou no console do operador', '127.0.0.1', 'Mozilla/5.0 (Macintosh; Intel Mac OS X 10_11_6) AppleWebKit/537.36 (KHTML, like Gecko) Chrome/52.0.2743.116 Safari/537.3', 1474277751),
(231, 1, 'Usuário se desconectou do console do operador. Tempo ativo: 00:01:12', '127.0.0.1', 'Mozilla/5.0 (Macintosh; Intel Mac OS X 10_11_6) AppleWebKit/537.36 (KHTML, like Gecko) Chrome/52.0.2743.116 Safari/537.3', 1474277823),
(232, 1, 'Usuário se conectou no console do operador', '127.0.0.1', 'Mozilla/5.0 (Macintosh; Intel Mac OS X 10_11_6) AppleWebKit/537.36 (KHTML, like Gecko) Chrome/52.0.2743.116 Safari/537.3', 1474277824),
(233, 1, 'Usuário se desconectou do console do operador. Tempo ativo: 00:00:07', '127.0.0.1', 'Mozilla/5.0 (Macintosh; Intel Mac OS X 10_11_6) AppleWebKit/537.36 (KHTML, like Gecko) Chrome/52.0.2743.116 Safari/537.3', 1474277831),
(234, 1, 'Usuário se conectou no console do operador', '127.0.0.1', 'Mozilla/5.0 (Macintosh; Intel Mac OS X 10_11_6) AppleWebKit/537.36 (KHTML, like Gecko) Chrome/52.0.2743.116 Safari/537.3', 1474277832),
(235, 1, 'Usuário se desconectou do console do operador. Tempo ativo: 00:01:17', '127.0.0.1', 'Mozilla/5.0 (Macintosh; Intel Mac OS X 10_11_6) AppleWebKit/537.36 (KHTML, like Gecko) Chrome/52.0.2743.116 Safari/537.3', 1474277909),
(236, 1, 'Usuário se conectou no console do operador', '127.0.0.1', 'Mozilla/5.0 (Macintosh; Intel Mac OS X 10_11_6) AppleWebKit/537.36 (KHTML, like Gecko) Chrome/52.0.2743.116 Safari/537.3', 1474277910),
(237, 1, 'Usuário se desconectou do console do operador. Tempo ativo: 00:00:06', '127.0.0.1', 'Mozilla/5.0 (Macintosh; Intel Mac OS X 10_11_6) AppleWebKit/537.36 (KHTML, like Gecko) Chrome/52.0.2743.116 Safari/537.3', 1474277916),
(238, 1, 'Usuário se conectou no console do operador', '127.0.0.1', 'Mozilla/5.0 (Macintosh; Intel Mac OS X 10_11_6) AppleWebKit/537.36 (KHTML, like Gecko) Chrome/52.0.2743.116 Safari/537.3', 1474277917),
(239, 1, 'Usuário se desconectou do console do operador. Tempo ativo: 00:02:52', '127.0.0.1', 'Mozilla/5.0 (Macintosh; Intel Mac OS X 10_11_6) AppleWebKit/537.36 (KHTML, like Gecko) Chrome/52.0.2743.116 Safari/537.3', 1474278089);
INSERT INTO `p_users_logs` (`id`, `user_id`, `message`, `ip_address`, `user_agent`, `date`) VALUES
(240, 1, 'Usuário se conectou no console do operador', '127.0.0.1', 'Mozilla/5.0 (Macintosh; Intel Mac OS X 10_11_6) AppleWebKit/537.36 (KHTML, like Gecko) Chrome/52.0.2743.116 Safari/537.3', 1474278090),
(241, 1, 'Usuário se desconectou do console do operador. Tempo ativo: 00:00:07', '127.0.0.1', 'Mozilla/5.0 (Macintosh; Intel Mac OS X 10_11_6) AppleWebKit/537.36 (KHTML, like Gecko) Chrome/52.0.2743.116 Safari/537.3', 1474278097),
(242, 1, 'Usuário se conectou no console do operador', '127.0.0.1', 'Mozilla/5.0 (Macintosh; Intel Mac OS X 10_11_6) AppleWebKit/537.36 (KHTML, like Gecko) Chrome/52.0.2743.116 Safari/537.3', 1474278099),
(243, 1, 'Usuário se desconectou do console do operador. Tempo ativo: 00:00:52', '127.0.0.1', 'Mozilla/5.0 (Macintosh; Intel Mac OS X 10_11_6) AppleWebKit/537.36 (KHTML, like Gecko) Chrome/52.0.2743.116 Safari/537.3', 1474278151),
(244, 1, 'Usuário se conectou no console do operador', '127.0.0.1', 'Mozilla/5.0 (Macintosh; Intel Mac OS X 10_11_6) AppleWebKit/537.36 (KHTML, like Gecko) Chrome/52.0.2743.116 Safari/537.3', 1474278154),
(245, 1, 'Usuário se desconectou do console do operador. Tempo ativo: 00:00:27', '127.0.0.1', 'Mozilla/5.0 (Macintosh; Intel Mac OS X 10_11_6) AppleWebKit/537.36 (KHTML, like Gecko) Chrome/52.0.2743.116 Safari/537.3', 1474278181),
(246, 1, 'Usuário se conectou no console do operador', '127.0.0.1', 'Mozilla/5.0 (Macintosh; Intel Mac OS X 10_11_6) AppleWebKit/537.36 (KHTML, like Gecko) Chrome/52.0.2743.116 Safari/537.3', 1474278182),
(247, 1, 'Usuário se desconectou do console do operador. Tempo ativo: 00:00:41', '127.0.0.1', 'Mozilla/5.0 (Macintosh; Intel Mac OS X 10_11_6) AppleWebKit/537.36 (KHTML, like Gecko) Chrome/52.0.2743.116 Safari/537.3', 1474278223),
(248, 1, 'Usuário se conectou no console do operador', '127.0.0.1', 'Mozilla/5.0 (Macintosh; Intel Mac OS X 10_11_6) AppleWebKit/537.36 (KHTML, like Gecko) Chrome/52.0.2743.116 Safari/537.3', 1474278224),
(249, 1, 'Usuário se desconectou do console do operador. Tempo ativo: 00:00:06', '127.0.0.1', 'Mozilla/5.0 (Macintosh; Intel Mac OS X 10_11_6) AppleWebKit/537.36 (KHTML, like Gecko) Chrome/52.0.2743.116 Safari/537.3', 1474278230),
(250, 1, 'Usuário se conectou no console do operador', '127.0.0.1', 'Mozilla/5.0 (Macintosh; Intel Mac OS X 10_11_6) AppleWebKit/537.36 (KHTML, like Gecko) Chrome/52.0.2743.116 Safari/537.3', 1474278232),
(251, 1, 'Usuário se desconectou do console do operador. Tempo ativo: 00:00:09', '127.0.0.1', 'Mozilla/5.0 (Macintosh; Intel Mac OS X 10_11_6) AppleWebKit/537.36 (KHTML, like Gecko) Chrome/52.0.2743.116 Safari/537.3', 1474278241),
(252, 1, 'Usuário se conectou no console do operador', '127.0.0.1', 'Mozilla/5.0 (Macintosh; Intel Mac OS X 10_11_6) AppleWebKit/537.36 (KHTML, like Gecko) Chrome/52.0.2743.116 Safari/537.3', 1474278242),
(253, 1, 'Usuário se desconectou do console do operador. Tempo ativo: 00:00:46', '127.0.0.1', 'Mozilla/5.0 (Macintosh; Intel Mac OS X 10_11_6) AppleWebKit/537.36 (KHTML, like Gecko) Chrome/52.0.2743.116 Safari/537.3', 1474278288),
(254, 1, 'Usuário se conectou no console do operador', '127.0.0.1', 'Mozilla/5.0 (Macintosh; Intel Mac OS X 10_11_6) AppleWebKit/537.36 (KHTML, like Gecko) Chrome/52.0.2743.116 Safari/537.3', 1474278289),
(255, 1, 'Usuário se desconectou do console do operador. Tempo ativo: 00:00:47', '127.0.0.1', 'Mozilla/5.0 (Macintosh; Intel Mac OS X 10_11_6) AppleWebKit/537.36 (KHTML, like Gecko) Chrome/52.0.2743.116 Safari/537.3', 1474278336),
(256, 1, 'Usuário se conectou no console do operador', '127.0.0.1', 'Mozilla/5.0 (Macintosh; Intel Mac OS X 10_11_6) AppleWebKit/537.36 (KHTML, like Gecko) Chrome/52.0.2743.116 Safari/537.3', 1474278337),
(257, 1, 'Usuário se desconectou do console do operador. Tempo ativo: 00:00:06', '127.0.0.1', 'Mozilla/5.0 (Macintosh; Intel Mac OS X 10_11_6) AppleWebKit/537.36 (KHTML, like Gecko) Chrome/52.0.2743.116 Safari/537.3', 1474278343),
(258, 1, 'Usuário se conectou no console do operador', '127.0.0.1', 'Mozilla/5.0 (Macintosh; Intel Mac OS X 10_11_6) AppleWebKit/537.36 (KHTML, like Gecko) Chrome/52.0.2743.116 Safari/537.3', 1474278346),
(259, 1, 'Usuário se desconectou do console do operador. Tempo ativo: 00:00:24', '127.0.0.1', 'Mozilla/5.0 (Macintosh; Intel Mac OS X 10_11_6) AppleWebKit/537.36 (KHTML, like Gecko) Chrome/52.0.2743.116 Safari/537.3', 1474278370),
(260, 1, 'Usuário se conectou no console do operador', '127.0.0.1', 'Mozilla/5.0 (Macintosh; Intel Mac OS X 10_11_6) AppleWebKit/537.36 (KHTML, like Gecko) Chrome/52.0.2743.116 Safari/537.3', 1474278372),
(261, 1, 'Usuário se desconectou do console do operador. Tempo ativo: 00:00:54', '127.0.0.1', 'Mozilla/5.0 (Macintosh; Intel Mac OS X 10_11_6) AppleWebKit/537.36 (KHTML, like Gecko) Chrome/52.0.2743.116 Safari/537.3', 1474278426),
(262, 1, 'Usuário se conectou no console do operador', '127.0.0.1', 'Mozilla/5.0 (Macintosh; Intel Mac OS X 10_11_6) AppleWebKit/537.36 (KHTML, like Gecko) Chrome/52.0.2743.116 Safari/537.3', 1474278428),
(263, 1, 'Usuário se desconectou do console do operador. Tempo ativo: 00:00:05', '127.0.0.1', 'Mozilla/5.0 (Macintosh; Intel Mac OS X 10_11_6) AppleWebKit/537.36 (KHTML, like Gecko) Chrome/52.0.2743.116 Safari/537.3', 1474278433),
(264, 1, 'Usuário se conectou no console do operador', '127.0.0.1', 'Mozilla/5.0 (Macintosh; Intel Mac OS X 10_11_6) AppleWebKit/537.36 (KHTML, like Gecko) Chrome/52.0.2743.116 Safari/537.3', 1474278435),
(265, 1, 'Usuário se desconectou do console do operador. Tempo ativo: 00:01:02', '127.0.0.1', 'Mozilla/5.0 (Macintosh; Intel Mac OS X 10_11_6) AppleWebKit/537.36 (KHTML, like Gecko) Chrome/52.0.2743.116 Safari/537.3', 1474278497),
(266, 1, 'Usuário se conectou no console do operador', '127.0.0.1', 'Mozilla/5.0 (Macintosh; Intel Mac OS X 10_11_6) AppleWebKit/537.36 (KHTML, like Gecko) Chrome/52.0.2743.116 Safari/537.3', 1474278499),
(267, 1, 'Usuário se desconectou do console do operador. Tempo ativo: 00:00:05', '127.0.0.1', 'Mozilla/5.0 (Macintosh; Intel Mac OS X 10_11_6) AppleWebKit/537.36 (KHTML, like Gecko) Chrome/52.0.2743.116 Safari/537.3', 1474278504),
(268, 1, 'Usuário se conectou no console do operador', '127.0.0.1', 'Mozilla/5.0 (Macintosh; Intel Mac OS X 10_11_6) AppleWebKit/537.36 (KHTML, like Gecko) Chrome/52.0.2743.116 Safari/537.3', 1474278506),
(269, 1, 'Usuário se desconectou do console do operador. Tempo ativo: 00:01:38', '127.0.0.1', 'Mozilla/5.0 (Macintosh; Intel Mac OS X 10_11_6) AppleWebKit/537.36 (KHTML, like Gecko) Chrome/52.0.2743.116 Safari/537.3', 1474278604),
(270, 1, 'Usuário se conectou no console do operador', '127.0.0.1', 'Mozilla/5.0 (Macintosh; Intel Mac OS X 10_11_6) AppleWebKit/537.36 (KHTML, like Gecko) Chrome/52.0.2743.116 Safari/537.3', 1474278606),
(271, 1, 'Usuário se desconectou do console do operador. Tempo ativo: 00:00:05', '127.0.0.1', 'Mozilla/5.0 (Macintosh; Intel Mac OS X 10_11_6) AppleWebKit/537.36 (KHTML, like Gecko) Chrome/52.0.2743.116 Safari/537.3', 1474278611),
(272, 1, 'Usuário se conectou no console do operador', '127.0.0.1', 'Mozilla/5.0 (Macintosh; Intel Mac OS X 10_11_6) AppleWebKit/537.36 (KHTML, like Gecko) Chrome/52.0.2743.116 Safari/537.3', 1474278613),
(273, 1, 'Usuário se desconectou do console do operador. Tempo ativo: 00:00:54', '127.0.0.1', 'Mozilla/5.0 (Macintosh; Intel Mac OS X 10_11_6) AppleWebKit/537.36 (KHTML, like Gecko) Chrome/52.0.2743.116 Safari/537.3', 1474278667),
(274, 1, 'Usuário se conectou no console do operador', '127.0.0.1', 'Mozilla/5.0 (Macintosh; Intel Mac OS X 10_11_6) AppleWebKit/537.36 (KHTML, like Gecko) Chrome/52.0.2743.116 Safari/537.3', 1474278669),
(275, 1, 'Usuário se desconectou do console do operador. Tempo ativo: 00:04:25', '127.0.0.1', 'Mozilla/5.0 (Macintosh; Intel Mac OS X 10_11_6) AppleWebKit/537.36 (KHTML, like Gecko) Chrome/52.0.2743.116 Safari/537.3', 1474278934),
(276, 1, 'Usuário se conectou no console do operador', '127.0.0.1', 'Mozilla/5.0 (Macintosh; Intel Mac OS X 10_11_6) AppleWebKit/537.36 (KHTML, like Gecko) Chrome/52.0.2743.116 Safari/537.3', 1474278936),
(277, 1, 'Usuário se conectou no console do operador', '127.0.0.1', 'Mozilla/5.0 (Macintosh; Intel Mac OS X 10_11_6) AppleWebKit/537.36 (KHTML, like Gecko) Chrome/52.0.2743.116 Safari/537.3', 1474279835),
(278, 1, 'Usuário se desconectou do console do operador. Tempo ativo: 00:07:20', '127.0.0.1', 'Mozilla/5.0 (Macintosh; Intel Mac OS X 10_11_6) AppleWebKit/537.36 (KHTML, like Gecko) Chrome/52.0.2743.116 Safari/537.3', 1474280275),
(279, 1, 'Usuário se conectou no console do operador', '127.0.0.1', 'Mozilla/5.0 (Macintosh; Intel Mac OS X 10_11_6) AppleWebKit/537.36 (KHTML, like Gecko) Chrome/52.0.2743.116 Safari/537.3', 1474280277),
(280, 1, 'Usuário se desconectou do console do operador. Tempo ativo: 00:03:00', '127.0.0.1', 'Mozilla/5.0 (Macintosh; Intel Mac OS X 10_11_6) AppleWebKit/537.36 (KHTML, like Gecko) Chrome/52.0.2743.116 Safari/537.3', 1474280457),
(281, 1, 'Usuário se conectou no console do operador', '127.0.0.1', 'Mozilla/5.0 (Macintosh; Intel Mac OS X 10_11_6) AppleWebKit/537.36 (KHTML, like Gecko) Chrome/52.0.2743.116 Safari/537.3', 1474280460),
(282, 1, 'Usuário se desconectou do console do operador. Tempo ativo: 00:01:40', '127.0.0.1', 'Mozilla/5.0 (Macintosh; Intel Mac OS X 10_11_6) AppleWebKit/537.36 (KHTML, like Gecko) Chrome/52.0.2743.116 Safari/537.3', 1474280560),
(283, 1, 'Usuário se conectou no console do operador', '127.0.0.1', 'Mozilla/5.0 (Macintosh; Intel Mac OS X 10_11_6) AppleWebKit/537.36 (KHTML, like Gecko) Chrome/52.0.2743.116 Safari/537.3', 1474280561),
(284, 1, 'Usuário se desconectou do console do operador. Tempo ativo: 00:32:00', '127.0.0.1', 'Mozilla/5.0 (Macintosh; Intel Mac OS X 10_11_6) AppleWebKit/537.36 (KHTML, like Gecko) Chrome/52.0.2743.116 Safari/537.3', 1474282481),
(285, 1, 'Usuário se conectou no console do operador', '127.0.0.1', 'Mozilla/5.0 (Macintosh; Intel Mac OS X 10_11_6) AppleWebKit/537.36 (KHTML, like Gecko) Chrome/52.0.2743.116 Safari/537.3', 1474282483),
(286, 1, 'Usuário se desconectou do console do operador. Tempo ativo: 01:45:11', '127.0.0.1', 'Mozilla/5.0 (Macintosh; Intel Mac OS X 10_11_6) AppleWebKit/537.36 (KHTML, like Gecko) Chrome/52.0.2743.116 Safari/537.3', 1474285248),
(287, 1, 'Usuário se desconectou do console do operador. Tempo ativo: 00:46:14', '127.0.0.1', 'Mozilla/5.0 (Macintosh; Intel Mac OS X 10_11_6) AppleWebKit/537.36 (KHTML, like Gecko) Chrome/52.0.2743.116 Safari/537.3', 1474285257),
(288, 119, 'Usuário se conectou no console do operador', '127.0.0.1', 'Mozilla/5.0 (Macintosh; Intel Mac OS X 10_11_6) AppleWebKit/537.36 (KHTML, like Gecko) Chrome/53.0.2785.116 Safari/537.3', 1474374335),
(289, 119, 'Usuário se desconectou do console do operador. Tempo ativo: 00:02:48', '127.0.0.1', 'Mozilla/5.0 (Macintosh; Intel Mac OS X 10_11_6) AppleWebKit/537.36 (KHTML, like Gecko) Chrome/53.0.2785.116 Safari/537.3', 1474374503),
(290, 1, 'Usuário se conectou no console do operador', '127.0.0.1', 'Mozilla/5.0 (Macintosh; Intel Mac OS X 10_11_6) AppleWebKit/537.36 (KHTML, like Gecko) Chrome/53.0.2785.116 Safari/537.3', 1474407887),
(291, 119, 'Usuário se conectou no console do operador', '127.0.0.1', 'Mozilla/5.0 (Macintosh; Intel Mac OS X 10_11_6) AppleWebKit/537.36 (KHTML, like Gecko) Chrome/53.0.2785.116 Safari/537.3', 1474407889),
(292, 119, 'Usuário se desconectou do console do operador. Tempo ativo: 00:00:07', '127.0.0.1', 'Mozilla/5.0 (Macintosh; Intel Mac OS X 10_11_6) AppleWebKit/537.36 (KHTML, like Gecko) Chrome/53.0.2785.116 Safari/537.3', 1474407896),
(293, 119, 'Usuário Deslogado', '127.0.0.1', 'Mozilla/5.0 (Macintosh; Intel Mac OS X 10_11_6) AppleWebKit/537.36 (KHTML, like Gecko) Chrome/53.0.2785.116 Safari/537.3', 1474407906),
(294, 52, 'Usuário Logado', '127.0.0.1', 'Mozilla/5.0 (Macintosh; Intel Mac OS X 10_11_6) AppleWebKit/537.36 (KHTML, like Gecko) Chrome/53.0.2785.116 Safari/537.3', 1474407914),
(295, 1, 'O Usuário com o Operador: #51 rejeitou uma chamada do Usuário: #52', '127.0.0.1', 'Mozilla/5.0 (Macintosh; Intel Mac OS X 10_11_6) AppleWebKit/537.36 (KHTML, like Gecko) Chrome/53.0.2785.116 Safari/537.3', 1474407924),
(296, 1, 'Usuário se desconectou do console do operador. Tempo ativo: 00:03:15', '127.0.0.1', 'Mozilla/5.0 (Macintosh; Intel Mac OS X 10_11_6) AppleWebKit/537.36 (KHTML, like Gecko) Chrome/53.0.2785.116 Safari/537.3', 1474408082),
(297, 1, 'Usuário se conectou no console do operador', '127.0.0.1', 'Mozilla/5.0 (Macintosh; Intel Mac OS X 10_11_6) AppleWebKit/537.36 (KHTML, like Gecko) Chrome/53.0.2785.116 Safari/537.3', 1474408084),
(298, 1, 'Usuário se desconectou do console do operador. Tempo ativo: 00:00:06', '127.0.0.1', 'Mozilla/5.0 (Macintosh; Intel Mac OS X 10_11_6) AppleWebKit/537.36 (KHTML, like Gecko) Chrome/53.0.2785.116 Safari/537.3', 1474408090),
(299, 1, 'Usuário se conectou no console do operador', '127.0.0.1', 'Mozilla/5.0 (Macintosh; Intel Mac OS X 10_11_6) AppleWebKit/537.36 (KHTML, like Gecko) Chrome/53.0.2785.116 Safari/537.3', 1474408091),
(300, 1, 'O Usuário com o Operador: #51 rejeitou uma chamada do Usuário: #52', '127.0.0.1', 'Mozilla/5.0 (Macintosh; Intel Mac OS X 10_11_6) AppleWebKit/537.36 (KHTML, like Gecko) Chrome/53.0.2785.116 Safari/537.3', 1474408105),
(301, 1, 'Usuário se desconectou do console do operador. Tempo ativo: 00:00:38', '127.0.0.1', 'Mozilla/5.0 (Macintosh; Intel Mac OS X 10_11_6) AppleWebKit/537.36 (KHTML, like Gecko) Chrome/53.0.2785.116 Safari/537.3', 1474408129),
(302, 1, 'Usuário se conectou no console do operador', '127.0.0.1', 'Mozilla/5.0 (Macintosh; Intel Mac OS X 10_11_6) AppleWebKit/537.36 (KHTML, like Gecko) Chrome/53.0.2785.116 Safari/537.3', 1474408131),
(303, 1, 'Usuário se desconectou do console do operador. Tempo ativo: 00:00:05', '127.0.0.1', 'Mozilla/5.0 (Macintosh; Intel Mac OS X 10_11_6) AppleWebKit/537.36 (KHTML, like Gecko) Chrome/53.0.2785.116 Safari/537.3', 1474408136),
(304, 1, 'Usuário se conectou no console do operador', '127.0.0.1', 'Mozilla/5.0 (Macintosh; Intel Mac OS X 10_11_6) AppleWebKit/537.36 (KHTML, like Gecko) Chrome/53.0.2785.116 Safari/537.3', 1474408138),
(305, 1, 'Usuário se conectou no console do operador', '127.0.0.1', 'Mozilla/5.0 (Macintosh; Intel Mac OS X 10_12_0) AppleWebKit/537.36 (KHTML, like Gecko) Chrome/53.0.2785.116 Safari/537.3', 1474464802),
(306, 52, 'Usuário Logado', '127.0.0.1', 'Mozilla/5.0 (Macintosh; Intel Mac OS X 10_12_0) AppleWebKit/537.36 (KHTML, like Gecko) Chrome/53.0.2785.116 Safari/537.3', 1474465022),
(307, 1, 'Usuário se desconectou do console do operador. Tempo ativo: 00:04:18', '127.0.0.1', 'Mozilla/5.0 (Macintosh; Intel Mac OS X 10_12_0) AppleWebKit/537.36 (KHTML, like Gecko) Chrome/53.0.2785.116 Safari/537.3', 1474465060),
(308, 1, 'Usuário se conectou no console do operador', '127.0.0.1', 'Mozilla/5.0 (Macintosh; Intel Mac OS X 10_12_0) AppleWebKit/537.36 (KHTML, like Gecko) Chrome/53.0.2785.116 Safari/537.3', 1474465061),
(309, 1, 'O Usuário com o Operador: #51 rejeitou uma chamada do Usuário: #52', '127.0.0.1', 'Mozilla/5.0 (Macintosh; Intel Mac OS X 10_12_0) AppleWebKit/537.36 (KHTML, like Gecko) Chrome/53.0.2785.116 Safari/537.3', 1474465074),
(310, 1, 'Usuário se desconectou do console do operador. Tempo ativo: 00:00:14', '127.0.0.1', 'Mozilla/5.0 (Macintosh; Intel Mac OS X 10_12_0) AppleWebKit/537.36 (KHTML, like Gecko) Chrome/53.0.2785.116 Safari/537.3', 1474465075),
(311, 1, 'Usuário se conectou no console do operador', '127.0.0.1', 'Mozilla/5.0 (Macintosh; Intel Mac OS X 10_12_0) AppleWebKit/537.36 (KHTML, like Gecko) Chrome/53.0.2785.116 Safari/537.3', 1474465076),
(312, 1, 'O Usuário com o Operador: #51 rejeitou uma chamada do Usuário: #52', '127.0.0.1', 'Mozilla/5.0 (Macintosh; Intel Mac OS X 10_12_0) AppleWebKit/537.36 (KHTML, like Gecko) Chrome/53.0.2785.116 Safari/537.3', 1474465081),
(313, 1, 'Usuário se desconectou do console do operador. Tempo ativo: 00:01:13', '127.0.0.1', 'Mozilla/5.0 (Macintosh; Intel Mac OS X 10_12_0) AppleWebKit/537.36 (KHTML, like Gecko) Chrome/53.0.2785.116 Safari/537.3', 1474465149),
(314, 1, 'Usuário Deslogado', '127.0.0.1', 'Mozilla/5.0 (Macintosh; Intel Mac OS X 10_12_0) AppleWebKit/537.36 (KHTML, like Gecko) Chrome/53.0.2785.116 Safari/537.3', 1474539041),
(315, 1, 'Usuário Logado', '127.0.0.1', 'Mozilla/5.0 (Macintosh; Intel Mac OS X 10_12_0) AppleWebKit/537.36 (KHTML, like Gecko) Chrome/53.0.2785.116 Safari/537.3', 1474539088),
(316, 1, 'Pagamento', '127.0.0.1', 'Mozilla/5.0 (Macintosh; Intel Mac OS X 10_12_0) AppleWebKit/537.36 (KHTML, like Gecko) Chrome/53.0.2785.116 Safari/537.3', 1474543797),
(317, 1, 'Pagamento', '127.0.0.1', 'Mozilla/5.0 (Macintosh; Intel Mac OS X 10_12_0) AppleWebKit/537.36 (KHTML, like Gecko) Chrome/53.0.2785.116 Safari/537.3', 1474545344),
(318, 1, 'Pagamento', '127.0.0.1', 'Mozilla/5.0 (Macintosh; Intel Mac OS X 10_12_0) AppleWebKit/537.36 (KHTML, like Gecko) Chrome/53.0.2785.116 Safari/537.3', 1474546020),
(319, 1, 'Pagamento', '127.0.0.1', 'Mozilla/5.0 (Macintosh; Intel Mac OS X 10_12_0) AppleWebKit/537.36 (KHTML, like Gecko) Chrome/53.0.2785.116 Safari/537.3', 1474581730),
(320, 1, 'Pagamento', '127.0.0.1', 'Mozilla/5.0 (Macintosh; Intel Mac OS X 10_12_0) AppleWebKit/537.36 (KHTML, like Gecko) Chrome/53.0.2785.116 Safari/537.3', 1474582174),
(321, 1, 'Pagamento', '127.0.0.1', 'Mozilla/5.0 (Macintosh; Intel Mac OS X 10_12_0) AppleWebKit/537.36 (KHTML, like Gecko) Chrome/53.0.2785.116 Safari/537.3', 1474582191),
(322, 1, 'Pagamento', '127.0.0.1', 'Mozilla/5.0 (Macintosh; Intel Mac OS X 10_12_0) AppleWebKit/537.36 (KHTML, like Gecko) Chrome/53.0.2785.116 Safari/537.3', 1474582457),
(323, 1, 'Pagamento', '127.0.0.1', 'Mozilla/5.0 (Macintosh; Intel Mac OS X 10_12_0) AppleWebKit/537.36 (KHTML, like Gecko) Chrome/53.0.2785.116 Safari/537.3', 1474582637),
(324, 1, 'Pagamento', '127.0.0.1', 'Mozilla/5.0 (Macintosh; Intel Mac OS X 10_12_0) AppleWebKit/537.36 (KHTML, like Gecko) Chrome/53.0.2785.116 Safari/537.3', 1474582641),
(325, 1, 'Pagamento', '127.0.0.1', 'Mozilla/5.0 (Macintosh; Intel Mac OS X 10_12_0) AppleWebKit/537.36 (KHTML, like Gecko) Chrome/53.0.2785.116 Safari/537.3', 1474582851),
(326, 1, 'Pagamento', '127.0.0.1', 'Mozilla/5.0 (Macintosh; Intel Mac OS X 10_12_0) AppleWebKit/537.36 (KHTML, like Gecko) Chrome/53.0.2785.116 Safari/537.3', 1474582903),
(327, 1, 'Pagamento', '127.0.0.1', 'Mozilla/5.0 (Macintosh; Intel Mac OS X 10_12_0) AppleWebKit/537.36 (KHTML, like Gecko) Chrome/53.0.2785.116 Safari/537.3', 1474582943),
(328, 1, 'Pagamento', '127.0.0.1', 'Mozilla/5.0 (Macintosh; Intel Mac OS X 10_12_0) AppleWebKit/537.36 (KHTML, like Gecko) Chrome/53.0.2785.116 Safari/537.3', 1474583133),
(329, 1, 'Usuário se conectou no console do operador', '127.0.0.1', 'Mozilla/5.0 (Macintosh; Intel Mac OS X 10_12_1) AppleWebKit/537.36 (KHTML, like Gecko) Chrome/54.0.2840.71 Safari/537.36', 1478142931),
(330, 1, 'Usuário se desconectou do console do operador. Tempo ativo: 00:05:32', '::1', 'Mozilla/5.0 (Macintosh; Intel Mac OS X 10_12_1) AppleWebKit/537.36 (KHTML, like Gecko) Chrome/54.0.2840.71 Safari/537.36', 1478143263),
(331, 1, 'Pagamento', '127.0.0.1', 'Mozilla/5.0 (Macintosh; Intel Mac OS X 10_12_2) AppleWebKit/537.36 (KHTML, like Gecko) Chrome/55.0.2883.95 Safari/537.36', 1484020620),
(332, 1, 'Pagamento', '127.0.0.1', 'Mozilla/5.0 (Macintosh; Intel Mac OS X 10_12_2) AppleWebKit/537.36 (KHTML, like Gecko) Chrome/55.0.2883.95 Safari/537.36', 1484020789),
(333, 1, 'Pagamento', '127.0.0.1', 'Mozilla/5.0 (Macintosh; Intel Mac OS X 10_12_2) AppleWebKit/537.36 (KHTML, like Gecko) Chrome/55.0.2883.95 Safari/537.36', 1484099944),
(334, 1, 'Pagamento', '127.0.0.1', 'Mozilla/5.0 (Macintosh; Intel Mac OS X 10_12_2) AppleWebKit/537.36 (KHTML, like Gecko) Chrome/55.0.2883.95 Safari/537.36', 1484099987),
(335, 1, 'Usuário se conectou no console do operador', '127.0.0.1', 'Mozilla/5.0 (Macintosh; Intel Mac OS X 10_12_3) AppleWebKit/537.36 (KHTML, like Gecko) Chrome/56.0.2924.87 Safari/537.36', 1487343198),
(336, 1, 'Usuário se desconectou do console do operador. Tempo ativo: 00:01:08', '127.0.0.1', 'Mozilla/5.0 (Macintosh; Intel Mac OS X 10_12_3) AppleWebKit/537.36 (KHTML, like Gecko) Chrome/56.0.2924.87 Safari/537.36', 1487343266),
(337, 1, 'Usuário se conectou no console do operador', '127.0.0.1', 'Mozilla/5.0 (Macintosh; Intel Mac OS X 10_12_3) AppleWebKit/537.36 (KHTML, like Gecko) Chrome/56.0.2924.87 Safari/537.36', 1487343266),
(338, 1, 'Usuário se desconectou do console do operador. Tempo ativo: 00:04:54', '127.0.0.1', 'Mozilla/5.0 (Macintosh; Intel Mac OS X 10_12_3) AppleWebKit/537.36 (KHTML, like Gecko) Chrome/56.0.2924.87 Safari/537.36', 1487343560),
(339, 1, 'Usuário se conectou no console do operador', '127.0.0.1', 'Mozilla/5.0 (Macintosh; Intel Mac OS X 10_12_3) AppleWebKit/537.36 (KHTML, like Gecko) Chrome/56.0.2924.87 Safari/537.36', 1487343561),
(340, 1, 'Usuário se desconectou do console do operador. Tempo ativo: 00:00:56', '127.0.0.1', 'Mozilla/5.0 (Macintosh; Intel Mac OS X 10_12_3) AppleWebKit/537.36 (KHTML, like Gecko) Chrome/56.0.2924.87 Safari/537.36', 1487343617),
(341, 1, 'Usuário se conectou no console do operador', '127.0.0.1', 'Mozilla/5.0 (Macintosh; Intel Mac OS X 10_12_3) AppleWebKit/537.36 (KHTML, like Gecko) Chrome/56.0.2924.87 Safari/537.36', 1487343617),
(342, 1, 'Usuário se desconectou do console do operador. Tempo ativo: 00:03:13', '127.0.0.1', 'Mozilla/5.0 (Macintosh; Intel Mac OS X 10_12_3) AppleWebKit/537.36 (KHTML, like Gecko) Chrome/56.0.2924.87 Safari/537.36', 1487343810),
(343, 1, 'Usuário se conectou no console do operador', '127.0.0.1', 'Mozilla/5.0 (Macintosh; Intel Mac OS X 10_12_3) AppleWebKit/537.36 (KHTML, like Gecko) Chrome/56.0.2924.87 Safari/537.36', 1487343813),
(344, 1, 'Usuário se desconectou do console do operador. Tempo ativo: 00:00:03', '127.0.0.1', 'Mozilla/5.0 (Macintosh; Intel Mac OS X 10_12_3) AppleWebKit/537.36 (KHTML, like Gecko) Chrome/56.0.2924.87 Safari/537.36', 1487343816),
(345, 1, 'Usuário se conectou no console do operador', '127.0.0.1', 'Mozilla/5.0 (Macintosh; Intel Mac OS X 10_12_3) AppleWebKit/537.36 (KHTML, like Gecko) Chrome/56.0.2924.87 Safari/537.36', 1487343819),
(346, 1, 'Usuário se desconectou do console do operador. Tempo ativo: 00:08:12', '127.0.0.1', 'Mozilla/5.0 (Macintosh; Intel Mac OS X 10_12_3) AppleWebKit/537.36 (KHTML, like Gecko) Chrome/56.0.2924.87 Safari/537.36', 1487344311),
(347, 1, 'Usuário se conectou no console do operador', '127.0.0.1', 'Mozilla/5.0 (Macintosh; Intel Mac OS X 10_12_3) AppleWebKit/537.36 (KHTML, like Gecko) Chrome/56.0.2924.87 Safari/537.36', 1487344326),
(348, 1, 'Usuário se desconectou do console do operador. Tempo ativo: 00:14:02', '127.0.0.1', 'Mozilla/5.0 (Macintosh; Intel Mac OS X 10_12_3) AppleWebKit/537.36 (KHTML, like Gecko) Chrome/56.0.2924.87 Safari/537.36', 1487345168),
(349, 1, 'Usuário se conectou no console do operador', '127.0.0.1', 'Mozilla/5.0 (Macintosh; Intel Mac OS X 10_12_3) AppleWebKit/537.36 (KHTML, like Gecko) Chrome/56.0.2924.87 Safari/537.36', 1487345198),
(350, 1, 'Usuário se desconectou do console do operador. Tempo ativo: 00:00:43', '127.0.0.1', 'Mozilla/5.0 (Macintosh; Intel Mac OS X 10_12_3) AppleWebKit/537.36 (KHTML, like Gecko) Chrome/56.0.2924.87 Safari/537.36', 1487345241),
(351, 1, 'Usuário se conectou no console do operador', '127.0.0.1', 'Mozilla/5.0 (Macintosh; Intel Mac OS X 10_12_3) AppleWebKit/537.36 (KHTML, like Gecko) Chrome/56.0.2924.87 Safari/537.36', 1487345242),
(352, 1, 'Usuário se desconectou do console do operador. Tempo ativo: 00:00:06', '127.0.0.1', 'Mozilla/5.0 (Macintosh; Intel Mac OS X 10_12_3) AppleWebKit/537.36 (KHTML, like Gecko) Chrome/56.0.2924.87 Safari/537.36', 1487345248),
(353, 1, 'Usuário se conectou no console do operador', '127.0.0.1', 'Mozilla/5.0 (Macintosh; Intel Mac OS X 10_12_3) AppleWebKit/537.36 (KHTML, like Gecko) Chrome/56.0.2924.87 Safari/537.36', 1487345250),
(354, 1, 'Usuário se desconectou do console do operador. Tempo ativo: 00:08:44', '127.0.0.1', 'Mozilla/5.0 (Macintosh; Intel Mac OS X 10_12_3) AppleWebKit/537.36 (KHTML, like Gecko) Chrome/56.0.2924.87 Safari/537.36', 1487345774),
(355, 1, 'Usuário se conectou no console do operador', '127.0.0.1', 'Mozilla/5.0 (Macintosh; Intel Mac OS X 10_12_3) AppleWebKit/537.36 (KHTML, like Gecko) Chrome/56.0.2924.87 Safari/537.36', 1487345775),
(356, 1, 'Usuário se desconectou do console do operador. Tempo ativo: 00:00:06', '127.0.0.1', 'Mozilla/5.0 (Macintosh; Intel Mac OS X 10_12_3) AppleWebKit/537.36 (KHTML, like Gecko) Chrome/56.0.2924.87 Safari/537.36', 1487345781),
(357, 1, 'Usuário se conectou no console do operador', '127.0.0.1', 'Mozilla/5.0 (Macintosh; Intel Mac OS X 10_12_3) AppleWebKit/537.36 (KHTML, like Gecko) Chrome/56.0.2924.87 Safari/537.36', 1487345784),
(358, 1, 'Usuário se desconectou do console do operador. Tempo ativo: 00:00:11', '127.0.0.1', 'Mozilla/5.0 (Macintosh; Intel Mac OS X 10_12_3) AppleWebKit/537.36 (KHTML, like Gecko) Chrome/56.0.2924.87 Safari/537.36', 1487345795),
(359, 1, 'Usuário se conectou no console do operador', '127.0.0.1', 'Mozilla/5.0 (Macintosh; Intel Mac OS X 10_12_3) AppleWebKit/537.36 (KHTML, like Gecko) Chrome/56.0.2924.87 Safari/537.36', 1487345797),
(360, 1, 'Usuário se desconectou do console do operador. Tempo ativo: 00:00:05', '127.0.0.1', 'Mozilla/5.0 (Macintosh; Intel Mac OS X 10_12_3) AppleWebKit/537.36 (KHTML, like Gecko) Chrome/56.0.2924.87 Safari/537.36', 1487345802),
(361, 1, 'Usuário se conectou no console do operador', '127.0.0.1', 'Mozilla/5.0 (Macintosh; Intel Mac OS X 10_12_3) AppleWebKit/537.36 (KHTML, like Gecko) Chrome/56.0.2924.87 Safari/537.36', 1487345806),
(362, 1, 'Usuário se desconectou do console do operador. Tempo ativo: 00:00:20', '127.0.0.1', 'Mozilla/5.0 (Macintosh; Intel Mac OS X 10_12_3) AppleWebKit/537.36 (KHTML, like Gecko) Chrome/56.0.2924.87 Safari/537.36', 1487345826),
(363, 1, 'Usuário se conectou no console do operador', '127.0.0.1', 'Mozilla/5.0 (Macintosh; Intel Mac OS X 10_12_3) AppleWebKit/537.36 (KHTML, like Gecko) Chrome/56.0.2924.87 Safari/537.36', 1487345828),
(364, 1, 'Usuário se desconectou do console do operador. Tempo ativo: 00:00:05', '127.0.0.1', 'Mozilla/5.0 (Macintosh; Intel Mac OS X 10_12_3) AppleWebKit/537.36 (KHTML, like Gecko) Chrome/56.0.2924.87 Safari/537.36', 1487345833),
(365, 1, 'Usuário se conectou no console do operador', '127.0.0.1', 'Mozilla/5.0 (Macintosh; Intel Mac OS X 10_12_3) AppleWebKit/537.36 (KHTML, like Gecko) Chrome/56.0.2924.87 Safari/537.36', 1487345853),
(366, 1, 'Usuário se desconectou do console do operador. Tempo ativo: 00:00:08', '127.0.0.1', 'Mozilla/5.0 (Macintosh; Intel Mac OS X 10_12_3) AppleWebKit/537.36 (KHTML, like Gecko) Chrome/56.0.2924.87 Safari/537.36', 1487345861),
(367, 1, 'Usuário se conectou no console do operador', '127.0.0.1', 'Mozilla/5.0 (Macintosh; Intel Mac OS X 10_12_3) AppleWebKit/537.36 (KHTML, like Gecko) Chrome/56.0.2924.87 Safari/537.36', 1487345863),
(368, 1, 'Usuário se desconectou do console do operador. Tempo ativo: 00:08:15', '127.0.0.1', 'Mozilla/5.0 (Macintosh; Intel Mac OS X 10_12_3) AppleWebKit/537.36 (KHTML, like Gecko) Chrome/56.0.2924.87 Safari/537.36', 1487346358),
(369, 1, 'Usuário se conectou no console do operador', '127.0.0.1', 'Mozilla/5.0 (Macintosh; Intel Mac OS X 10_12_3) AppleWebKit/537.36 (KHTML, like Gecko) Chrome/56.0.2924.87 Safari/537.36', 1487346359),
(370, 1, 'Usuário se desconectou do console do operador. Tempo ativo: 00:01:41', '127.0.0.1', 'Mozilla/5.0 (Macintosh; Intel Mac OS X 10_12_3) AppleWebKit/537.36 (KHTML, like Gecko) Chrome/56.0.2924.87 Safari/537.36', 1487346460),
(371, 1, 'Usuário se conectou no console do operador', '127.0.0.1', 'Mozilla/5.0 (Macintosh; Intel Mac OS X 10_12_3) AppleWebKit/537.36 (KHTML, like Gecko) Chrome/56.0.2924.87 Safari/537.36', 1487346462),
(372, 52, 'Consulta Finalizada', '127.0.0.1', '', 1487346467),
(373, 1, 'Consulta Finalizada', '127.0.0.1', '', 1487346467),
(374, 1, 'Usuário se desconectou do console do operador. Tempo ativo: 00:00:21', '127.0.0.1', 'Mozilla/5.0 (Macintosh; Intel Mac OS X 10_12_3) AppleWebKit/537.36 (KHTML, like Gecko) Chrome/56.0.2924.87 Safari/537.36', 1487346483),
(375, 1, 'Usuário se conectou no console do operador', '127.0.0.1', 'Mozilla/5.0 (Macintosh; Intel Mac OS X 10_12_3) AppleWebKit/537.36 (KHTML, like Gecko) Chrome/56.0.2924.87 Safari/537.36', 1487346486),
(376, 52, 'Consulta Finalizada', '127.0.0.1', '', 1487346500),
(377, 1, 'Consulta Finalizada', '127.0.0.1', '', 1487346500),
(378, 1, 'Usuário se desconectou do console do operador. Tempo ativo: 00:01:10', '127.0.0.1', 'Mozilla/5.0 (Macintosh; Intel Mac OS X 10_12_3) AppleWebKit/537.36 (KHTML, like Gecko) Chrome/56.0.2924.87 Safari/537.36', 1487346556),
(379, 1, 'Usuário se conectou no console do operador', '127.0.0.1', 'Mozilla/5.0 (Macintosh; Intel Mac OS X 10_12_3) AppleWebKit/537.36 (KHTML, like Gecko) Chrome/56.0.2924.87 Safari/537.36', 1487346559),
(380, 1, 'Usuário se desconectou do console do operador. Tempo ativo: 00:00:03', '127.0.0.1', 'Mozilla/5.0 (Macintosh; Intel Mac OS X 10_12_3) AppleWebKit/537.36 (KHTML, like Gecko) Chrome/56.0.2924.87 Safari/537.36', 1487346562),
(381, 1, 'Usuário se conectou no console do operador', '127.0.0.1', 'Mozilla/5.0 (Macintosh; Intel Mac OS X 10_12_3) AppleWebKit/537.36 (KHTML, like Gecko) Chrome/56.0.2924.87 Safari/537.36', 1487346565),
(382, 52, 'Consulta com o operador "" Finalizada', '127.0.0.1', '', 1487346793),
(383, 1, 'Consulta Finalizada', '127.0.0.1', '', 1487346793),
(384, 1, 'Usuário se desconectou do console do operador. Tempo ativo: 00:04:19', '127.0.0.1', 'Mozilla/5.0 (Macintosh; Intel Mac OS X 10_12_3) AppleWebKit/537.36 (KHTML, like Gecko) Chrome/56.0.2924.87 Safari/537.36', 1487346824),
(385, 1, 'Usuário se conectou no console do operador', '127.0.0.1', 'Mozilla/5.0 (Macintosh; Intel Mac OS X 10_12_3) AppleWebKit/537.36 (KHTML, like Gecko) Chrome/56.0.2924.87 Safari/537.36', 1487346827),
(386, 1, 'Usuário se desconectou do console do operador. Tempo ativo: 00:00:04', '127.0.0.1', 'Mozilla/5.0 (Macintosh; Intel Mac OS X 10_12_3) AppleWebKit/537.36 (KHTML, like Gecko) Chrome/56.0.2924.87 Safari/537.36', 1487346831),
(387, 1, 'Usuário se conectou no console do operador', '127.0.0.1', 'Mozilla/5.0 (Macintosh; Intel Mac OS X 10_12_3) AppleWebKit/537.36 (KHTML, like Gecko) Chrome/56.0.2924.87 Safari/537.36', 1487346834),
(388, 52, 'Consulta com o operador  Finalizada', '127.0.0.1', '', 1487346920),
(389, 1, 'Consulta Finalizada', '127.0.0.1', '', 1487346920),
(390, 1, 'Usuário se desconectou do console do operador. Tempo ativo: 00:02:01', '127.0.0.1', 'Mozilla/5.0 (Macintosh; Intel Mac OS X 10_12_3) AppleWebKit/537.36 (KHTML, like Gecko) Chrome/56.0.2924.87 Safari/537.36', 1487346955),
(391, 1, 'Usuário se conectou no console do operador', '127.0.0.1', 'Mozilla/5.0 (Macintosh; Intel Mac OS X 10_12_3) AppleWebKit/537.36 (KHTML, like Gecko) Chrome/56.0.2924.87 Safari/537.36', 1487346956),
(392, 52, 'Consulta com o operador Sequi corporis. Finalizada', '127.0.0.1', '', 1487346962),
(393, 1, 'Consulta Finalizada', '127.0.0.1', '', 1487346962),
(394, 1, 'Usuário se desconectou do console do operador. Tempo ativo: 00:05:35', '127.0.0.1', 'Mozilla/5.0 (Macintosh; Intel Mac OS X 10_12_3) AppleWebKit/537.36 (KHTML, like Gecko) Chrome/56.0.2924.87 Safari/537.36', 1487347291),
(395, 1, 'Usuário se conectou no console do operador', '127.0.0.1', 'Mozilla/5.0 (Macintosh; Intel Mac OS X 10_12_3) AppleWebKit/537.36 (KHTML, like Gecko) Chrome/56.0.2924.87 Safari/537.36', 1487347292),
(396, 52, 'Consulta com o operador Sequi corporis. Finalizada', '127.0.0.1', '', 1487347295),
(397, 1, 'Consulta Finalizada', '127.0.0.1', '', 1487347295),
(398, 52, 'Consulta com o operador #51 Sequi corporis. Finalizada', '127.0.0.1', '', 1487347626),
(400, 52, 'Consulta com o operador #51 Sequi corporis. Finalizada', '127.0.0.1', '', 1487347705),
(401, 1, 'Consulta com o usuário #52 Josue O ManeFinalizada', '127.0.0.1', '', 1487347705),
(402, 1, 'O Usuário com o Operador: #51 rejeitou uma chamada do Usuário: #52', '127.0.0.1', 'Mozilla/5.0 (Macintosh; Intel Mac OS X 10_12_3) AppleWebKit/537.36 (KHTML, like Gecko) Chrome/56.0.2924.87 Safari/537.36', 1487347775),
(403, 52, 'Consulta com o operador #51 "Sequi corporis." Finalizada', '127.0.0.1', '', 1487347794),
(404, 1, 'Consulta com o usuário #52 "Josue O Mane" Finalizada', '127.0.0.1', '', 1487347794),
(405, 1, 'Usuário se desconectou do console do operador. Tempo ativo: 00:12:03', '127.0.0.1', 'Mozilla/5.0 (Macintosh; Intel Mac OS X 10_12_3) AppleWebKit/537.36 (KHTML, like Gecko) Chrome/56.0.2924.87 Safari/537.36', 1487348015),
(406, 1, 'Usuário se conectou no console do operador', '127.0.0.1', 'Mozilla/5.0 (Macintosh; Intel Mac OS X 10_12_3) AppleWebKit/537.36 (KHTML, like Gecko) Chrome/56.0.2924.87 Safari/537.36', 1487348017),
(407, 1, 'Usuário se desconectou do console do operador. Tempo ativo: 00:00:05', '127.0.0.1', 'Mozilla/5.0 (Macintosh; Intel Mac OS X 10_12_3) AppleWebKit/537.36 (KHTML, like Gecko) Chrome/56.0.2924.87 Safari/537.36', 1487348022),
(408, 1, 'Usuário se conectou no console do operador', '127.0.0.1', 'Mozilla/5.0 (Macintosh; Intel Mac OS X 10_12_3) AppleWebKit/537.36 (KHTML, like Gecko) Chrome/56.0.2924.87 Safari/537.36', 1487348023),
(409, 1, 'Usuário se desconectou do console do operador. Tempo ativo: 00:02:41', '127.0.0.1', 'Mozilla/5.0 (Macintosh; Intel Mac OS X 10_12_3) AppleWebKit/537.36 (KHTML, like Gecko) Chrome/56.0.2924.87 Safari/537.36', 1487348185),
(410, 1, 'Usuário se conectou no console do operador', '127.0.0.1', 'Mozilla/5.0 (Macintosh; Intel Mac OS X 10_12_3) AppleWebKit/537.36 (KHTML, like Gecko) Chrome/56.0.2924.87 Safari/537.36', 1487348187),
(411, 1, 'Usuário se desconectou do console do operador. Tempo ativo: 00:00:05', '127.0.0.1', 'Mozilla/5.0 (Macintosh; Intel Mac OS X 10_12_3) AppleWebKit/537.36 (KHTML, like Gecko) Chrome/56.0.2924.87 Safari/537.36', 1487348192),
(412, 1, 'Usuário se conectou no console do operador', '127.0.0.1', 'Mozilla/5.0 (Macintosh; Intel Mac OS X 10_12_3) AppleWebKit/537.36 (KHTML, like Gecko) Chrome/56.0.2924.87 Safari/537.36', 1487348193),
(413, 52, 'Consulta com o operador #51 "Sequi corporis." Finalizada', '127.0.0.1', '', 1487348294),
(414, 1, 'Consulta com o usuário #52 "Josue O Mane" Finalizada', '127.0.0.1', '', 1487348294),
(415, 52, 'Consulta com o operador #51 "Sequi corporis." Finalizada', '127.0.0.1', '', 1487348332),
(416, 1, 'Consulta com o usuário #52 "Josue O Mane" Finalizada', '127.0.0.1', '', 1487348332),
(417, 52, 'Consulta com o operador #51 "Sequi corporis." Iniciada', '127.0.0.1', '', 1487348352),
(418, 1, 'Consulta com o usuário #52 "Josue O Mane" Iniciada', '127.0.0.1', '', 1487348352),
(419, 1, 'Usuário se desconectou do console do operador. Tempo ativo: 00:04:02', '127.0.0.1', 'Mozilla/5.0 (Macintosh; Intel Mac OS X 10_12_3) AppleWebKit/537.36 (KHTML, like Gecko) Chrome/56.0.2924.87 Safari/537.36', 1487348435),
(420, 1, 'Usuário se conectou no console do operador', '127.0.0.1', 'Mozilla/5.0 (Macintosh; Intel Mac OS X 10_12_3) AppleWebKit/537.36 (KHTML, like Gecko) Chrome/56.0.2924.87 Safari/537.36', 1487348439),
(421, 1, 'Usuário se desconectou do console do operador. Tempo ativo: 00:00:03', '127.0.0.1', 'Mozilla/5.0 (Macintosh; Intel Mac OS X 10_12_3) AppleWebKit/537.36 (KHTML, like Gecko) Chrome/56.0.2924.87 Safari/537.36', 1487348442),
(422, 1, 'Usuário se conectou no console do operador', '127.0.0.1', 'Mozilla/5.0 (Macintosh; Intel Mac OS X 10_12_3) AppleWebKit/537.36 (KHTML, like Gecko) Chrome/56.0.2924.87 Safari/537.36', 1487348445),
(423, 1, 'Usuário se desconectou do console do operador. Tempo ativo: 00:00:33', '127.0.0.1', 'Mozilla/5.0 (Macintosh; Intel Mac OS X 10_12_3) AppleWebKit/537.36 (KHTML, like Gecko) Chrome/56.0.2924.87 Safari/537.36', 1487348478),
(424, 1, 'Usuário se conectou no console do operador', '127.0.0.1', 'Mozilla/5.0 (Macintosh; Intel Mac OS X 10_12_3) AppleWebKit/537.36 (KHTML, like Gecko) Chrome/56.0.2924.87 Safari/537.36', 1487348480),
(425, 1, 'Usuário se desconectou do console do operador. Tempo ativo: 00:00:05', '127.0.0.1', 'Mozilla/5.0 (Macintosh; Intel Mac OS X 10_12_3) AppleWebKit/537.36 (KHTML, like Gecko) Chrome/56.0.2924.87 Safari/537.36', 1487348485),
(426, 1, 'Usuário se conectou no console do operador', '127.0.0.1', 'Mozilla/5.0 (Macintosh; Intel Mac OS X 10_12_3) AppleWebKit/537.36 (KHTML, like Gecko) Chrome/56.0.2924.87 Safari/537.36', 1487348488),
(427, 1, 'Usuário se desconectou do console do operador. Tempo ativo: 00:00:26', '127.0.0.1', 'Mozilla/5.0 (Macintosh; Intel Mac OS X 10_12_3) AppleWebKit/537.36 (KHTML, like Gecko) Chrome/56.0.2924.87 Safari/537.36', 1487348514),
(428, 1, 'Usuário se conectou no console do operador', '127.0.0.1', 'Mozilla/5.0 (Macintosh; Intel Mac OS X 10_12_3) AppleWebKit/537.36 (KHTML, like Gecko) Chrome/56.0.2924.87 Safari/537.36', 1487348516),
(429, 1, 'Usuário se desconectou do console do operador. Tempo ativo: 00:00:05', '127.0.0.1', 'Mozilla/5.0 (Macintosh; Intel Mac OS X 10_12_3) AppleWebKit/537.36 (KHTML, like Gecko) Chrome/56.0.2924.87 Safari/537.36', 1487348521),
(430, 1, 'Usuário se conectou no console do operador', '127.0.0.1', 'Mozilla/5.0 (Macintosh; Intel Mac OS X 10_12_3) AppleWebKit/537.36 (KHTML, like Gecko) Chrome/56.0.2924.87 Safari/537.36', 1487348522),
(431, 1, 'Usuário se desconectou do console do operador. Tempo ativo: 00:04:54', '127.0.0.1', 'Mozilla/5.0 (Macintosh; Intel Mac OS X 10_12_3) AppleWebKit/537.36 (KHTML, like Gecko) Chrome/56.0.2924.87 Safari/537.36', 1487348816),
(432, 1, 'Usuário se conectou no console do operador', '127.0.0.1', 'Mozilla/5.0 (Macintosh; Intel Mac OS X 10_12_3) AppleWebKit/537.36 (KHTML, like Gecko) Chrome/56.0.2924.87 Safari/537.36', 1487348818),
(433, 52, 'Consulta de 00:00:00 com o Operador #51 "Sequi corporis." Iniciada', '127.0.0.1', '', 1487348828),
(434, 1, 'Consulta de 00:00:00 com o Usuário #52 "Josue O Mane" Iniciada', '127.0.0.1', '', 1487348828),
(435, 52, 'Consulta com um total de 2703 com o Operador #51 "Sequi corporis." Finalizada', '127.0.0.1', '', 1487348834),
(436, 1, 'Consulta com um total de 2703 com o Usuário #52 "Josue O Mane" Finalizada', '127.0.0.1', '', 1487348834),
(437, 52, 'Consulta de 00:45:03 com o Operador #51 "Sequi corporis." Iniciada', '127.0.0.1', '', 1487348914),
(438, 1, 'Consulta de 00:45:03 com o Usuário #52 "Josue O Mane" Iniciada', '127.0.0.1', '', 1487348914),
(439, 52, 'Consulta com um total de 00:44:55 com o Operador #51 "Sequi corporis." Finalizada', '127.0.0.1', '', 1487348922),
(440, 1, 'Consulta com um total de 00:44:55 com o Usuário #52 "Josue O Mane" Finalizada', '127.0.0.1', '', 1487348922),
(441, 1, 'Usuário se desconectou do console do operador. Tempo ativo: 00:02:31', '127.0.0.1', 'Mozilla/5.0 (Macintosh; Intel Mac OS X 10_12_3) AppleWebKit/537.36 (KHTML, like Gecko) Chrome/56.0.2924.87 Safari/537.36', 1487348969),
(442, 1, 'Usuário se conectou no console do operador', '127.0.0.1', 'Mozilla/5.0 (Macintosh; Intel Mac OS X 10_12_3) AppleWebKit/537.36 (KHTML, like Gecko) Chrome/56.0.2924.87 Safari/537.36', 1487348970),
(443, 52, 'Consulta de 00:44:55 com o Operador #51 "Sequi corporis." Iniciada', '127.0.0.1', '', 1487348975),
(444, 1, 'Consulta de 00:44:55 com o Usuário #52 "Josue O Mane" Iniciada', '127.0.0.1', '', 1487348975),
(445, 52, 'Consulta com um total de 00:00:03 com o Operador #51 "Sequi corporis." Finalizada', '127.0.0.1', '', 1487348979),
(446, 1, 'Consulta com um total de 00:00:03 com o Usuário #52 "Josue O Mane" Finalizada', '127.0.0.1', '', 1487348979),
(447, 1, 'Usuário se desconectou do console do operador. Tempo ativo: 01:10:09', '127.0.0.1', 'Mozilla/5.0 (Macintosh; Intel Mac OS X 10_12_3) AppleWebKit/537.36 (KHTML, like Gecko) Chrome/56.0.2924.87 Safari/537.36', 1487353179),
(448, 1, 'Usuário se conectou no console do operador', '127.0.0.1', 'Mozilla/5.0 (Macintosh; Intel Mac OS X 10_12_3) AppleWebKit/537.36 (KHTML, like Gecko) Chrome/56.0.2924.87 Safari/537.36', 1488760716),
(449, 52, 'Consulta de 00:44:52 com o Operador #47 "Negro" Iniciada', '127.0.0.1', '', 1488760898),
(450, 1, 'Consulta de 00:44:52 com o Usuário #52 "Josue O Mane" Iniciada', '127.0.0.1', '', 1488760898),
(451, 1, 'Usuário se desconectou do console do operador. Tempo ativo: 00:04:03', '127.0.0.1', 'Mozilla/5.0 (Macintosh; Intel Mac OS X 10_12_3) AppleWebKit/537.36 (KHTML, like Gecko) Chrome/56.0.2924.87 Safari/537.36', 1488760959),
(452, 1, 'Usuário se conectou no console do operador', '127.0.0.1', 'Mozilla/5.0 (Macintosh; Intel Mac OS X 10_12_3) AppleWebKit/537.36 (KHTML, like Gecko) Chrome/56.0.2924.87 Safari/537.36', 1488760963),
(453, 1, 'Usuário se desconectou do console do operador. Tempo ativo: 00:00:03', '127.0.0.1', 'Mozilla/5.0 (Macintosh; Intel Mac OS X 10_12_3) AppleWebKit/537.36 (KHTML, like Gecko) Chrome/56.0.2924.87 Safari/537.36', 1488760966),
(454, 1, 'Usuário se desconectou do console do operador. Tempo ativo: 00:00:03', '127.0.0.1', 'Mozilla/5.0 (Macintosh; Intel Mac OS X 10_12_3) AppleWebKit/537.36 (KHTML, like Gecko) Chrome/56.0.2924.87 Safari/537.36', 1488760969),
(455, 1, 'Usuário se conectou no console do operador', '127.0.0.1', 'Mozilla/5.0 (Macintosh; Intel Mac OS X 10_12_3) AppleWebKit/537.36 (KHTML, like Gecko) Chrome/56.0.2924.87 Safari/537.36', 1488760970),
(456, 1, 'Usuário se conectou no console do operador', '127.0.0.1', 'Mozilla/5.0 (Macintosh; Intel Mac OS X 10_12_3) AppleWebKit/537.36 (KHTML, like Gecko) Chrome/56.0.2924.87 Safari/537.36', 1488760971),
(457, 52, 'Consulta de 00:44:52 com o Operador #47 "Negro" Iniciada', '127.0.0.1', '', 1488760975),
(458, 1, 'Consulta de 00:44:52 com o Usuário #52 "Josue O Mane" Iniciada', '127.0.0.1', '', 1488760975),
(459, 1, 'Usuário se desconectou do console do operador. Tempo ativo: 00:03:40', '127.0.0.1', 'Mozilla/5.0 (Macintosh; Intel Mac OS X 10_12_3) AppleWebKit/537.36 (KHTML, like Gecko) Chrome/56.0.2924.87 Safari/537.36', 1488761191),
(460, 1, 'Usuário se conectou no console do operador', '127.0.0.1', 'Mozilla/5.0 (Macintosh; Intel Mac OS X 10_12_3) AppleWebKit/537.36 (KHTML, like Gecko) Chrome/56.0.2924.87 Safari/537.36', 1488761193),
(461, 1, 'Usuário se desconectou do console do operador. Tempo ativo: 00:00:05', '127.0.0.1', 'Mozilla/5.0 (Macintosh; Intel Mac OS X 10_12_3) AppleWebKit/537.36 (KHTML, like Gecko) Chrome/56.0.2924.87 Safari/537.36', 1488761198),
(462, 1, 'Usuário se conectou no console do operador', '127.0.0.1', 'Mozilla/5.0 (Macintosh; Intel Mac OS X 10_12_3) AppleWebKit/537.36 (KHTML, like Gecko) Chrome/56.0.2924.87 Safari/537.36', 1488761200),
(463, 52, 'Consulta de 00:44:52 com o Operador #47 "Negro" Iniciada', '127.0.0.1', '', 1488761205),
(464, 1, 'Consulta de 00:44:52 com o Usuário #52 "Josue O Mane" Iniciada', '127.0.0.1', '', 1488761205),
(465, 1, 'Usuário se desconectou do console do operador. Tempo ativo: 00:02:05', '127.0.0.1', 'Mozilla/5.0 (Macintosh; Intel Mac OS X 10_12_3) AppleWebKit/537.36 (KHTML, like Gecko) Chrome/56.0.2924.87 Safari/537.36', 1488761325),
(466, 1, 'Usuário se conectou no console do operador', '127.0.0.1', 'Mozilla/5.0 (Macintosh; Intel Mac OS X 10_12_3) AppleWebKit/537.36 (KHTML, like Gecko) Chrome/56.0.2924.87 Safari/537.36', 1488761328),
(467, 1, 'Usuário se desconectou do console do operador. Tempo ativo: 00:00:03', '127.0.0.1', 'Mozilla/5.0 (Macintosh; Intel Mac OS X 10_12_3) AppleWebKit/537.36 (KHTML, like Gecko) Chrome/56.0.2924.87 Safari/537.36', 1488761331),
(468, 1, 'Usuário se conectou no console do operador', '127.0.0.1', 'Mozilla/5.0 (Macintosh; Intel Mac OS X 10_12_3) AppleWebKit/537.36 (KHTML, like Gecko) Chrome/56.0.2924.87 Safari/537.36', 1488761334),
(469, 52, 'Consulta de 00:44:52 com o Operador #47 "Negro" Iniciada', '127.0.0.1', '', 1488761339),
(470, 1, 'Consulta de 00:44:52 com o Usuário #52 "Josue O Mane" Iniciada', '127.0.0.1', '', 1488761339),
(471, 52, 'Consulta com um total de 00:01:48 com o Operador #47 "Negro" Finalizada', '127.0.0.1', '', 1488761447),
(472, 1, 'Consulta com um total de 00:01:48 com o Usuário #52 "Josue O Mane" Finalizada', '127.0.0.1', '', 1488761447),
(473, 1, 'Usuário se desconectou do console do operador. Tempo ativo: 00:06:40', '127.0.0.1', 'Mozilla/5.0 (Macintosh; Intel Mac OS X 10_12_3) AppleWebKit/537.36 (KHTML, like Gecko) Chrome/56.0.2924.87 Safari/537.36', 1488761734),
(474, 1, 'Usuário se conectou no console do operador', '127.0.0.1', 'Mozilla/5.0 (Macintosh; Intel Mac OS X 10_12_3) AppleWebKit/537.36 (KHTML, like Gecko) Chrome/56.0.2924.87 Safari/537.36', 1488761737),
(475, 1, 'Usuário se desconectou do console do operador. Tempo ativo: 00:00:04', '127.0.0.1', 'Mozilla/5.0 (Macintosh; Intel Mac OS X 10_12_3) AppleWebKit/537.36 (KHTML, like Gecko) Chrome/56.0.2924.87 Safari/537.36', 1488761741),
(476, 1, 'Usuário se conectou no console do operador', '127.0.0.1', 'Mozilla/5.0 (Macintosh; Intel Mac OS X 10_12_3) AppleWebKit/537.36 (KHTML, like Gecko) Chrome/56.0.2924.87 Safari/537.36', 1488761744),
(477, 52, 'Consulta de 00:43:04 com o Operador #47 "Negro" Iniciada', '127.0.0.1', '', 1488761750),
(478, 1, 'Consulta de 00:43:04 com o Usuário #52 "Josue O Mane" Iniciada', '127.0.0.1', '', 1488761750),
(479, 1, 'Usuário se desconectou do console do operador. Tempo ativo: 00:01:36', '127.0.0.1', 'Mozilla/5.0 (Macintosh; Intel Mac OS X 10_12_3) AppleWebKit/537.36 (KHTML, like Gecko) Chrome/56.0.2924.87 Safari/537.36', 1488761840),
(480, 1, 'Usuário se conectou no console do operador', '127.0.0.1', 'Mozilla/5.0 (Macintosh; Intel Mac OS X 10_12_3) AppleWebKit/537.36 (KHTML, like Gecko) Chrome/56.0.2924.87 Safari/537.36', 1488761842),
(481, 1, 'Usuário se desconectou do console do operador. Tempo ativo: 00:00:05', '127.0.0.1', 'Mozilla/5.0 (Macintosh; Intel Mac OS X 10_12_3) AppleWebKit/537.36 (KHTML, like Gecko) Chrome/56.0.2924.87 Safari/537.36', 1488761847),
(482, 1, 'Usuário se conectou no console do operador', '127.0.0.1', 'Mozilla/5.0 (Macintosh; Intel Mac OS X 10_12_3) AppleWebKit/537.36 (KHTML, like Gecko) Chrome/56.0.2924.87 Safari/537.36', 1488761848),
(483, 52, 'Consulta de 00:43:04 com o Operador #47 "Negro" Iniciada', '127.0.0.1', '', 1488761852),
(484, 1, 'Consulta de 00:43:04 com o Usuário #52 "Josue O Mane" Iniciada', '127.0.0.1', '', 1488761852),
(485, 52, 'Consulta com um total de 00:03:04 com o Operador #47 "Negro" Finalizada', '127.0.0.1', '', 1488762036),
(486, 1, 'Consulta com um total de 00:03:04 com o Usuário #52 "Josue O Mane" Finalizada', '127.0.0.1', '', 1488762036),
(487, 1, 'Usuário se desconectou do console do operador. Tempo ativo: 00:06:27', '127.0.0.1', 'Mozilla/5.0 (Macintosh; Intel Mac OS X 10_12_3) AppleWebKit/537.36 (KHTML, like Gecko) Chrome/56.0.2924.87 Safari/537.36', 1488762235),
(488, 1, 'Usuário se conectou no console do operador', '127.0.0.1', 'Mozilla/5.0 (Macintosh; Intel Mac OS X 10_12_3) AppleWebKit/537.36 (KHTML, like Gecko) Chrome/56.0.2924.87 Safari/537.36', 1488762236),
(489, 52, 'Consulta de 00:40:00 com o Operador #47 "Negro" Iniciada', '127.0.0.1', '', 1488762240),
(490, 1, 'Consulta de 00:40:00 com o Usuário #52 "Josue O Mane" Iniciada', '127.0.0.1', '', 1488762240),
(491, 1, 'Usuário se desconectou do console do operador. Tempo ativo: 00:23:06', '127.0.0.1', 'Mozilla/5.0 (Macintosh; Intel Mac OS X 10_12_3) AppleWebKit/537.36 (KHTML, like Gecko) Chrome/56.0.2924.87 Safari/537.36', 1488763622),
(492, 1, 'Usuário se conectou no console do operador', '127.0.0.1', 'Mozilla/5.0 (Macintosh; Intel Mac OS X 10_12_3) AppleWebKit/537.36 (KHTML, like Gecko) Chrome/56.0.2924.87 Safari/537.36', 1488763623),
(493, 1, 'Usuário se desconectou do console do operador. Tempo ativo: 00:00:06', '127.0.0.1', 'Mozilla/5.0 (Macintosh; Intel Mac OS X 10_12_3) AppleWebKit/537.36 (KHTML, like Gecko) Chrome/56.0.2924.87 Safari/537.36', 1488763629),
(494, 1, 'Usuário se conectou no console do operador', '127.0.0.1', 'Mozilla/5.0 (Macintosh; Intel Mac OS X 10_12_3) AppleWebKit/537.36 (KHTML, like Gecko) Chrome/56.0.2924.87 Safari/537.36', 1488763631),
(495, 1, 'Usuário se desconectou do console do operador. Tempo ativo: 00:00:05', '127.0.0.1', 'Mozilla/5.0 (Macintosh; Intel Mac OS X 10_12_3) AppleWebKit/537.36 (KHTML, like Gecko) Chrome/56.0.2924.87 Safari/537.36', 1488763636),
(496, 1, 'Usuário se conectou no console do operador', '127.0.0.1', 'Mozilla/5.0 (Macintosh; Intel Mac OS X 10_12_3) AppleWebKit/537.36 (KHTML, like Gecko) Chrome/56.0.2924.87 Safari/537.36', 1488763638),
(497, 1, 'Usuário se desconectou do console do operador. Tempo ativo: 00:00:04', '127.0.0.1', 'Mozilla/5.0 (Macintosh; Intel Mac OS X 10_12_3) AppleWebKit/537.36 (KHTML, like Gecko) Chrome/56.0.2924.87 Safari/537.36', 1488763642),
(498, 1, 'Usuário se conectou no console do operador', '127.0.0.1', 'Mozilla/5.0 (Macintosh; Intel Mac OS X 10_12_3) AppleWebKit/537.36 (KHTML, like Gecko) Chrome/56.0.2924.87 Safari/537.36', 1488763645),
(499, 1, 'Usuário se desconectou do console do operador. Tempo ativo: 00:00:21', '127.0.0.1', 'Mozilla/5.0 (Macintosh; Intel Mac OS X 10_12_3) AppleWebKit/537.36 (KHTML, like Gecko) Chrome/56.0.2924.87 Safari/537.36', 1488763666),
(500, 1, 'Usuário se conectou no console do operador', '127.0.0.1', 'Mozilla/5.0 (Macintosh; Intel Mac OS X 10_12_3) AppleWebKit/537.36 (KHTML, like Gecko) Chrome/56.0.2924.87 Safari/537.36', 1488763668),
(501, 1, 'Usuário se desconectou do console do operador. Tempo ativo: 00:00:04', '127.0.0.1', 'Mozilla/5.0 (Macintosh; Intel Mac OS X 10_12_3) AppleWebKit/537.36 (KHTML, like Gecko) Chrome/56.0.2924.87 Safari/537.36', 1488763672),
(502, 1, 'Usuário se conectou no console do operador', '127.0.0.1', 'Mozilla/5.0 (Macintosh; Intel Mac OS X 10_12_3) AppleWebKit/537.36 (KHTML, like Gecko) Chrome/56.0.2924.87 Safari/537.36', 1488763674),
(503, 52, 'Consulta de 00:40:00 com o Operador #47 "Negro" Iniciada', '127.0.0.1', '', 1488763689),
(504, 1, 'Consulta de 00:40:00 com o Usuário #52 "Josue O Mane" Iniciada', '127.0.0.1', '', 1488763689),
(505, 52, 'Consulta com um total de 00:11:12 com o Operador #47 "Negro" Finalizada', '127.0.0.1', '', 1488764362),
(506, 1, 'Consulta com um total de 00:11:12 com o Usuário #52 "Josue O Mane" Finalizada', '127.0.0.1', '', 1488764362),
(507, 52, 'Consulta de 00:28:48 com o Operador #47 "Negro" Iniciada', '127.0.0.1', '', 1488764380);
INSERT INTO `p_users_logs` (`id`, `user_id`, `message`, `ip_address`, `user_agent`, `date`) VALUES
(508, 1, 'Consulta de 00:28:48 com o Usuário #52 "Josue O Mane" Iniciada', '127.0.0.1', '', 1488764380),
(509, 52, 'Consulta com um total de 00:28:48 com o Operador #47 "Negro" Finalizada', '127.0.0.1', '', 1488766108),
(510, 1, 'Consulta com um total de 00:28:48 com o Usuário #52 "Josue O Mane" Finalizada', '127.0.0.1', '', 1488766108),
(511, 52, 'Consulta de 01:40:00 com o Operador #47 "Negro" Iniciada', '127.0.0.1', '', 1488766487),
(512, 1, 'Consulta de 01:40:00 com o Usuário #52 "Josue O Mane" Iniciada', '127.0.0.1', '', 1488766487),
(513, 1, 'Usuário se desconectou do console do operador. Tempo ativo: 00:50:59', '127.0.0.1', 'Mozilla/5.0 (Macintosh; Intel Mac OS X 10_12_3) AppleWebKit/537.36 (KHTML, like Gecko) Chrome/56.0.2924.87 Safari/537.36', 1488766733),
(514, 1, 'Usuário se conectou no console do operador', '127.0.0.1', 'Mozilla/5.0 (Macintosh; Intel Mac OS X 10_12_3) AppleWebKit/537.36 (KHTML, like Gecko) Chrome/56.0.2924.87 Safari/537.36', 1488766736),
(515, 1, 'Usuário se desconectou do console do operador. Tempo ativo: 00:00:03', '127.0.0.1', 'Mozilla/5.0 (Macintosh; Intel Mac OS X 10_12_3) AppleWebKit/537.36 (KHTML, like Gecko) Chrome/56.0.2924.87 Safari/537.36', 1488766739),
(516, 1, 'Usuário se conectou no console do operador', '127.0.0.1', 'Mozilla/5.0 (Macintosh; Intel Mac OS X 10_12_3) AppleWebKit/537.36 (KHTML, like Gecko) Chrome/56.0.2924.87 Safari/537.36', 1488766742),
(517, 52, 'Consulta de 01:40:00 com o Operador #47 "Negro" Iniciada', '127.0.0.1', '', 1488768139),
(518, 1, 'Consulta de 01:40:00 com o Usuário #52 "Josue O Mane" Iniciada', '127.0.0.1', '', 1488768139),
(519, 52, 'Consulta com um total de 01:30:23 com o Operador #47 "Negro" Finalizada', '127.0.0.1', '', 1488773561),
(520, 1, 'Consulta com um total de 01:30:23 com o Usuário #52 "Josue O Mane" Finalizada', '127.0.0.1', '', 1488773561),
(521, 1, 'Usuário se desconectou do console do operador. Tempo ativo: 02:08:17', '127.0.0.1', 'Mozilla/5.0 (Macintosh; Intel Mac OS X 10_12_3) AppleWebKit/537.36 (KHTML, like Gecko) Chrome/56.0.2924.87 Safari/537.36', 1488774439),
(522, 1, 'Usuário se conectou no console do operador', '127.0.0.1', 'Mozilla/5.0 (Macintosh; Intel Mac OS X 10_12_3) AppleWebKit/537.36 (KHTML, like Gecko) Chrome/56.0.2924.87 Safari/537.36', 1488774694),
(523, 52, 'Consulta de 03:20:00 com o Operador #47 "Negro" Iniciada', '127.0.0.1', '', 1488774699),
(524, 1, 'Consulta de 03:20:00 com o Usuário #52 "Josue O Mane" Iniciada', '127.0.0.1', '', 1488774699),
(525, 1, 'Usuário se desconectou do console do operador. Tempo ativo: 00:01:33', '127.0.0.1', 'Mozilla/5.0 (Macintosh; Intel Mac OS X 10_12_3) AppleWebKit/537.36 (KHTML, like Gecko) Chrome/56.0.2924.87 Safari/537.36', 1488774787),
(526, 1, 'Usuário se conectou no console do operador', '127.0.0.1', 'Mozilla/5.0 (Macintosh; Intel Mac OS X 10_12_3) AppleWebKit/537.36 (KHTML, like Gecko) Chrome/56.0.2924.87 Safari/537.36', 1488774789),
(527, 1, 'Usuário se desconectou do console do operador. Tempo ativo: 00:00:05', '127.0.0.1', 'Mozilla/5.0 (Macintosh; Intel Mac OS X 10_12_3) AppleWebKit/537.36 (KHTML, like Gecko) Chrome/56.0.2924.87 Safari/537.36', 1488774794),
(528, 1, 'Usuário se conectou no console do operador', '127.0.0.1', 'Mozilla/5.0 (Macintosh; Intel Mac OS X 10_12_3) AppleWebKit/537.36 (KHTML, like Gecko) Chrome/56.0.2924.87 Safari/537.36', 1488774796),
(529, 1, 'Usuário se desconectou do console do operador. Tempo ativo: 00:00:05', '127.0.0.1', 'Mozilla/5.0 (Macintosh; Intel Mac OS X 10_12_3) AppleWebKit/537.36 (KHTML, like Gecko) Chrome/56.0.2924.87 Safari/537.36', 1488774801),
(530, 1, 'Usuário se conectou no console do operador', '127.0.0.1', 'Mozilla/5.0 (Macintosh; Intel Mac OS X 10_12_3) AppleWebKit/537.36 (KHTML, like Gecko) Chrome/56.0.2924.87 Safari/537.36', 1488774803),
(531, 1, 'Usuário se desconectou do console do operador. Tempo ativo: 00:00:05', '127.0.0.1', 'Mozilla/5.0 (Macintosh; Intel Mac OS X 10_12_3) AppleWebKit/537.36 (KHTML, like Gecko) Chrome/56.0.2924.87 Safari/537.36', 1488774808),
(532, 1, 'Usuário se conectou no console do operador', '127.0.0.1', 'Mozilla/5.0 (Macintosh; Intel Mac OS X 10_12_3) AppleWebKit/537.36 (KHTML, like Gecko) Chrome/56.0.2924.87 Safari/537.36', 1488774809),
(533, 1, 'Usuário se desconectou do console do operador. Tempo ativo: 00:00:00', '127.0.0.1', 'Mozilla/5.0 (Macintosh; Intel Mac OS X 10_12_3) AppleWebKit/537.36 (KHTML, like Gecko) Chrome/56.0.2924.87 Safari/537.36', 1488774809),
(534, 1, 'Usuário se conectou no console do operador', '127.0.0.1', 'Mozilla/5.0 (Macintosh; Intel Mac OS X 10_12_3) AppleWebKit/537.36 (KHTML, like Gecko) Chrome/56.0.2924.87 Safari/537.36', 1488774811),
(535, 1, 'Usuário se desconectou do console do operador. Tempo ativo: 00:00:05', '127.0.0.1', 'Mozilla/5.0 (Macintosh; Intel Mac OS X 10_12_3) AppleWebKit/537.36 (KHTML, like Gecko) Chrome/56.0.2924.87 Safari/537.36', 1488774816),
(536, 1, 'Usuário se conectou no console do operador', '127.0.0.1', 'Mozilla/5.0 (Macintosh; Intel Mac OS X 10_12_3) AppleWebKit/537.36 (KHTML, like Gecko) Chrome/56.0.2924.87 Safari/537.36', 1488774817),
(537, 52, 'Consulta de 03:20:00 com o Operador #47 "Negro" Iniciada', '127.0.0.1', '', 1488774822),
(538, 1, 'Consulta de 03:20:00 com o Usuário #52 "Josue O Mane" Iniciada', '127.0.0.1', '', 1488774822),
(539, 1, 'Usuário se desconectou do console do operador. Tempo ativo: 00:33:41', '127.0.0.1', 'Mozilla/5.0 (Macintosh; Intel Mac OS X 10_12_3) AppleWebKit/537.36 (KHTML, like Gecko) Chrome/56.0.2924.87 Safari/537.36', 1488776838),
(540, 52, 'Consulta com um total de 00:33:28 com o Operador #47 "Negro" Finalizada', '127.0.0.1', '', 1488776840),
(541, 1, 'Consulta com um total de 00:33:28 com o Usuário #52 "Josue O Mane" Finalizada', '127.0.0.1', '', 1488776840),
(542, 1, 'Usuário se conectou no console do operador', '127.0.0.1', 'Mozilla/5.0 (Macintosh; Intel Mac OS X 10_12_3) AppleWebKit/537.36 (KHTML, like Gecko) Chrome/56.0.2924.87 Safari/537.36', 1488776852),
(543, 1, 'Usuário se desconectou do console do operador. Tempo ativo: 00:04:23', '127.0.0.1', 'Mozilla/5.0 (Macintosh; Intel Mac OS X 10_12_3) AppleWebKit/537.36 (KHTML, like Gecko) Chrome/56.0.2924.87 Safari/537.36', 1488777115),
(544, 1, 'Usuário se conectou no console do operador', '127.0.0.1', 'Mozilla/5.0 (Macintosh; Intel Mac OS X 10_12_3) AppleWebKit/537.36 (KHTML, like Gecko) Chrome/56.0.2924.87 Safari/537.36', 1488777160),
(545, 1, 'Usuário se desconectou do console do operador. Tempo ativo: 00:07:19', '127.0.0.1', 'Mozilla/5.0 (Macintosh; Intel Mac OS X 10_12_3) AppleWebKit/537.36 (KHTML, like Gecko) Chrome/56.0.2924.87 Safari/537.36', 1488777600),
(546, 1, 'Usuário se conectou no console do operador', '127.0.0.1', 'Mozilla/5.0 (Macintosh; Intel Mac OS X 10_12_3) AppleWebKit/537.36 (KHTML, like Gecko) Chrome/56.0.2924.87 Safari/537.36', 1488777602),
(547, 1, 'Usuário se desconectou do console do operador. Tempo ativo: 00:00:01', '127.0.0.1', 'Mozilla/5.0 (Macintosh; Intel Mac OS X 10_12_3) AppleWebKit/537.36 (KHTML, like Gecko) Chrome/56.0.2924.87 Safari/537.36', 1488777604),
(548, 1, 'Usuário se conectou no console do operador', '127.0.0.1', 'Mozilla/5.0 (Macintosh; Intel Mac OS X 10_12_3) AppleWebKit/537.36 (KHTML, like Gecko) Chrome/56.0.2924.87 Safari/537.36', 1488777606),
(549, 1, 'Usuário se desconectou do console do operador. Tempo ativo: 00:00:02', '127.0.0.1', 'Mozilla/5.0 (Macintosh; Intel Mac OS X 10_12_3) AppleWebKit/537.36 (KHTML, like Gecko) Chrome/56.0.2924.87 Safari/537.36', 1488777608),
(550, 1, 'Usuário se conectou no console do operador', '127.0.0.1', 'Mozilla/5.0 (Macintosh; Intel Mac OS X 10_12_3) AppleWebKit/537.36 (KHTML, like Gecko) Chrome/56.0.2924.87 Safari/537.36', 1488777610),
(551, 1, 'Usuário se desconectou do console do operador. Tempo ativo: 00:00:01', '127.0.0.1', 'Mozilla/5.0 (Macintosh; Intel Mac OS X 10_12_3) AppleWebKit/537.36 (KHTML, like Gecko) Chrome/56.0.2924.87 Safari/537.36', 1488777611),
(552, 1, 'Usuário se conectou no console do operador', '127.0.0.1', 'Mozilla/5.0 (Macintosh; Intel Mac OS X 10_12_3) AppleWebKit/537.36 (KHTML, like Gecko) Chrome/56.0.2924.87 Safari/537.36', 1488777612),
(553, 1, 'Usuário se desconectou do console do operador. Tempo ativo: 00:54:18', '127.0.0.1', 'Mozilla/5.0 (Macintosh; Intel Mac OS X 10_12_3) AppleWebKit/537.36 (KHTML, like Gecko) Chrome/56.0.2924.87 Safari/537.36', 1488780870),
(554, 1, 'Usuário se conectou no console do operador', '127.0.0.1', 'Mozilla/5.0 (Macintosh; Intel Mac OS X 10_12_3) AppleWebKit/537.36 (KHTML, like Gecko) Chrome/56.0.2924.87 Safari/537.36', 1488780879),
(555, 1, 'Usuário se desconectou do console do operador. Tempo ativo: 00:02:20', '127.0.0.1', 'Mozilla/5.0 (Macintosh; Intel Mac OS X 10_12_3) AppleWebKit/537.36 (KHTML, like Gecko) Chrome/56.0.2924.87 Safari/537.36', 1488781019),
(556, 1, 'Usuário se conectou no console do operador', '127.0.0.1', 'Mozilla/5.0 (Macintosh; Intel Mac OS X 10_12_3) AppleWebKit/537.36 (KHTML, like Gecko) Chrome/56.0.2924.87 Safari/537.36', 1488781021),
(557, 1, 'Usuário se desconectou do console do operador. Tempo ativo: 00:00:04', '127.0.0.1', 'Mozilla/5.0 (Macintosh; Intel Mac OS X 10_12_3) AppleWebKit/537.36 (KHTML, like Gecko) Chrome/56.0.2924.87 Safari/537.36', 1488781025),
(558, 1, 'Usuário se conectou no console do operador', '127.0.0.1', 'Mozilla/5.0 (Macintosh; Intel Mac OS X 10_12_3) AppleWebKit/537.36 (KHTML, like Gecko) Chrome/56.0.2924.87 Safari/537.36', 1488781027),
(559, 1, 'Usuário se desconectou do console do operador. Tempo ativo: 00:00:58', '127.0.0.1', 'Mozilla/5.0 (Macintosh; Intel Mac OS X 10_12_3) AppleWebKit/537.36 (KHTML, like Gecko) Chrome/56.0.2924.87 Safari/537.36', 1488781085),
(560, 1, 'Usuário se conectou no console do operador', '127.0.0.1', 'Mozilla/5.0 (Macintosh; Intel Mac OS X 10_12_3) AppleWebKit/537.36 (KHTML, like Gecko) Chrome/56.0.2924.87 Safari/537.36', 1488781201),
(561, 1, 'Usuário se desconectou do console do operador. Tempo ativo: 00:01:54', '127.0.0.1', 'Mozilla/5.0 (Macintosh; Intel Mac OS X 10_12_3) AppleWebKit/537.36 (KHTML, like Gecko) Chrome/56.0.2924.87 Safari/537.36', 1488781315),
(562, 1, 'Usuário se conectou no console do operador', '127.0.0.1', 'Mozilla/5.0 (Macintosh; Intel Mac OS X 10_12_3) AppleWebKit/537.36 (KHTML, like Gecko) Chrome/56.0.2924.87 Safari/537.36', 1488781341),
(563, 1, 'Usuário se desconectou do console do operador. Tempo ativo: 00:00:09', '127.0.0.1', 'Mozilla/5.0 (Macintosh; Intel Mac OS X 10_12_3) AppleWebKit/537.36 (KHTML, like Gecko) Chrome/56.0.2924.87 Safari/537.36', 1488781350),
(564, 1, 'Usuário se conectou no console do operador', '127.0.0.1', 'Mozilla/5.0 (Macintosh; Intel Mac OS X 10_12_3) AppleWebKit/537.36 (KHTML, like Gecko) Chrome/56.0.2924.87 Safari/537.36', 1488781353),
(565, 1, 'Usuário se desconectou do console do operador. Tempo ativo: 00:00:05', '127.0.0.1', 'Mozilla/5.0 (Macintosh; Intel Mac OS X 10_12_3) AppleWebKit/537.36 (KHTML, like Gecko) Chrome/56.0.2924.87 Safari/537.36', 1488781358),
(566, 1, 'Usuário se conectou no console do operador', '127.0.0.1', 'Mozilla/5.0 (Macintosh; Intel Mac OS X 10_12_3) AppleWebKit/537.36 (KHTML, like Gecko) Chrome/56.0.2924.87 Safari/537.36', 1488781358),
(567, 1, 'Usuário se desconectou do console do operador. Tempo ativo: 00:00:28', '127.0.0.1', 'Mozilla/5.0 (Macintosh; Intel Mac OS X 10_12_3) AppleWebKit/537.36 (KHTML, like Gecko) Chrome/56.0.2924.87 Safari/537.36', 1488781386),
(568, 1, 'Usuário se conectou no console do operador', '127.0.0.1', 'Mozilla/5.0 (Macintosh; Intel Mac OS X 10_12_3) AppleWebKit/537.36 (KHTML, like Gecko) Chrome/56.0.2924.87 Safari/537.36', 1488781389),
(569, 1, 'Usuário se desconectou do console do operador. Tempo ativo: 00:00:03', '127.0.0.1', 'Mozilla/5.0 (Macintosh; Intel Mac OS X 10_12_3) AppleWebKit/537.36 (KHTML, like Gecko) Chrome/56.0.2924.87 Safari/537.36', 1488781392),
(570, 1, 'Usuário se conectou no console do operador', '127.0.0.1', 'Mozilla/5.0 (Macintosh; Intel Mac OS X 10_12_3) AppleWebKit/537.36 (KHTML, like Gecko) Chrome/56.0.2924.87 Safari/537.36', 1488781394),
(571, 1, 'Usuário se desconectou do console do operador. Tempo ativo: 00:00:26', '127.0.0.1', 'Mozilla/5.0 (Macintosh; Intel Mac OS X 10_12_3) AppleWebKit/537.36 (KHTML, like Gecko) Chrome/56.0.2924.87 Safari/537.36', 1488781420),
(572, 1, 'Usuário se conectou no console do operador', '127.0.0.1', 'Mozilla/5.0 (Macintosh; Intel Mac OS X 10_12_3) AppleWebKit/537.36 (KHTML, like Gecko) Chrome/56.0.2924.87 Safari/537.36', 1488781422),
(573, 1, 'Usuário se desconectou do console do operador. Tempo ativo: 00:00:04', '127.0.0.1', 'Mozilla/5.0 (Macintosh; Intel Mac OS X 10_12_3) AppleWebKit/537.36 (KHTML, like Gecko) Chrome/56.0.2924.87 Safari/537.36', 1488781426),
(574, 1, 'Usuário se conectou no console do operador', '127.0.0.1', 'Mozilla/5.0 (Macintosh; Intel Mac OS X 10_12_3) AppleWebKit/537.36 (KHTML, like Gecko) Chrome/56.0.2924.87 Safari/537.36', 1488781428),
(575, 1, 'Usuário se desconectou do console do operador. Tempo ativo: 00:00:11', '127.0.0.1', 'Mozilla/5.0 (Macintosh; Intel Mac OS X 10_12_3) AppleWebKit/537.36 (KHTML, like Gecko) Chrome/56.0.2924.87 Safari/537.36', 1488781439),
(576, 1, 'Usuário se conectou no console do operador', '127.0.0.1', 'Mozilla/5.0 (Macintosh; Intel Mac OS X 10_12_3) AppleWebKit/537.36 (KHTML, like Gecko) Chrome/56.0.2924.87 Safari/537.36', 1488781442),
(577, 1, 'Usuário se desconectou do console do operador. Tempo ativo: 00:00:03', '127.0.0.1', 'Mozilla/5.0 (Macintosh; Intel Mac OS X 10_12_3) AppleWebKit/537.36 (KHTML, like Gecko) Chrome/56.0.2924.87 Safari/537.36', 1488781445),
(578, 1, 'Usuário se conectou no console do operador', '127.0.0.1', 'Mozilla/5.0 (Macintosh; Intel Mac OS X 10_12_3) AppleWebKit/537.36 (KHTML, like Gecko) Chrome/56.0.2924.87 Safari/537.36', 1488781448),
(579, 1, 'Usuário se desconectou do console do operador. Tempo ativo: 00:01:08', '127.0.0.1', 'Mozilla/5.0 (Macintosh; Intel Mac OS X 10_12_3) AppleWebKit/537.36 (KHTML, like Gecko) Chrome/56.0.2924.87 Safari/537.36', 1488781516),
(580, 1, 'Usuário se conectou no console do operador', '127.0.0.1', 'Mozilla/5.0 (Macintosh; Intel Mac OS X 10_12_3) AppleWebKit/537.36 (KHTML, like Gecko) Chrome/56.0.2924.87 Safari/537.36', 1488781518),
(581, 1, 'Usuário se desconectou do console do operador. Tempo ativo: 00:00:05', '127.0.0.1', 'Mozilla/5.0 (Macintosh; Intel Mac OS X 10_12_3) AppleWebKit/537.36 (KHTML, like Gecko) Chrome/56.0.2924.87 Safari/537.36', 1488781523),
(582, 1, 'Usuário se conectou no console do operador', '127.0.0.1', 'Mozilla/5.0 (Macintosh; Intel Mac OS X 10_12_3) AppleWebKit/537.36 (KHTML, like Gecko) Chrome/56.0.2924.87 Safari/537.36', 1488781525),
(583, 52, 'Consulta de 02:46:32 com o Operador #47 "Negro" Iniciada', '127.0.0.1', '', 1488781659),
(584, 1, 'Consulta de 02:46:32 com o Usuário #52 "Josue O Mane" Iniciada', '127.0.0.1', '', 1488781659),
(585, 1, 'Usuário se desconectou do console do operador. Tempo ativo: 00:03:55', '127.0.0.1', 'Mozilla/5.0 (Macintosh; Intel Mac OS X 10_12_3) AppleWebKit/537.36 (KHTML, like Gecko) Chrome/56.0.2924.87 Safari/537.36', 1488781760),
(586, 1, 'Usuário se conectou no console do operador', '127.0.0.1', 'Mozilla/5.0 (Macintosh; Intel Mac OS X 10_12_3) AppleWebKit/537.36 (KHTML, like Gecko) Chrome/56.0.2924.87 Safari/537.36', 1488781762),
(587, 1, 'Usuário se desconectou do console do operador. Tempo ativo: 00:00:01', '127.0.0.1', 'Mozilla/5.0 (Macintosh; Intel Mac OS X 10_12_3) AppleWebKit/537.36 (KHTML, like Gecko) Chrome/56.0.2924.87 Safari/537.36', 1488781763),
(588, 1, 'Usuário se conectou no console do operador', '127.0.0.1', 'Mozilla/5.0 (Macintosh; Intel Mac OS X 10_12_3) AppleWebKit/537.36 (KHTML, like Gecko) Chrome/56.0.2924.87 Safari/537.36', 1488781765),
(589, 1, 'Usuário se desconectou do console do operador. Tempo ativo: 00:00:01', '127.0.0.1', 'Mozilla/5.0 (Macintosh; Intel Mac OS X 10_12_3) AppleWebKit/537.36 (KHTML, like Gecko) Chrome/56.0.2924.87 Safari/537.36', 1488781766),
(590, 1, 'Usuário se conectou no console do operador', '127.0.0.1', 'Mozilla/5.0 (Macintosh; Intel Mac OS X 10_12_3) AppleWebKit/537.36 (KHTML, like Gecko) Chrome/56.0.2924.87 Safari/537.36', 1488781769),
(591, 1, 'Usuário se desconectou do console do operador. Tempo ativo: 00:00:05', '127.0.0.1', 'Mozilla/5.0 (Macintosh; Intel Mac OS X 10_12_3) AppleWebKit/537.36 (KHTML, like Gecko) Chrome/56.0.2924.87 Safari/537.36', 1488781774),
(592, 1, 'Usuário se conectou no console do operador', '127.0.0.1', 'Mozilla/5.0 (Macintosh; Intel Mac OS X 10_12_3) AppleWebKit/537.36 (KHTML, like Gecko) Chrome/56.0.2924.87 Safari/537.36', 1488781777),
(593, 1, 'Usuário se desconectou do console do operador. Tempo ativo: 00:00:03', '127.0.0.1', 'Mozilla/5.0 (Macintosh; Intel Mac OS X 10_12_3) AppleWebKit/537.36 (KHTML, like Gecko) Chrome/56.0.2924.87 Safari/537.36', 1488781780),
(594, 1, 'Usuário se conectou no console do operador', '127.0.0.1', 'Mozilla/5.0 (Macintosh; Intel Mac OS X 10_12_3) AppleWebKit/537.36 (KHTML, like Gecko) Chrome/56.0.2924.87 Safari/537.36', 1488781782),
(595, 1, 'Usuário se desconectou do console do operador. Tempo ativo: 00:00:05', '127.0.0.1', 'Mozilla/5.0 (Macintosh; Intel Mac OS X 10_12_3) AppleWebKit/537.36 (KHTML, like Gecko) Chrome/56.0.2924.87 Safari/537.36', 1488781787),
(596, 1, 'Usuário se conectou no console do operador', '127.0.0.1', 'Mozilla/5.0 (Macintosh; Intel Mac OS X 10_12_3) AppleWebKit/537.36 (KHTML, like Gecko) Chrome/56.0.2924.87 Safari/537.36', 1488781789),
(597, 1, 'Usuário se desconectou do console do operador. Tempo ativo: 00:00:04', '127.0.0.1', 'Mozilla/5.0 (Macintosh; Intel Mac OS X 10_12_3) AppleWebKit/537.36 (KHTML, like Gecko) Chrome/56.0.2924.87 Safari/537.36', 1488781793),
(598, 1, 'Usuário se conectou no console do operador', '127.0.0.1', 'Mozilla/5.0 (Macintosh; Intel Mac OS X 10_12_3) AppleWebKit/537.36 (KHTML, like Gecko) Chrome/56.0.2924.87 Safari/537.36', 1488781796),
(599, 1, 'Usuário se desconectou do console do operador. Tempo ativo: 00:00:56', '127.0.0.1', 'Mozilla/5.0 (Macintosh; Intel Mac OS X 10_12_3) AppleWebKit/537.36 (KHTML, like Gecko) Chrome/56.0.2924.87 Safari/537.36', 1488781852),
(600, 1, 'Usuário se conectou no console do operador', '127.0.0.1', 'Mozilla/5.0 (Macintosh; Intel Mac OS X 10_12_3) AppleWebKit/537.36 (KHTML, like Gecko) Chrome/56.0.2924.87 Safari/537.36', 1488781854),
(601, 1, 'Usuário se desconectou do console do operador. Tempo ativo: 00:00:04', '127.0.0.1', 'Mozilla/5.0 (Macintosh; Intel Mac OS X 10_12_3) AppleWebKit/537.36 (KHTML, like Gecko) Chrome/56.0.2924.87 Safari/537.36', 1488781858),
(602, 1, 'Usuário se conectou no console do operador', '127.0.0.1', 'Mozilla/5.0 (Macintosh; Intel Mac OS X 10_12_3) AppleWebKit/537.36 (KHTML, like Gecko) Chrome/56.0.2924.87 Safari/537.36', 1488781861),
(603, 1, 'Usuário se desconectou do console do operador. Tempo ativo: 00:00:11', '127.0.0.1', 'Mozilla/5.0 (Macintosh; Intel Mac OS X 10_12_3) AppleWebKit/537.36 (KHTML, like Gecko) Chrome/56.0.2924.87 Safari/537.36', 1488781872),
(604, 1, 'Usuário se conectou no console do operador', '127.0.0.1', 'Mozilla/5.0 (Macintosh; Intel Mac OS X 10_12_3) AppleWebKit/537.36 (KHTML, like Gecko) Chrome/56.0.2924.87 Safari/537.36', 1488781874),
(605, 1, 'Usuário se desconectou do console do operador. Tempo ativo: 00:00:04', '127.0.0.1', 'Mozilla/5.0 (Macintosh; Intel Mac OS X 10_12_3) AppleWebKit/537.36 (KHTML, like Gecko) Chrome/56.0.2924.87 Safari/537.36', 1488781878),
(606, 1, 'Usuário se conectou no console do operador', '127.0.0.1', 'Mozilla/5.0 (Macintosh; Intel Mac OS X 10_12_3) AppleWebKit/537.36 (KHTML, like Gecko) Chrome/56.0.2924.87 Safari/537.36', 1488781880),
(607, 52, 'Consulta de 02:46:32 com o Operador #47 "Negro" Iniciada', '127.0.0.1', '', 1488781915),
(608, 1, 'Consulta de 02:46:32 com o Usuário #52 "Josue O Mane" Iniciada', '127.0.0.1', '', 1488781915),
(609, 1, 'Usuário se desconectou do console do operador. Tempo ativo: 00:02:17', '127.0.0.1', 'Mozilla/5.0 (Macintosh; Intel Mac OS X 10_12_3) AppleWebKit/537.36 (KHTML, like Gecko) Chrome/56.0.2924.87 Safari/537.36', 1488782017),
(610, 1, 'Usuário se conectou no console do operador', '127.0.0.1', 'Mozilla/5.0 (Macintosh; Intel Mac OS X 10_12_3) AppleWebKit/537.36 (KHTML, like Gecko) Chrome/56.0.2924.87 Safari/537.36', 1488782019),
(611, 1, 'Usuário se desconectou do console do operador. Tempo ativo: 00:00:04', '127.0.0.1', 'Mozilla/5.0 (Macintosh; Intel Mac OS X 10_12_3) AppleWebKit/537.36 (KHTML, like Gecko) Chrome/56.0.2924.87 Safari/537.36', 1488782023),
(612, 1, 'Usuário se conectou no console do operador', '127.0.0.1', 'Mozilla/5.0 (Macintosh; Intel Mac OS X 10_12_3) AppleWebKit/537.36 (KHTML, like Gecko) Chrome/56.0.2924.87 Safari/537.36', 1488782027),
(613, 1, 'Usuário se desconectou do console do operador. Tempo ativo: 00:00:26', '127.0.0.1', 'Mozilla/5.0 (Macintosh; Intel Mac OS X 10_12_3) AppleWebKit/537.36 (KHTML, like Gecko) Chrome/56.0.2924.87 Safari/537.36', 1488782053),
(614, 1, 'Usuário se conectou no console do operador', '127.0.0.1', 'Mozilla/5.0 (Macintosh; Intel Mac OS X 10_12_3) AppleWebKit/537.36 (KHTML, like Gecko) Chrome/56.0.2924.87 Safari/537.36', 1488782055),
(615, 1, 'Usuário se desconectou do console do operador. Tempo ativo: 00:00:05', '127.0.0.1', 'Mozilla/5.0 (Macintosh; Intel Mac OS X 10_12_3) AppleWebKit/537.36 (KHTML, like Gecko) Chrome/56.0.2924.87 Safari/537.36', 1488782060),
(616, 1, 'Usuário se conectou no console do operador', '127.0.0.1', 'Mozilla/5.0 (Macintosh; Intel Mac OS X 10_12_3) AppleWebKit/537.36 (KHTML, like Gecko) Chrome/56.0.2924.87 Safari/537.36', 1488782061),
(617, 52, 'Consulta de 02:46:32 com o Operador #47 "Negro" Iniciada', '127.0.0.1', '', 1488782122),
(618, 1, 'Consulta de 02:46:32 com o Usuário #52 "Josue O Mane" Iniciada', '127.0.0.1', '', 1488782122),
(619, 1, 'Usuário se desconectou do console do operador. Tempo ativo: 00:20:46', '127.0.0.1', 'Mozilla/5.0 (Macintosh; Intel Mac OS X 10_12_3) AppleWebKit/537.36 (KHTML, like Gecko) Chrome/56.0.2924.87 Safari/537.36', 1488783307),
(620, 1, 'Usuário se conectou no console do operador', '127.0.0.1', 'Mozilla/5.0 (Macintosh; Intel Mac OS X 10_12_3) AppleWebKit/537.36 (KHTML, like Gecko) Chrome/56.0.2924.87 Safari/537.36', 1488783309),
(621, 1, 'Usuário se desconectou do console do operador. Tempo ativo: 00:00:05', '127.0.0.1', 'Mozilla/5.0 (Macintosh; Intel Mac OS X 10_12_3) AppleWebKit/537.36 (KHTML, like Gecko) Chrome/56.0.2924.87 Safari/537.36', 1488783314),
(622, 1, 'Usuário se conectou no console do operador', '127.0.0.1', 'Mozilla/5.0 (Macintosh; Intel Mac OS X 10_12_3) AppleWebKit/537.36 (KHTML, like Gecko) Chrome/56.0.2924.87 Safari/537.36', 1488783315),
(623, 52, 'Consulta de 02:46:32 com o Operador #47 "Negro" Iniciada', '127.0.0.1', '', 1488783331),
(624, 1, 'Consulta de 02:46:32 com o Usuário #52 "Josue O Mane" Iniciada', '127.0.0.1', '', 1488783331),
(625, 82, 'Usuário Logado', '127.0.0.1', 'Mozilla/5.0 (Macintosh; Intel Mac OS X 10_12_3) AppleWebKit/537.36 (KHTML, like Gecko) Chrome/56.0.2924.87 Safari/537.36', 1488783840),
(626, 82, 'Consulta de 00:53:38 com o Operador #51 "Sequi Corporis." Iniciada', '127.0.0.1', '', 1488783853),
(627, 1, 'Consulta de 00:53:38 com o Usuário #82 "Jose Mane" Iniciada', '127.0.0.1', '', 1488783853),
(628, 82, 'Consulta com um total de 00:02:17 com o Operador #51 "Sequi Corporis." Finalizada', '127.0.0.1', '', 1488783991),
(629, 1, 'Consulta com um total de 00:02:17 com o Usuário #82 "Jose Mane" Finalizada', '127.0.0.1', '', 1488783991),
(630, 82, 'Consulta de 00:51:21 com o Operador #51 "Sequi Corporis." Iniciada', '127.0.0.1', '', 1488783997),
(631, 1, 'Consulta de 00:51:21 com o Usuário #82 "Jose Mane" Iniciada', '127.0.0.1', '', 1488783997),
(632, 1, 'Usuário se desconectou do console do operador. Tempo ativo: 00:15:53', '127.0.0.1', 'Mozilla/5.0 (Macintosh; Intel Mac OS X 10_12_3) AppleWebKit/537.36 (KHTML, like Gecko) Chrome/56.0.2924.87 Safari/537.36', 1488784268),
(633, 1, 'Usuário se conectou no console do operador', '127.0.0.1', 'Mozilla/5.0 (Macintosh; Intel Mac OS X 10_12_3) AppleWebKit/537.36 (KHTML, like Gecko) Chrome/56.0.2924.87 Safari/537.36', 1488784272),
(634, 1, 'Usuário se desconectou do console do operador. Tempo ativo: 00:00:02', '127.0.0.1', 'Mozilla/5.0 (Macintosh; Intel Mac OS X 10_12_3) AppleWebKit/537.36 (KHTML, like Gecko) Chrome/56.0.2924.87 Safari/537.36', 1488784274),
(635, 1, 'Usuário se conectou no console do operador', '127.0.0.1', 'Mozilla/5.0 (Macintosh; Intel Mac OS X 10_12_3) AppleWebKit/537.36 (KHTML, like Gecko) Chrome/56.0.2924.87 Safari/537.36', 1488784276),
(636, 52, 'Consulta de 02:46:32 com o Operador #47 "Negro" Iniciada', '127.0.0.1', '', 1488784304),
(637, 1, 'Consulta de 02:46:32 com o Usuário #52 "Josue O Mane" Iniciada', '127.0.0.1', '', 1488784304),
(638, 1, 'Usuário se desconectou do console do operador. Tempo ativo: 00:04:48', '127.0.0.1', 'Mozilla/5.0 (Macintosh; Intel Mac OS X 10_12_3) AppleWebKit/537.36 (KHTML, like Gecko) Chrome/56.0.2924.87 Safari/537.36', 1488784564),
(639, 1, 'Usuário se conectou no console do operador', '127.0.0.1', 'Mozilla/5.0 (Macintosh; Intel Mac OS X 10_12_3) AppleWebKit/537.36 (KHTML, like Gecko) Chrome/56.0.2924.87 Safari/537.36', 1488784568),
(640, 1, 'Usuário se desconectou do console do operador. Tempo ativo: 00:00:03', '127.0.0.1', 'Mozilla/5.0 (Macintosh; Intel Mac OS X 10_12_3) AppleWebKit/537.36 (KHTML, like Gecko) Chrome/56.0.2924.87 Safari/537.36', 1488784571),
(641, 1, 'Usuário se conectou no console do operador', '127.0.0.1', 'Mozilla/5.0 (Macintosh; Intel Mac OS X 10_12_3) AppleWebKit/537.36 (KHTML, like Gecko) Chrome/56.0.2924.87 Safari/537.36', 1488784573),
(642, 52, 'Consulta de 02:46:32 com o Operador #47 "Negro" Iniciada', '127.0.0.1', '', 1488784587),
(643, 1, 'Consulta de 02:46:32 com o Usuário #52 "Josue O Mane" Iniciada', '127.0.0.1', '', 1488784587),
(644, 52, 'Consulta com um total de 00:02:03 com o Operador #47 "Negro" Finalizada', '127.0.0.1', '', 1488784710),
(645, 1, 'Consulta com um total de 00:02:03 com o Usuário #52 "Josue O Mane" Finalizada', '127.0.0.1', '', 1488784710),
(646, 52, 'Consulta de 02:44:29 com o Operador #47 "Negro" Iniciada', '127.0.0.1', '', 1488784715),
(647, 1, 'Consulta de 02:44:29 com o Usuário #52 "Josue O Mane" Iniciada', '127.0.0.1', '', 1488784715),
(648, 52, 'Consulta com um total de 00:00:51 com o Operador #47 "Negro" Finalizada', '127.0.0.1', '', 1488784765),
(649, 1, 'Consulta com um total de 00:00:51 com o Usuário #52 "Josue O Mane" Finalizada', '127.0.0.1', '', 1488784765),
(650, 52, 'Consulta de 02:43:38 com o Operador #47 "Negro" Iniciada', '127.0.0.1', '', 1488784771),
(651, 1, 'Consulta de 02:43:38 com o Usuário #52 "Josue O Mane" Iniciada', '127.0.0.1', '', 1488784771),
(652, 1, 'Usuário se desconectou do console do operador. Tempo ativo: 00:06:30', '127.0.0.1', 'Mozilla/5.0 (Macintosh; Intel Mac OS X 10_12_3) AppleWebKit/537.36 (KHTML, like Gecko) Chrome/56.0.2924.87 Safari/537.36', 1488784963),
(653, 1, 'Usuário se conectou no console do operador', '127.0.0.1', 'Mozilla/5.0 (Macintosh; Intel Mac OS X 10_12_3) AppleWebKit/537.36 (KHTML, like Gecko) Chrome/56.0.2924.87 Safari/537.36', 1488784966),
(654, 1, 'Usuário se desconectou do console do operador. Tempo ativo: 00:00:03', '127.0.0.1', 'Mozilla/5.0 (Macintosh; Intel Mac OS X 10_12_3) AppleWebKit/537.36 (KHTML, like Gecko) Chrome/56.0.2924.87 Safari/537.36', 1488784969),
(655, 1, 'Usuário se conectou no console do operador', '127.0.0.1', 'Mozilla/5.0 (Macintosh; Intel Mac OS X 10_12_3) AppleWebKit/537.36 (KHTML, like Gecko) Chrome/56.0.2924.87 Safari/537.36', 1488784972),
(656, 52, 'Consulta de 02:43:38 com o Operador #47 "Negro" Iniciada', '127.0.0.1', '', 1488784976),
(657, 1, 'Consulta de 02:43:38 com o Usuário #52 "Josue O Mane" Iniciada', '127.0.0.1', '', 1488784976),
(658, 1, 'Usuário se desconectou do console do operador. Tempo ativo: 00:02:41', '127.0.0.1', 'Mozilla/5.0 (Macintosh; Intel Mac OS X 10_12_3) AppleWebKit/537.36 (KHTML, like Gecko) Chrome/56.0.2924.87 Safari/537.36', 1488785133),
(659, 1, 'Usuário se conectou no console do operador', '127.0.0.1', 'Mozilla/5.0 (Macintosh; Intel Mac OS X 10_12_3) AppleWebKit/537.36 (KHTML, like Gecko) Chrome/56.0.2924.87 Safari/537.36', 1488785134),
(660, 1, 'Usuário se desconectou do console do operador. Tempo ativo: 00:00:05', '127.0.0.1', 'Mozilla/5.0 (Macintosh; Intel Mac OS X 10_12_3) AppleWebKit/537.36 (KHTML, like Gecko) Chrome/56.0.2924.87 Safari/537.36', 1488785139),
(661, 1, 'Usuário se conectou no console do operador', '127.0.0.1', 'Mozilla/5.0 (Macintosh; Intel Mac OS X 10_12_3) AppleWebKit/537.36 (KHTML, like Gecko) Chrome/56.0.2924.87 Safari/537.36', 1488785143),
(662, 1, 'Usuário se desconectou do console do operador. Tempo ativo: 00:00:05', '127.0.0.1', 'Mozilla/5.0 (Macintosh; Intel Mac OS X 10_12_3) AppleWebKit/537.36 (KHTML, like Gecko) Chrome/56.0.2924.87 Safari/537.36', 1488785148),
(663, 1, 'Usuário se conectou no console do operador', '127.0.0.1', 'Mozilla/5.0 (Macintosh; Intel Mac OS X 10_12_3) AppleWebKit/537.36 (KHTML, like Gecko) Chrome/56.0.2924.87 Safari/537.36', 1488785149),
(664, 1, 'Usuário se desconectou do console do operador. Tempo ativo: 00:00:05', '127.0.0.1', 'Mozilla/5.0 (Macintosh; Intel Mac OS X 10_12_3) AppleWebKit/537.36 (KHTML, like Gecko) Chrome/56.0.2924.87 Safari/537.36', 1488785154),
(665, 1, 'Usuário se conectou no console do operador', '127.0.0.1', 'Mozilla/5.0 (Macintosh; Intel Mac OS X 10_12_3) AppleWebKit/537.36 (KHTML, like Gecko) Chrome/56.0.2924.87 Safari/537.36', 1488785157),
(666, 1, 'Usuário se desconectou do console do operador. Tempo ativo: 09:46:20', '127.0.0.1', 'Mozilla/5.0 (Macintosh; Intel Mac OS X 10_12_3) AppleWebKit/537.36 (KHTML, like Gecko) Chrome/56.0.2924.87 Safari/537.36', 1488820337),
(667, 1, 'Usuário se conectou no console do operador', '127.0.0.1', 'Mozilla/5.0 (Macintosh; Intel Mac OS X 10_12_4) AppleWebKit/537.36 (KHTML, like Gecko) Chrome/57.0.2987.133 Safari/537.3', 1491564607),
(668, 1, 'Usuário se conectou no console do operador', '127.0.0.1', 'Mozilla/5.0 (Macintosh; Intel Mac OS X 10_12_4) AppleWebKit/537.36 (KHTML, like Gecko) Chrome/57.0.2987.133 Safari/537.3', 1491566355),
(669, 52, 'Consulta de 02:43:38 com o Operador #51 "Sequi Corporis." Iniciada', '127.0.0.1', '', 1491566378),
(670, 1, 'Consulta de 02:43:38 com o Usuário #52 "Josue O Mane" Iniciada', '127.0.0.1', '', 1491566378),
(671, 52, 'Consulta com um total de 00:00:05 com o Operador #51 "Sequi Corporis." Finalizada', '127.0.0.1', '', 1491566384),
(672, 1, 'Consulta com um total de 00:00:05 com o Usuário #52 "Josue O Mane" Finalizada', '127.0.0.1', '', 1491566384),
(673, 52, 'Consulta de 02:43:33 com o Operador #51 "Sequi Corporis." Iniciada', '127.0.0.1', '', 1491566431),
(674, 1, 'Consulta de 02:43:33 com o Usuário #52 "Josue O Mane" Iniciada', '127.0.0.1', '', 1491566431),
(675, 52, 'Consulta com um total de 00:00:06 com o Operador #51 "Sequi Corporis." Finalizada', '127.0.0.1', '', 1491566437),
(676, 1, 'Consulta com um total de 00:00:06 com o Usuário #52 "Josue O Mane" Finalizada', '127.0.0.1', '', 1491566437),
(677, 52, 'Consulta de 02:43:27 com o Operador #51 "Sequi Corporis." Iniciada', '127.0.0.1', '', 1491566471),
(678, 1, 'Consulta de 02:43:27 com o Usuário #52 "Josue O Mane" Iniciada', '127.0.0.1', '', 1491566471),
(679, 52, 'Consulta com um total de 00:00:04 com o Operador #51 "Sequi Corporis." Finalizada', '127.0.0.1', '', 1491566475),
(680, 1, 'Consulta com um total de 00:00:04 com o Usuário #52 "Josue O Mane" Finalizada', '127.0.0.1', '', 1491566475),
(681, 52, 'Consulta de 02:43:23 com o Operador #51 "Sequi Corporis." Iniciada', '127.0.0.1', '', 1491566487),
(682, 1, 'Consulta de 02:43:23 com o Usuário #52 "Josue O Mane" Iniciada', '127.0.0.1', '', 1491566487),
(683, 52, 'Consulta com um total de 00:00:05 com o Operador #51 "Sequi Corporis." Finalizada', '127.0.0.1', '', 1491566492),
(684, 1, 'Consulta com um total de 00:00:05 com o Usuário #52 "Josue O Mane" Finalizada', '127.0.0.1', '', 1491566492),
(685, 1, 'Usuário se desconectou do console do operador. Tempo ativo: 00:06:32', '127.0.0.1', 'Mozilla/5.0 (Macintosh; Intel Mac OS X 10_12_4) AppleWebKit/537.36 (KHTML, like Gecko) Chrome/57.0.2987.133 Safari/537.3', 1491566747),
(686, 82, 'Pagamento', '127.0.0.1', 'Mozilla/5.0 (Macintosh; Intel Mac OS X 10_12_4) AppleWebKit/537.36 (KHTML, like Gecko) Chrome/58.0.3029.110 Safari/537.3', 1495092670),
(687, 82, 'Pagamento', '127.0.0.1', 'Mozilla/5.0 (Macintosh; Intel Mac OS X 10_12_4) AppleWebKit/537.36 (KHTML, like Gecko) Chrome/58.0.3029.110 Safari/537.3', 1495092678),
(688, 82, 'Pagamento', '127.0.0.1', 'Mozilla/5.0 (Macintosh; Intel Mac OS X 10_12_4) AppleWebKit/537.36 (KHTML, like Gecko) Chrome/58.0.3029.110 Safari/537.3', 1495092729),
(689, 82, 'Pagamento', '127.0.0.1', 'Mozilla/5.0 (Macintosh; Intel Mac OS X 10_12_4) AppleWebKit/537.36 (KHTML, like Gecko) Chrome/58.0.3029.110 Safari/537.3', 1495092748),
(690, 82, 'Pagamento', '127.0.0.1', 'Mozilla/5.0 (Macintosh; Intel Mac OS X 10_12_4) AppleWebKit/537.36 (KHTML, like Gecko) Chrome/58.0.3029.110 Safari/537.3', 1495092812),
(691, 82, 'Pagamento', '127.0.0.1', 'Mozilla/5.0 (Macintosh; Intel Mac OS X 10_12_4) AppleWebKit/537.36 (KHTML, like Gecko) Chrome/58.0.3029.110 Safari/537.3', 1495092906),
(692, 82, 'Pagamento', '127.0.0.1', 'Mozilla/5.0 (Macintosh; Intel Mac OS X 10_12_4) AppleWebKit/537.36 (KHTML, like Gecko) Chrome/58.0.3029.110 Safari/537.3', 1495092953),
(693, 82, 'Pagamento', '127.0.0.1', 'Mozilla/5.0 (Macintosh; Intel Mac OS X 10_12_4) AppleWebKit/537.36 (KHTML, like Gecko) Chrome/58.0.3029.110 Safari/537.3', 1495093070),
(694, 82, 'Pagamento', '127.0.0.1', 'Mozilla/5.0 (Macintosh; Intel Mac OS X 10_12_4) AppleWebKit/537.36 (KHTML, like Gecko) Chrome/58.0.3029.110 Safari/537.3', 1495093324),
(695, 82, 'Pagamento', '127.0.0.1', 'Mozilla/5.0 (Macintosh; Intel Mac OS X 10_12_4) AppleWebKit/537.36 (KHTML, like Gecko) Chrome/58.0.3029.110 Safari/537.3', 1495093595),
(696, 82, 'Pagamento', '127.0.0.1', 'Mozilla/5.0 (Macintosh; Intel Mac OS X 10_12_4) AppleWebKit/537.36 (KHTML, like Gecko) Chrome/58.0.3029.110 Safari/537.3', 1495093749),
(697, 1, 'Pagamento', '127.0.0.1', 'Mozilla/5.0 (Macintosh; Intel Mac OS X 10_12_4) AppleWebKit/537.36 (KHTML, like Gecko) Chrome/58.0.3029.110 Safari/537.3', 1495093845),
(698, 1, 'Pagamento', '127.0.0.1', 'Mozilla/5.0 (Macintosh; Intel Mac OS X 10_12_4) AppleWebKit/537.36 (KHTML, like Gecko) Chrome/58.0.3029.110 Safari/537.3', 1495094128),
(699, 1, 'Pagamento', '127.0.0.1', 'Mozilla/5.0 (Macintosh; Intel Mac OS X 10_12_4) AppleWebKit/537.36 (KHTML, like Gecko) Chrome/58.0.3029.110 Safari/537.3', 1495094511),
(700, 1, 'Pagamento', '127.0.0.1', 'Mozilla/5.0 (Macintosh; Intel Mac OS X 10_12_4) AppleWebKit/537.36 (KHTML, like Gecko) Chrome/58.0.3029.110 Safari/537.3', 1495094640),
(701, 1, 'Pagamento', '127.0.0.1', 'Mozilla/5.0 (Macintosh; Intel Mac OS X 10_12_4) AppleWebKit/537.36 (KHTML, like Gecko) Chrome/58.0.3029.110 Safari/537.3', 1495097487),
(702, 1, 'Pagamento', '127.0.0.1', 'Mozilla/5.0 (Macintosh; Intel Mac OS X 10_12_4) AppleWebKit/537.36 (KHTML, like Gecko) Chrome/58.0.3029.110 Safari/537.3', 1495097581),
(703, 1, 'Pagamento', '127.0.0.1', 'Mozilla/5.0 (Macintosh; Intel Mac OS X 10_12_4) AppleWebKit/537.36 (KHTML, like Gecko) Chrome/58.0.3029.110 Safari/537.3', 1495097637),
(704, 1, 'Pagamento', '127.0.0.1', 'Mozilla/5.0 (Macintosh; Intel Mac OS X 10_12_5) AppleWebKit/537.36 (KHTML, like Gecko) Chrome/58.0.3029.110 Safari/537.3', 1497376970),
(705, 1, 'Pagamento', '127.0.0.1', 'Mozilla/5.0 (Macintosh; Intel Mac OS X 10_12_5) AppleWebKit/537.36 (KHTML, like Gecko) Chrome/58.0.3029.110 Safari/537.3', 1497377020),
(706, 1, 'Pagamento', '127.0.0.1', 'Mozilla/5.0 (Macintosh; Intel Mac OS X 10_12_5) AppleWebKit/537.36 (KHTML, like Gecko) Chrome/58.0.3029.110 Safari/537.3', 1497377043),
(707, 1, 'Pagamento', '127.0.0.1', 'Mozilla/5.0 (Macintosh; Intel Mac OS X 10_12_5) AppleWebKit/537.36 (KHTML, like Gecko) Chrome/58.0.3029.110 Safari/537.3', 1497377080),
(708, 1, 'Pagamento', '127.0.0.1', 'Mozilla/5.0 (Macintosh; Intel Mac OS X 10_12_5) AppleWebKit/537.36 (KHTML, like Gecko) Chrome/58.0.3029.110 Safari/537.3', 1497377108),
(709, 1, 'Pagamento', '127.0.0.1', 'Mozilla/5.0 (Macintosh; Intel Mac OS X 10_12_5) AppleWebKit/537.36 (KHTML, like Gecko) Chrome/58.0.3029.110 Safari/537.3', 1497377142),
(710, 1, 'Pagamento', '127.0.0.1', 'Mozilla/5.0 (Macintosh; Intel Mac OS X 10_12_5) AppleWebKit/537.36 (KHTML, like Gecko) Chrome/58.0.3029.110 Safari/537.3', 1497378554),
(711, 1, 'Pagamento', '127.0.0.1', 'Mozilla/5.0 (Macintosh; Intel Mac OS X 10_12_5) AppleWebKit/537.36 (KHTML, like Gecko) Chrome/58.0.3029.110 Safari/537.3', 1497378615),
(712, 1, 'Pagamento', '127.0.0.1', 'Mozilla/5.0 (Macintosh; Intel Mac OS X 10_12_5) AppleWebKit/537.36 (KHTML, like Gecko) Chrome/58.0.3029.110 Safari/537.3', 1497378647),
(713, 1, 'Pagamento', '127.0.0.1', 'Mozilla/5.0 (Macintosh; Intel Mac OS X 10_12_5) AppleWebKit/537.36 (KHTML, like Gecko) Chrome/58.0.3029.110 Safari/537.3', 1497434747),
(714, 1, 'Pagamento', '127.0.0.1', 'Mozilla/5.0 (Macintosh; Intel Mac OS X 10_12_5) AppleWebKit/537.36 (KHTML, like Gecko) Chrome/58.0.3029.110 Safari/537.3', 1497436364),
(715, 1, 'Pagamento', '127.0.0.1', 'Mozilla/5.0 (Macintosh; Intel Mac OS X 10_12_5) AppleWebKit/537.36 (KHTML, like Gecko) Chrome/58.0.3029.110 Safari/537.3', 1497437462),
(716, 1, 'Pagamento', '127.0.0.1', 'Mozilla/5.0 (Macintosh; Intel Mac OS X 10_12_5) AppleWebKit/537.36 (KHTML, like Gecko) Chrome/58.0.3029.110 Safari/537.3', 1497437483),
(717, 1, 'Pagamento', '127.0.0.1', 'Mozilla/5.0 (Macintosh; Intel Mac OS X 10_12_5) AppleWebKit/537.36 (KHTML, like Gecko) Chrome/58.0.3029.110 Safari/537.3', 1497437758),
(718, 1, 'Pagamento', '127.0.0.1', 'Mozilla/5.0 (Macintosh; Intel Mac OS X 10_12_5) AppleWebKit/537.36 (KHTML, like Gecko) Chrome/58.0.3029.110 Safari/537.3', 1497437849),
(719, 1, 'Pagamento', '127.0.0.1', 'Mozilla/5.0 (Macintosh; Intel Mac OS X 10_12_5) AppleWebKit/537.36 (KHTML, like Gecko) Chrome/58.0.3029.110 Safari/537.3', 1497438302),
(720, 1, 'Usuário Deslogado', '127.0.0.1', 'Mozilla/5.0 (Macintosh; Intel Mac OS X 10_12_5) AppleWebKit/537.36 (KHTML, like Gecko) Chrome/58.0.3029.110 Safari/537.3', 1497439436),
(721, 120, 'Usuário Cadastrado', '127.0.0.1', 'Mozilla/5.0 (Macintosh; Intel Mac OS X 10_12_5) AppleWebKit/537.36 (KHTML, like Gecko) Chrome/58.0.3029.110 Safari/537.3', 1497439470),
(722, 120, 'Usuário Logado', '127.0.0.1', 'Mozilla/5.0 (Macintosh; Intel Mac OS X 10_12_5) AppleWebKit/537.36 (KHTML, like Gecko) Chrome/58.0.3029.110 Safari/537.3', 1497439470),
(723, 120, 'Usuário Deslogado', '127.0.0.1', 'Mozilla/5.0 (Macintosh; Intel Mac OS X 10_12_5) AppleWebKit/537.36 (KHTML, like Gecko) Chrome/58.0.3029.110 Safari/537.3', 1497439587),
(724, 1, 'Pagamento', '127.0.0.1', 'Mozilla/5.0 (Macintosh; Intel Mac OS X 10_12_5) AppleWebKit/537.36 (KHTML, like Gecko) Chrome/58.0.3029.110 Safari/537.3', 1497441299),
(725, 1, 'Pagamento', '127.0.0.1', 'Mozilla/5.0 (Macintosh; Intel Mac OS X 10_12_5) AppleWebKit/537.36 (KHTML, like Gecko) Chrome/58.0.3029.110 Safari/537.3', 1497441324),
(726, 1, 'Pagamento', '127.0.0.1', 'Mozilla/5.0 (Macintosh; Intel Mac OS X 10_12_5) AppleWebKit/537.36 (KHTML, like Gecko) Chrome/58.0.3029.110 Safari/537.3', 1497441611),
(727, 1, 'Pagamento', '127.0.0.1', 'Mozilla/5.0 (Macintosh; Intel Mac OS X 10_12_5) AppleWebKit/537.36 (KHTML, like Gecko) Chrome/58.0.3029.110 Safari/537.3', 1497441647),
(728, 1, 'Pagamento', '127.0.0.1', 'Mozilla/5.0 (Macintosh; Intel Mac OS X 10_12_5) AppleWebKit/537.36 (KHTML, like Gecko) Chrome/58.0.3029.110 Safari/537.3', 1497442630),
(729, 1, 'Pagamento', '127.0.0.1', 'Mozilla/5.0 (Macintosh; Intel Mac OS X 10_12_5) AppleWebKit/537.36 (KHTML, like Gecko) Chrome/58.0.3029.110 Safari/537.3', 1497443030),
(730, 1, 'Pagamento', '127.0.0.1', 'Mozilla/5.0 (Macintosh; Intel Mac OS X 10_12_5) AppleWebKit/537.36 (KHTML, like Gecko) Chrome/58.0.3029.110 Safari/537.3', 1497443060),
(731, 1, 'Pagamento', '127.0.0.1', 'Mozilla/5.0 (Macintosh; Intel Mac OS X 10_12_5) AppleWebKit/537.36 (KHTML, like Gecko) Chrome/58.0.3029.110 Safari/537.3', 1497513350),
(732, 120, 'Usuário Deslogado', '127.0.0.1', 'Mozilla/5.0 (Macintosh; Intel Mac OS X 10_12_5) AppleWebKit/537.36 (KHTML, like Gecko) Chrome/58.0.3029.110 Safari/537.3', 1497513755),
(733, 1, 'Pagamento', '127.0.0.1', 'Mozilla/5.0 (Macintosh; Intel Mac OS X 10_12_5) AppleWebKit/537.36 (KHTML, like Gecko) Chrome/58.0.3029.110 Safari/537.3', 1498258101),
(734, 1, 'Pagamento', '127.0.0.1', 'Mozilla/5.0 (Macintosh; Intel Mac OS X 10_12_5) AppleWebKit/537.36 (KHTML, like Gecko) Chrome/58.0.3029.110 Safari/537.3', 1498258145),
(735, 1, 'Pagamento', '127.0.0.1', 'Mozilla/5.0 (Macintosh; Intel Mac OS X 10_12_5) AppleWebKit/537.36 (KHTML, like Gecko) Chrome/58.0.3029.110 Safari/537.3', 1498258571),
(736, 1, 'Pagamento', '127.0.0.1', 'Mozilla/5.0 (Macintosh; Intel Mac OS X 10_12_5) AppleWebKit/537.36 (KHTML, like Gecko) Chrome/58.0.3029.110 Safari/537.3', 1498258636),
(737, 1, 'Pagamento', '127.0.0.1', 'Mozilla/5.0 (Macintosh; Intel Mac OS X 10_12_5) AppleWebKit/537.36 (KHTML, like Gecko) Chrome/58.0.3029.110 Safari/537.3', 1498258698),
(738, 1, 'Pagamento', '127.0.0.1', 'Mozilla/5.0 (Macintosh; Intel Mac OS X 10_12_5) AppleWebKit/537.36 (KHTML, like Gecko) Chrome/58.0.3029.110 Safari/537.3', 1498258711),
(739, 1, 'Pagamento', '127.0.0.1', 'Mozilla/5.0 (Macintosh; Intel Mac OS X 10_12_5) AppleWebKit/537.36 (KHTML, like Gecko) Chrome/58.0.3029.110 Safari/537.3', 1498258734),
(740, 1, 'Pagamento', '127.0.0.1', 'Mozilla/5.0 (Macintosh; Intel Mac OS X 10_12_5) AppleWebKit/537.36 (KHTML, like Gecko) Chrome/58.0.3029.110 Safari/537.3', 1498258775),
(741, 1, 'Usuário Deslogado', '127.0.0.1', 'Mozilla/5.0 (Macintosh; Intel Mac OS X 10_12_6) AppleWebKit/537.36 (KHTML, like Gecko) Chrome/60.0.3112.90 Safari/537.36', 1502264814),
(742, 1, 'Usuário Logado', '127.0.0.1', 'Mozilla/5.0 (Macintosh; Intel Mac OS X 10_12_6) AppleWebKit/537.36 (KHTML, like Gecko) Chrome/60.0.3112.90 Safari/537.36', 1502264819),
(743, 1, 'Pagamento', '127.0.0.1', 'Mozilla/5.0 (Macintosh; Intel Mac OS X 10_12_6) AppleWebKit/537.36 (KHTML, like Gecko) Chrome/60.0.3112.90 Safari/537.36', 1502271086);

-- --------------------------------------------------------

--
-- Table structure for table `p_widgets`
--

CREATE TABLE `p_widgets` (
  `id` int(11) NOT NULL,
  `title` varchar(255) CHARACTER SET latin1 NOT NULL,
  `description` varchar(156) NOT NULL,
  `show_title` tinyint(1) NOT NULL DEFAULT '0',
  `widget_name` varchar(50) CHARACTER SET latin1 NOT NULL,
  `position` varchar(50) CHARACTER SET latin1 NOT NULL,
  `sort` int(11) NOT NULL DEFAULT '0',
  `has_params` tinyint(1) NOT NULL DEFAULT '0',
  `logged` tinyint(4) NOT NULL DEFAULT '0',
  `guest_only` tinyint(1) NOT NULL DEFAULT '0',
  `active` int(11) NOT NULL DEFAULT '0',
  `target` varchar(25) NOT NULL DEFAULT 'none'
) ENGINE=InnoDB DEFAULT CHARSET=utf8;

--
-- Dumping data for table `p_widgets`
--

INSERT INTO `p_widgets` (`id`, `title`, `description`, `show_title`, `widget_name`, `position`, `sort`, `has_params`, `logged`, `guest_only`, `active`, `target`) VALUES
(79, 'Example', 'Descritption!!!', 0, 'widget_example', 'navbar-top', 1, 1, 0, 0, 0, 'all'),
(80, 'Master Head', '', 0, 'widget_masterhead', 'masterhead', 1, 1, 0, 0, 1, 'selected'),
(84, 'Menu de teste', '', 0, 'widget_menu', 'sidebar-right', 1, 1, 0, 0, 1, 'selected'),
(91, 'First', '', 0, 'widget_content', 'content-bottom', 1, 1, 0, 0, 0, 'selected'),
(92, 'Menu do Topo', '', 0, 'widget_menu', 'topbar-right', 3, 1, 0, 0, 1, 'all'),
(93, 'Menu de Teste 2', '', 0, 'widget_menu', 'sidebar-right', 3, 1, 1, 0, 1, 'none'),
(94, 'Menu de Teste 3', 'Menu de Teste 3', 0, 'widget_menu', 'sidebar-right', 2, 1, 0, 0, 1, 'none'),
(95, 'Html', '', 0, 'widget_html', 'content-bottom', 2, 1, 0, 0, 1, 'selected'),
(96, 'Rodape 1', '', 0, 'widget_menu', 'footer-1', 4, 1, 0, 0, 1, 'all'),
(97, 'Footer 2', '', 0, 'widget_menu', 'footer-2', 5, 1, 0, 0, 1, 'all'),
(98, 'Midias Sociais', '', 0, 'widget_html', 'footer-4', 3, 1, 0, 0, 1, 'all');

-- --------------------------------------------------------

--
-- Table structure for table `p_widgets_link`
--

CREATE TABLE `p_widgets_link` (
  `id` int(11) NOT NULL,
  `widget_id` int(11) NOT NULL,
  `route_id` int(11) UNSIGNED NOT NULL
) ENGINE=InnoDB DEFAULT CHARSET=utf8;

--
-- Dumping data for table `p_widgets_link`
--

INSERT INTO `p_widgets_link` (`id`, `widget_id`, `route_id`) VALUES
(556, 91, 1),
(557, 95, 1),
(599, 80, 1),
(600, 84, 128);

-- --------------------------------------------------------

--
-- Table structure for table `p_widgets_params`
--

CREATE TABLE `p_widgets_params` (
  `id` int(11) NOT NULL,
  `widget_id` int(11) NOT NULL,
  `param_name` varchar(100) CHARACTER SET latin1 NOT NULL,
  `param_value` varchar(255) CHARACTER SET latin1 DEFAULT NULL
) ENGINE=InnoDB DEFAULT CHARSET=utf8;

--
-- Dumping data for table `p_widgets_params`
--

INSERT INTO `p_widgets_params` (`id`, `widget_id`, `param_name`, `param_value`) VALUES
(33, 79, 'category_id', '1'),
(34, 79, 'teste_id', 'Teste 3'),
(44, 84, 'title', 'Menu de teste'),
(45, 84, 'show_menu_title', 'on'),
(46, 84, 'menu_group_id', '1'),
(50, 91, 'article_id', '55'),
(51, 91, 'icon', ''),
(52, 91, 'title', ''),
(53, 92, 'title', ''),
(54, 92, 'show_menu_title', NULL),
(55, 92, 'menu_group_id', '4'),
(56, 93, 'title', 'Menu de Teste 2'),
(57, 93, 'show_menu_title', 'on'),
(58, 93, 'menu_group_id', '1'),
(59, 94, 'title', 'Menu de Teste 3'),
(60, 94, 'show_menu_title', 'on'),
(61, 94, 'menu_group_id', '1'),
(62, 95, 'file_name', 'block_1'),
(63, 96, 'title', 'Institucional!!!'),
(64, 96, 'show_menu_title', 'on'),
(65, 96, 'menu_group_id', '3'),
(66, 97, 'title', 'Especialidades'),
(67, 97, 'show_menu_title', 'on'),
(68, 97, 'menu_group_id', '11'),
(69, 98, 'file_name', 'social_footer');

--
-- Indexes for dumped tables
--

--
-- Indexes for table `p_auditoria`
--
ALTER TABLE `p_auditoria`
  ADD PRIMARY KEY (`id`);

--
-- Indexes for table `p_categorias`
--
ALTER TABLE `p_categorias`
  ADD PRIMARY KEY (`id`);

--
-- Indexes for table `p_categorias_link`
--
ALTER TABLE `p_categorias_link`
  ADD PRIMARY KEY (`id`),
  ADD KEY `catid` (`catid`),
  ADD KEY `pagid` (`pagid`);

--
-- Indexes for table `p_chat_params`
--
ALTER TABLE `p_chat_params`
  ADD PRIMARY KEY (`id`),
  ADD KEY `user_id` (`user_id`);

--
-- Indexes for table `p_componentes`
--
ALTER TABLE `p_componentes`
  ADD PRIMARY KEY (`id`);

--
-- Indexes for table `p_especialidades`
--
ALTER TABLE `p_especialidades`
  ADD PRIMARY KEY (`id`);

--
-- Indexes for table `p_especialidades_link`
--
ALTER TABLE `p_especialidades_link`
  ADD PRIMARY KEY (`id`);

--
-- Indexes for table `p_faq`
--
ALTER TABLE `p_faq`
  ADD PRIMARY KEY (`id`),
  ADD KEY `category_id` (`category_id`);

--
-- Indexes for table `p_faq_categories`
--
ALTER TABLE `p_faq_categories`
  ADD PRIMARY KEY (`id`);

--
-- Indexes for table `p_groups`
--
ALTER TABLE `p_groups`
  ADD PRIMARY KEY (`id`);

--
-- Indexes for table `p_horoscopo`
--
ALTER TABLE `p_horoscopo`
  ADD PRIMARY KEY (`id`);

--
-- Indexes for table `p_landing`
--
ALTER TABLE `p_landing`
  ADD PRIMARY KEY (`id`);

--
-- Indexes for table `p_login_attempts`
--
ALTER TABLE `p_login_attempts`
  ADD PRIMARY KEY (`id`);

--
-- Indexes for table `p_menu`
--
ALTER TABLE `p_menu`
  ADD PRIMARY KEY (`id`);

--
-- Indexes for table `p_menu_grupos`
--
ALTER TABLE `p_menu_grupos`
  ADD PRIMARY KEY (`id`);

--
-- Indexes for table `p_menu_link`
--
ALTER TABLE `p_menu_link`
  ADD PRIMARY KEY (`id`);

--
-- Indexes for table `p_messages`
--
ALTER TABLE `p_messages`
  ADD PRIMARY KEY (`id`);

--
-- Indexes for table `p_messages_folders`
--
ALTER TABLE `p_messages_folders`
  ADD PRIMARY KEY (`id`);

--
-- Indexes for table `p_operators`
--
ALTER TABLE `p_operators`
  ADD PRIMARY KEY (`id`),
  ADD KEY `user_id` (`user_id`);

--
-- Indexes for table `p_operators_bank`
--
ALTER TABLE `p_operators_bank`
  ADD PRIMARY KEY (`id`),
  ADD KEY `user_id` (`user_id`);

--
-- Indexes for table `p_operators_skills`
--
ALTER TABLE `p_operators_skills`
  ADD PRIMARY KEY (`id`);

--
-- Indexes for table `p_operators_skills_link`
--
ALTER TABLE `p_operators_skills_link`
  ADD PRIMARY KEY (`id`),
  ADD KEY `skill_id` (`skill_id`),
  ADD KEY `operator_id` (`operator_id`);

--
-- Indexes for table `p_operators_status_logs`
--
ALTER TABLE `p_operators_status_logs`
  ADD PRIMARY KEY (`id`),
  ADD KEY `user_id` (`user_id`),
  ADD KEY `operator_id` (`operator_id`);

--
-- Indexes for table `p_operators_subjects`
--
ALTER TABLE `p_operators_subjects`
  ADD PRIMARY KEY (`id`);

--
-- Indexes for table `p_operators_subjects_link`
--
ALTER TABLE `p_operators_subjects_link`
  ADD PRIMARY KEY (`id`),
  ADD KEY `subject_id` (`subject_id`),
  ADD KEY `operator_id` (`operator_id`);

--
-- Indexes for table `p_paginas`
--
ALTER TABLE `p_paginas`
  ADD PRIMARY KEY (`id`),
  ADD KEY `categoria` (`categoria`),
  ADD KEY `categoria_2` (`categoria`);

--
-- Indexes for table `p_payments`
--
ALTER TABLE `p_payments`
  ADD PRIMARY KEY (`id`),
  ADD KEY `clid` (`user_id`),
  ADD KEY `product_id` (`product_id`);

--
-- Indexes for table `p_products`
--
ALTER TABLE `p_products`
  ADD PRIMARY KEY (`id`),
  ADD KEY `category_id` (`category_id`);

--
-- Indexes for table `p_products_category`
--
ALTER TABLE `p_products_category`
  ADD PRIMARY KEY (`id`);

--
-- Indexes for table `p_ratings`
--
ALTER TABLE `p_ratings`
  ADD PRIMARY KEY (`id`),
  ADD KEY `opid` (`operator_id`),
  ADD KEY `clid` (`user_id`);

--
-- Indexes for table `p_routes`
--
ALTER TABLE `p_routes`
  ADD PRIMARY KEY (`id`);

--
-- Indexes for table `p_settings`
--
ALTER TABLE `p_settings`
  ADD PRIMARY KEY (`id`);

--
-- Indexes for table `p_todo`
--
ALTER TABLE `p_todo`
  ADD PRIMARY KEY (`id`);

--
-- Indexes for table `p_users_billing_info`
--
ALTER TABLE `p_users_billing_info`
  ADD PRIMARY KEY (`id`),
  ADD KEY `user_id` (`user_id`);

--
-- Indexes for table `p_users_groups`
--
ALTER TABLE `p_users_groups`
  ADD PRIMARY KEY (`id`),
  ADD UNIQUE KEY `uc_users_groups` (`user_id`,`group_id`),
  ADD KEY `fk_users_groups_users1_idx` (`user_id`),
  ADD KEY `fk_users_groups_groups1_idx` (`group_id`);

--
-- Indexes for table `p_users_logs`
--
ALTER TABLE `p_users_logs`
  ADD PRIMARY KEY (`id`),
  ADD KEY `user_id` (`user_id`);

--
-- Indexes for table `p_widgets`
--
ALTER TABLE `p_widgets`
  ADD PRIMARY KEY (`id`);

--
-- Indexes for table `p_widgets_link`
--
ALTER TABLE `p_widgets_link`
  ADD PRIMARY KEY (`id`),
  ADD KEY `modulos_id` (`widget_id`),
  ADD KEY `menu_id` (`route_id`);

--
-- Indexes for table `p_widgets_params`
--
ALTER TABLE `p_widgets_params`
  ADD PRIMARY KEY (`id`);

--
-- AUTO_INCREMENT for dumped tables
--

--
-- AUTO_INCREMENT for table `p_auditoria`
--
ALTER TABLE `p_auditoria`
  MODIFY `id` int(11) NOT NULL AUTO_INCREMENT;
--
-- AUTO_INCREMENT for table `p_categorias`
--
ALTER TABLE `p_categorias`
  MODIFY `id` int(11) NOT NULL AUTO_INCREMENT, AUTO_INCREMENT=3;
--
-- AUTO_INCREMENT for table `p_categorias_link`
--
ALTER TABLE `p_categorias_link`
  MODIFY `id` int(11) NOT NULL AUTO_INCREMENT, AUTO_INCREMENT=48;
--
-- AUTO_INCREMENT for table `p_chat_params`
--
ALTER TABLE `p_chat_params`
  MODIFY `id` int(11) NOT NULL AUTO_INCREMENT, AUTO_INCREMENT=2;
--
-- AUTO_INCREMENT for table `p_componentes`
--
ALTER TABLE `p_componentes`
  MODIFY `id` int(11) NOT NULL AUTO_INCREMENT, AUTO_INCREMENT=65;
--
-- AUTO_INCREMENT for table `p_especialidades`
--
ALTER TABLE `p_especialidades`
  MODIFY `id` int(11) NOT NULL AUTO_INCREMENT;
--
-- AUTO_INCREMENT for table `p_especialidades_link`
--
ALTER TABLE `p_especialidades_link`
  MODIFY `id` int(11) NOT NULL AUTO_INCREMENT;
--
-- AUTO_INCREMENT for table `p_faq`
--
ALTER TABLE `p_faq`
  MODIFY `id` int(11) UNSIGNED NOT NULL AUTO_INCREMENT, AUTO_INCREMENT=13;
--
-- AUTO_INCREMENT for table `p_faq_categories`
--
ALTER TABLE `p_faq_categories`
  MODIFY `id` int(11) UNSIGNED NOT NULL AUTO_INCREMENT, AUTO_INCREMENT=6;
--
-- AUTO_INCREMENT for table `p_groups`
--
ALTER TABLE `p_groups`
  MODIFY `id` mediumint(8) UNSIGNED NOT NULL AUTO_INCREMENT, AUTO_INCREMENT=8;
--
-- AUTO_INCREMENT for table `p_horoscopo`
--
ALTER TABLE `p_horoscopo`
  MODIFY `id` int(11) NOT NULL AUTO_INCREMENT;
--
-- AUTO_INCREMENT for table `p_landing`
--
ALTER TABLE `p_landing`
  MODIFY `id` int(11) UNSIGNED NOT NULL AUTO_INCREMENT, AUTO_INCREMENT=5;
--
-- AUTO_INCREMENT for table `p_login_attempts`
--
ALTER TABLE `p_login_attempts`
  MODIFY `id` int(11) UNSIGNED NOT NULL AUTO_INCREMENT;
--
-- AUTO_INCREMENT for table `p_menu`
--
ALTER TABLE `p_menu`
  MODIFY `id` int(11) NOT NULL AUTO_INCREMENT, AUTO_INCREMENT=137;
--
-- AUTO_INCREMENT for table `p_menu_grupos`
--
ALTER TABLE `p_menu_grupos`
  MODIFY `id` int(11) NOT NULL AUTO_INCREMENT, AUTO_INCREMENT=12;
--
-- AUTO_INCREMENT for table `p_menu_link`
--
ALTER TABLE `p_menu_link`
  MODIFY `id` int(11) NOT NULL AUTO_INCREMENT;
--
-- AUTO_INCREMENT for table `p_messages`
--
ALTER TABLE `p_messages`
  MODIFY `id` int(11) NOT NULL AUTO_INCREMENT, AUTO_INCREMENT=113;
--
-- AUTO_INCREMENT for table `p_messages_folders`
--
ALTER TABLE `p_messages_folders`
  MODIFY `id` int(11) UNSIGNED NOT NULL AUTO_INCREMENT, AUTO_INCREMENT=26;
--
-- AUTO_INCREMENT for table `p_operators`
--
ALTER TABLE `p_operators`
  MODIFY `id` int(11) UNSIGNED NOT NULL AUTO_INCREMENT, AUTO_INCREMENT=68;
--
-- AUTO_INCREMENT for table `p_operators_bank`
--
ALTER TABLE `p_operators_bank`
  MODIFY `id` int(11) NOT NULL AUTO_INCREMENT, AUTO_INCREMENT=25;
--
-- AUTO_INCREMENT for table `p_operators_skills`
--
ALTER TABLE `p_operators_skills`
  MODIFY `id` int(11) UNSIGNED NOT NULL AUTO_INCREMENT, AUTO_INCREMENT=21;
--
-- AUTO_INCREMENT for table `p_operators_skills_link`
--
ALTER TABLE `p_operators_skills_link`
  MODIFY `id` int(11) NOT NULL AUTO_INCREMENT, AUTO_INCREMENT=319;
--
-- AUTO_INCREMENT for table `p_operators_status_logs`
--
ALTER TABLE `p_operators_status_logs`
  MODIFY `id` int(11) UNSIGNED NOT NULL AUTO_INCREMENT, AUTO_INCREMENT=1103;
--
-- AUTO_INCREMENT for table `p_operators_subjects`
--
ALTER TABLE `p_operators_subjects`
  MODIFY `id` int(11) UNSIGNED NOT NULL AUTO_INCREMENT, AUTO_INCREMENT=25;
--
-- AUTO_INCREMENT for table `p_operators_subjects_link`
--
ALTER TABLE `p_operators_subjects_link`
  MODIFY `id` int(11) NOT NULL AUTO_INCREMENT, AUTO_INCREMENT=286;
--
-- AUTO_INCREMENT for table `p_paginas`
--
ALTER TABLE `p_paginas`
  MODIFY `id` int(11) NOT NULL AUTO_INCREMENT, AUTO_INCREMENT=58;
--
-- AUTO_INCREMENT for table `p_payments`
--
ALTER TABLE `p_payments`
  MODIFY `id` int(11) NOT NULL AUTO_INCREMENT, AUTO_INCREMENT=270;
--
-- AUTO_INCREMENT for table `p_products`
--
ALTER TABLE `p_products`
  MODIFY `id` int(11) UNSIGNED NOT NULL AUTO_INCREMENT, AUTO_INCREMENT=13;
--
-- AUTO_INCREMENT for table `p_products_category`
--
ALTER TABLE `p_products_category`
  MODIFY `id` int(11) UNSIGNED NOT NULL AUTO_INCREMENT, AUTO_INCREMENT=4;
--
-- AUTO_INCREMENT for table `p_ratings`
--
ALTER TABLE `p_ratings`
  MODIFY `id` int(11) UNSIGNED NOT NULL AUTO_INCREMENT, AUTO_INCREMENT=116;
--
-- AUTO_INCREMENT for table `p_routes`
--
ALTER TABLE `p_routes`
  MODIFY `id` int(11) UNSIGNED NOT NULL AUTO_INCREMENT, AUTO_INCREMENT=153;
--
-- AUTO_INCREMENT for table `p_settings`
--
ALTER TABLE `p_settings`
  MODIFY `id` int(11) NOT NULL AUTO_INCREMENT, AUTO_INCREMENT=10;
--
-- AUTO_INCREMENT for table `p_todo`
--
ALTER TABLE `p_todo`
  MODIFY `id` int(11) NOT NULL AUTO_INCREMENT;
--
-- AUTO_INCREMENT for table `p_users_billing_info`
--
ALTER TABLE `p_users_billing_info`
  MODIFY `id` int(11) UNSIGNED NOT NULL AUTO_INCREMENT, AUTO_INCREMENT=13;
--
-- AUTO_INCREMENT for table `p_users_groups`
--
ALTER TABLE `p_users_groups`
  MODIFY `id` int(11) UNSIGNED NOT NULL AUTO_INCREMENT, AUTO_INCREMENT=676;
--
-- AUTO_INCREMENT for table `p_users_logs`
--
ALTER TABLE `p_users_logs`
  MODIFY `id` int(11) UNSIGNED NOT NULL AUTO_INCREMENT, AUTO_INCREMENT=744;
--
-- AUTO_INCREMENT for table `p_widgets`
--
ALTER TABLE `p_widgets`
  MODIFY `id` int(11) NOT NULL AUTO_INCREMENT, AUTO_INCREMENT=99;
--
-- AUTO_INCREMENT for table `p_widgets_link`
--
ALTER TABLE `p_widgets_link`
  MODIFY `id` int(11) NOT NULL AUTO_INCREMENT, AUTO_INCREMENT=601;
--
-- AUTO_INCREMENT for table `p_widgets_params`
--
ALTER TABLE `p_widgets_params`
  MODIFY `id` int(11) NOT NULL AUTO_INCREMENT, AUTO_INCREMENT=70;
--
-- Constraints for dumped tables
--

--
-- Constraints for table `p_categorias_link`
--
ALTER TABLE `p_categorias_link`
  ADD CONSTRAINT `p_categorias_link_ibfk_1` FOREIGN KEY (`catid`) REFERENCES `p_categorias` (`id`) ON DELETE CASCADE ON UPDATE CASCADE,
  ADD CONSTRAINT `p_categorias_link_ibfk_2` FOREIGN KEY (`pagid`) REFERENCES `p_paginas` (`id`) ON DELETE CASCADE ON UPDATE CASCADE;

--
-- Constraints for table `p_chat_params`
--
ALTER TABLE `p_chat_params`
  ADD CONSTRAINT `p_chat_params_ibfk_1` FOREIGN KEY (`user_id`) REFERENCES `p_users` (`id`) ON DELETE CASCADE ON UPDATE NO ACTION;

--
-- Constraints for table `p_faq`
--
ALTER TABLE `p_faq`
  ADD CONSTRAINT `p_faq_ibfk_1` FOREIGN KEY (`category_id`) REFERENCES `p_faq_categories` (`id`) ON DELETE CASCADE ON UPDATE NO ACTION;

--
-- Constraints for table `p_operators`
--
ALTER TABLE `p_operators`
  ADD CONSTRAINT `p_operators_ibfk_1` FOREIGN KEY (`user_id`) REFERENCES `p_users` (`id`) ON DELETE CASCADE ON UPDATE CASCADE;

--
-- Constraints for table `p_operators_bank`
--
ALTER TABLE `p_operators_bank`
  ADD CONSTRAINT `p_operators_bank_ibfk_1` FOREIGN KEY (`user_id`) REFERENCES `p_users` (`id`) ON DELETE CASCADE ON UPDATE NO ACTION;

--
-- Constraints for table `p_operators_skills_link`
--
ALTER TABLE `p_operators_skills_link`
  ADD CONSTRAINT `p_operators_skills_link_ibfk_1` FOREIGN KEY (`operator_id`) REFERENCES `p_operators` (`id`) ON DELETE CASCADE ON UPDATE NO ACTION,
  ADD CONSTRAINT `p_operators_skills_link_ibfk_2` FOREIGN KEY (`skill_id`) REFERENCES `p_operators_skills` (`id`) ON DELETE CASCADE ON UPDATE NO ACTION;

--
-- Constraints for table `p_operators_status_logs`
--
ALTER TABLE `p_operators_status_logs`
  ADD CONSTRAINT `p_operators_status_logs_ibfk_1` FOREIGN KEY (`user_id`) REFERENCES `p_users` (`id`) ON DELETE CASCADE ON UPDATE NO ACTION,
  ADD CONSTRAINT `p_operators_status_logs_ibfk_2` FOREIGN KEY (`operator_id`) REFERENCES `p_operators` (`id`) ON DELETE CASCADE ON UPDATE NO ACTION;

--
-- Constraints for table `p_operators_subjects_link`
--
ALTER TABLE `p_operators_subjects_link`
  ADD CONSTRAINT `p_operators_subjects_link_ibfk_1` FOREIGN KEY (`operator_id`) REFERENCES `p_operators` (`id`) ON DELETE CASCADE ON UPDATE NO ACTION,
  ADD CONSTRAINT `p_operators_subjects_link_ibfk_2` FOREIGN KEY (`subject_id`) REFERENCES `p_operators_subjects` (`id`) ON DELETE CASCADE ON UPDATE NO ACTION;

--
-- Constraints for table `p_paginas`
--
ALTER TABLE `p_paginas`
  ADD CONSTRAINT `p_paginas_ibfk_1` FOREIGN KEY (`categoria`) REFERENCES `p_categorias` (`id`) ON DELETE SET NULL ON UPDATE NO ACTION;

--
-- Constraints for table `p_payments`
--
ALTER TABLE `p_payments`
  ADD CONSTRAINT `p_payments_ibfk_1` FOREIGN KEY (`user_id`) REFERENCES `p_users` (`id`) ON DELETE SET NULL ON UPDATE NO ACTION,
  ADD CONSTRAINT `p_payments_ibfk_2` FOREIGN KEY (`product_id`) REFERENCES `p_products` (`id`) ON DELETE SET NULL ON UPDATE NO ACTION;

--
-- Constraints for table `p_products`
--
ALTER TABLE `p_products`
  ADD CONSTRAINT `p_products_ibfk_1` FOREIGN KEY (`category_id`) REFERENCES `p_products_category` (`id`) ON DELETE SET NULL ON UPDATE NO ACTION;

--
-- Constraints for table `p_ratings`
--
ALTER TABLE `p_ratings`
  ADD CONSTRAINT `p_ratings_ibfk_1` FOREIGN KEY (`user_id`) REFERENCES `p_users` (`id`) ON DELETE SET NULL ON UPDATE NO ACTION,
  ADD CONSTRAINT `p_ratings_ibfk_2` FOREIGN KEY (`operator_id`) REFERENCES `p_operators` (`id`) ON DELETE CASCADE ON UPDATE NO ACTION;

--
-- Constraints for table `p_users_billing_info`
--
ALTER TABLE `p_users_billing_info`
  ADD CONSTRAINT `p_users_billing_info_ibfk_1` FOREIGN KEY (`user_id`) REFERENCES `p_users` (`id`) ON DELETE CASCADE ON UPDATE NO ACTION;

--
-- Constraints for table `p_users_groups`
--
ALTER TABLE `p_users_groups`
  ADD CONSTRAINT `fk_users_groups_groups1` FOREIGN KEY (`group_id`) REFERENCES `p_groups` (`id`) ON DELETE CASCADE ON UPDATE NO ACTION,
  ADD CONSTRAINT `fk_users_groups_users1` FOREIGN KEY (`user_id`) REFERENCES `p_users` (`id`) ON DELETE CASCADE ON UPDATE NO ACTION;

--
-- Constraints for table `p_users_logs`
--
ALTER TABLE `p_users_logs`
  ADD CONSTRAINT `p_users_logs_ibfk_1` FOREIGN KEY (`user_id`) REFERENCES `p_users` (`id`) ON DELETE CASCADE ON UPDATE NO ACTION;

--
-- Constraints for table `p_widgets_link`
--
ALTER TABLE `p_widgets_link`
  ADD CONSTRAINT `p_widgets_link_ibfk_1` FOREIGN KEY (`widget_id`) REFERENCES `p_widgets` (`id`) ON DELETE CASCADE ON UPDATE NO ACTION,
  ADD CONSTRAINT `p_widgets_link_ibfk_2` FOREIGN KEY (`route_id`) REFERENCES `p_routes` (`id`) ON DELETE CASCADE ON UPDATE NO ACTION;

